{"id":925,"date":"2018-11-22T16:17:03","date_gmt":"2018-11-22T16:17:03","guid":{"rendered":"http:\/\/www.related.dk\/macao-tradekit\/forside\/"},"modified":"2018-11-23T13:11:23","modified_gmt":"2018-11-23T13:11:23","slug":"forside","status":"publish","type":"page","link":"https:\/\/www.related.dk\/macao-tradekit\/forside\/?lang=no","title":{"rendered":"Forside"},"content":{"rendered":"<div class=\"vce-row-container\"><div class=\"vce-row vce-row--col-gap-30 vce-row-columns--top vce-row-content--top\" id=\"el-6da66f22\" data-vce-do-apply=\"all el-6da66f22\"><div class=\"vce-row-content\" data-vce-element-content=\"true\"><div class=\"vce-col vce-col--md-auto vce-col--xs-1 vce-col--xs-last vce-col--xs-first vce-col--sm-last vce-col--sm-first vce-col--md-last vce-col--lg-last vce-col--xl-last vce-col--md-first vce-col--lg-first vce-col--xl-first\" id=\"el-3192a10e\" data-vce-do-apply=\"background border el-3192a10e\"><div class=\"vce-col-inner\" data-vce-element-content=\"true\" data-vce-do-apply=\"padding margin  el-3192a10e\"><section class=\"vce-hero-section-container vce-hero-section-media--xs vce-hero-section-media--sm vce-hero-section-media--md vce-hero-section-media--lg\"><div class=\"vce vce-hero-section vce-hero-section--alignment-start\" id=\"el-7e6e2b4c\" data-vce-do-apply=\"margin background border  el-7e6e2b4c\"><div class=\"vce-hero-section--wrap-row vce-hero-section--background-position-center-center\" style=\"background-image: url('https:\/\/www.related.dk\/macao-tradekit\/wp-content\/uploads\/2018\/11\/MTB_Jacob_Photo-30-1.jpg');\"><div class=\"vce-hero-section--wrap\"><div class=\"vce-hero-section--content\" data-vce-do-apply=\"padding el-7e6e2b4c\"><div class=\"vce-hero-section--content-container\"><h1>&nbsp;<\/h1><h1><strong>MACAO TRADE KIT<\/strong><\/h1><\/div><\/div><\/div><\/div><\/div><\/section><\/div><\/div><\/div><\/div><\/div><div class=\"vce-row-container\"><div class=\"vce-row vce-row--col-gap-30 vce-row-columns--top vce-row-content--top\" id=\"el-a76f08c9\" data-vce-do-apply=\"all el-a76f08c9\"><div class=\"vce-row-content\" data-vce-element-content=\"true\"><div class=\"vce-col vce-col--md-auto vce-col--xs-1 vce-col--xs-last vce-col--xs-first vce-col--sm-last vce-col--sm-first vce-col--md-last vce-col--lg-last vce-col--xl-last vce-col--md-first vce-col--lg-first vce-col--xl-first\" id=\"el-ba738941\" data-vce-do-apply=\"background border el-ba738941\"><div class=\"vce-col-inner\" data-vce-element-content=\"true\" data-vce-do-apply=\"padding margin  el-ba738941\"><div class=\"vce-text-block\"><div class=\"vce-text-block-wrapper vce\" id=\"el-2240910c\" data-vce-do-apply=\"all el-2240910c\"><h2>Velkommen til Macao, Asias underholdningsmetropol!<\/h2><p>Uansett om du bes\u00f8ker Hongkong p\u00e5 forretningsreise, storbyferie eller i forbindelse med en mellomlanding p\u00e5 en lengre reise, m\u00e5 du ikke g\u00e5 glipp av den asiatiske underholdningsmetropolen Macao. \u00d8ystaten, som i 400 \u00e5r var under portugisisk administrasjon, ligger bare en time fra Hongkong og skjuler fantastisk gastronomi, unik kulturhistorie og underholdning i verdensklasse.<\/p><p>Du kan for eksempel utforske det fascinerende historiske sentrumet, som har kommet med p\u00e5 UNESCOs verdensarvliste og har en unik blanding av portugisisk og asiatisk kultur og arkitektur. Du kan ogs\u00e5 g\u00e5 p\u00e5 oppdagelse blant 19 Michelin-restauranter og 12 Michelin-Michelin-anbefalte gatekj\u00f8kken som blander smaker og tilberedningsmetoder fra Kina og Portugal. G\u00e5 p\u00e5 shopping i luksuri\u00f8se kj\u00f8pesentre og p\u00e5 lokale markeder. Og g\u00e5 ikke glipp av de mange showene, forestillingene og kasinoene p\u00e5 de store resortene.<\/p><\/div><\/div><\/div><\/div><\/div><\/div><\/div><div class=\"vce-row-container\"><div class=\"vce-row vce-row--col-gap-30 vce-row-columns--top vce-row-content--top\" id=\"el-ad431a65\" data-vce-do-apply=\"all el-ad431a65\"><div class=\"vce-row-content\" data-vce-element-content=\"true\"><div class=\"vce-col vce-col--md-auto vce-col--xs-1 vce-col--xs-last vce-col--xs-first vce-col--sm-last vce-col--sm-first vce-col--md-last vce-col--lg-last vce-col--xl-last vce-col--md-first vce-col--lg-first vce-col--xl-first\" id=\"el-28d33bbc\" data-vce-do-apply=\"background border el-28d33bbc\"><div class=\"vce-col-inner\" data-vce-element-content=\"true\" data-vce-do-apply=\"padding margin  el-28d33bbc\"><section class=\"vce-hero-section-container vce-hero-section-media--xs vce-hero-section-media--sm vce-hero-section-media--md vce-hero-section-media--lg\"><div class=\"vce vce-hero-section vce-hero-section--alignment-start\" id=\"el-a2d13889\" data-vce-do-apply=\"margin background border  el-a2d13889\"><div class=\"vce-hero-section--wrap-row vce-hero-section--background-position-center-center\" style=\"background-image: url('https:\/\/www.related.dk\/macao-tradekit\/wp-content\/uploads\/2018\/11\/MTB_Jacob_Photo-9926-1.jpg');\"><div class=\"vce-hero-section--wrap\"><div class=\"vce-hero-section--content\" data-vce-do-apply=\"padding el-a2d13889\"><div class=\"vce-hero-section--content-container\"><h1><strong>UNESCO-HISTORIE<\/strong><\/h1><p>For kultur- og historieinteresserte byr Macao p\u00e5 en unik blanding av europeisk og asiatisk kultur og arkitektur, hvor innflytelsen fra b\u00e5de Kina og Portugal er tydelig. I Macaos historiske sentrum, som i 2005 ble tatt med p\u00e5 UNESCOs verdensarvliste, kan du spesielt merke historiens vingesus og g\u00e5 i fotsporene til byens forfedre.<\/p><\/div><div class=\"vce-button--style-outline-container vce-button--style-outline-container--align-left\"><span class=\"vce-button--style-outline-wrapper vce\" id=\"el-f35f4f7f\" data-vce-do-apply=\"margin el-f35f4f7f\"><a class=\"vce-button--style-outline-animated vce-button--style-outline--border-round vce-button--style-outline--size-medium vce-button--style-outline-animated--color-e3e3e3--fff--3d3d3d vce-button--style-outline-animated--border-color-e3e3e3--3d3d3d vce-button--style-outline-animated--background-color-3d3d3d\" href=\"http:\/\/www.related.dk\/macao-tradekit\/opplevelser\/det-historiske-macao\/?lang=no\" title=\"\" data-vce-do-apply=\"padding border background  el-f35f4f7f\"><span class=\"vce-button--style-outline-text\">Les mer <\/span><\/a><\/span><\/div><\/div><\/div><\/div><\/div><\/section><\/div><\/div><\/div><\/div><\/div><div class=\"vce-row-container\"><div class=\"vce-row vce-row--col-gap-30 vce-row-columns--top vce-row-content--top\" id=\"el-8b59b1e4\" data-vce-do-apply=\"all el-8b59b1e4\"><div class=\"vce-row-content\" data-vce-element-content=\"true\"><div class=\"vce-col vce-col--md-auto vce-col--xs-1 vce-col--xs-last vce-col--xs-first vce-col--sm-last vce-col--sm-first vce-col--md-last vce-col--lg-last vce-col--xl-last vce-col--md-first vce-col--lg-first vce-col--xl-first\" id=\"el-badc2040\" data-vce-do-apply=\"background border el-badc2040\"><div class=\"vce-col-inner\" data-vce-element-content=\"true\" data-vce-do-apply=\"padding margin  el-badc2040\"><section class=\"vce-hero-section-container vce-hero-section-media--xs vce-hero-section-media--sm vce-hero-section-media--md vce-hero-section-media--lg\"><div class=\"vce vce-hero-section vce-hero-section--alignment-end\" id=\"el-5bc75662\" data-vce-do-apply=\"margin background border  el-5bc75662\"><div class=\"vce-hero-section--wrap-row vce-hero-section--background-position-center-center\" style=\"background-image: url('https:\/\/www.related.dk\/macao-tradekit\/wp-content\/uploads\/2018\/11\/eiffel_forside.jpg');\"><div class=\"vce-hero-section--wrap\"><div class=\"vce-hero-section--content\" data-vce-do-apply=\"padding el-5bc75662\"><div class=\"vce-hero-section--content-container\"><h1><strong>ASIAS UNDERHOLDNINGS-METROPOL<\/strong><\/h1><p>Som en vaskeekte underholdningsmetropol har Macao selvf\u00f8lgelig kasinoer, show, forestillinger og severdigheter i verdensklasse.<\/p><\/div><div class=\"vce-button--style-outline-container vce-button--style-outline-container--align-right\"><span class=\"vce-button--style-outline-wrapper vce\" id=\"el-4463f23d\" data-vce-do-apply=\"margin el-4463f23d\"><a class=\"vce-button--style-outline-animated vce-button--style-outline--border-round vce-button--style-outline--size-medium vce-button--style-outline-animated--color-e3e3e3--fff--3d3d3d vce-button--style-outline-animated--border-color-e3e3e3--3d3d3d vce-button--style-outline-animated--background-color-3d3d3d\" href=\"http:\/\/www.related.dk\/macao-tradekit\/opplevelser\/de-10-beste-opplevelsene-2\/?lang=no\" title=\"\" data-vce-do-apply=\"padding border background  el-4463f23d\"><span class=\"vce-button--style-outline-text\">Les mer<\/span><\/a><\/span><\/div><\/div><\/div><\/div><\/div><\/section><\/div><\/div><\/div><\/div><\/div><div class=\"vce-row-container\"><div class=\"vce-row vce-row--col-gap-30 vce-row-columns--top vce-row-content--top\" id=\"el-fcd8ba9d\" data-vce-do-apply=\"all el-fcd8ba9d\"><div class=\"vce-row-content\" data-vce-element-content=\"true\"><div class=\"vce-col vce-col--md-auto vce-col--xs-1 vce-col--xs-last vce-col--xs-first vce-col--sm-last vce-col--sm-first vce-col--md-last vce-col--lg-last vce-col--xl-last vce-col--md-first vce-col--lg-first vce-col--xl-first\" id=\"el-b0c15532\" data-vce-do-apply=\"background border el-b0c15532\"><div class=\"vce-col-inner\" data-vce-element-content=\"true\" data-vce-do-apply=\"padding margin  el-b0c15532\"><section class=\"vce-hero-section-container vce-hero-section-media--xs vce-hero-section-media--sm vce-hero-section-media--md vce-hero-section-media--lg\"><div class=\"vce vce-hero-section vce-hero-section--alignment-start\" id=\"el-b3cb68de\" data-vce-do-apply=\"margin background border  el-b3cb68de\"><div class=\"vce-hero-section--wrap-row vce-hero-section--background-position-center-center\" style=\"background-image: url('https:\/\/www.related.dk\/macao-tradekit\/wp-content\/uploads\/2018\/11\/EG3I9012-Edit.jpg');\"><div class=\"vce-hero-section--wrap\"><div class=\"vce-hero-section--content\" data-vce-do-apply=\"padding el-b3cb68de\"><div class=\"vce-hero-section--content-container\"><h1><strong>ASIATISKE TEMPLER<\/strong><\/h1><p>I Macao ligger vestliginspirerte kirker side om side med de tradisjonelle asiatiske templene, noe som symboliserer m\u00f8tet mellom de vestlige og de kinesiske religionene og kulturene samt den religionsfriheten og multikulturelle \u00e5penheten som den dag i dag kjennetegner Macao.<\/p><\/div><div class=\"vce-button--style-outline-container vce-button--style-outline-container--align-left\"><span class=\"vce-button--style-outline-wrapper vce\" id=\"el-78a501a1\" data-vce-do-apply=\"margin el-78a501a1\"><a class=\"vce-button--style-outline-animated vce-button--style-outline--border-round vce-button--style-outline--size-medium vce-button--style-outline-animated--color-e3e3e3--fff--3d3d3d vce-button--style-outline-animated--border-color-e3e3e3--3d3d3d vce-button--style-outline-animated--background-color-3d3d3d\" href=\"http:\/\/www.related.dk\/macao-tradekit\/opplevelser\/3-dager-i-macao\/?lang=no\" title=\"\" data-vce-do-apply=\"padding border background  el-78a501a1\"><span class=\"vce-button--style-outline-text\">Les mer<\/span><\/a><\/span><\/div><\/div><\/div><\/div><\/div><\/section><\/div><\/div><\/div><\/div><\/div><div class=\"vce-row-container\"><div class=\"vce-row vce-row--col-gap-30 vce-row-columns--top vce-row-content--top\" id=\"el-20ba7702\" data-vce-do-apply=\"all el-20ba7702\"><div class=\"vce-row-content\" data-vce-element-content=\"true\"><div class=\"vce-col vce-col--md-auto vce-col--xs-1 vce-col--xs-last vce-col--xs-first vce-col--sm-last vce-col--sm-first vce-col--md-last vce-col--lg-last vce-col--xl-last vce-col--md-first vce-col--lg-first vce-col--xl-first\" id=\"el-3eb6cd67\" data-vce-do-apply=\"background border el-3eb6cd67\"><div class=\"vce-col-inner\" data-vce-element-content=\"true\" data-vce-do-apply=\"padding margin  el-3eb6cd67\"><section class=\"vce-hero-section-container vce-hero-section-media--xs vce-hero-section-media--sm vce-hero-section-media--md vce-hero-section-media--lg\"><div class=\"vce vce-hero-section vce-hero-section--alignment-end\" id=\"el-57371de3\" data-vce-do-apply=\"margin background border  el-57371de3\"><div class=\"vce-hero-section--wrap-row vce-hero-section--background-position-center-center\" style=\"background-image: url('https:\/\/www.related.dk\/macao-tradekit\/wp-content\/uploads\/2018\/11\/DSC07269.jpg');\"><div class=\"vce-hero-section--wrap\"><div class=\"vce-hero-section--content\" data-vce-do-apply=\"padding el-57371de3\"><div class=\"vce-hero-section--content-container\"><h1><strong>MICHELIN-MEKKA<\/strong><\/h1><p>Alle som er glad i mat, b\u00f8r ta en tur til Macao. P\u00e5 godt under 30 kvadratkilometer finner du ikke mindre enn 19 Michelin-restauranter som serverer mat med inspirasjon fra b\u00e5de Asia og Portugal.<\/p><p>Faktisk ble Macao i 2017 tatt opp p\u00e5 UNESCOs liste over \u00abCreative Cities Network\u00bb \u2013 nettopp p\u00e5 grunn av gastronomien.<\/p><\/div><div class=\"vce-button--style-outline-container vce-button--style-outline-container--align-right\"><span class=\"vce-button--style-outline-wrapper vce\" id=\"el-347a74fe\" data-vce-do-apply=\"margin el-347a74fe\"><a class=\"vce-button--style-outline-animated vce-button--style-outline--border-round vce-button--style-outline--size-medium vce-button--style-outline-animated--color-e3e3e3--fff--3d3d3d vce-button--style-outline-animated--border-color-e3e3e3--3d3d3d vce-button--style-outline-animated--background-color-3d3d3d\" href=\"http:\/\/www.related.dk\/macao-tradekit\/macao-for-matglade\/?lang=no\" title=\"\" data-vce-do-apply=\"padding border background  el-347a74fe\"><span class=\"vce-button--style-outline-text\">Les mer<\/span><\/a><\/span><\/div><\/div><\/div><\/div><\/div><\/section><\/div><\/div><\/div><\/div><\/div><div class=\"vce-row-container\"><div class=\"vce-row vce-row--col-gap-30 vce-row-columns--top vce-row-content--top\" id=\"el-e3f1cfd1\" data-vce-do-apply=\"all el-e3f1cfd1\"><div class=\"vce-row-content\" data-vce-element-content=\"true\"><div class=\"vce-col vce-col--md-auto vce-col--xs-1 vce-col--xs-last vce-col--xs-first vce-col--sm-last vce-col--sm-first vce-col--md-last vce-col--lg-last vce-col--xl-last vce-col--md-first vce-col--lg-first vce-col--xl-first\" id=\"el-0f11186e\" data-vce-do-apply=\"background border el-0f11186e\"><div class=\"vce-col-inner\" data-vce-element-content=\"true\" data-vce-do-apply=\"padding margin  el-0f11186e\"><section class=\"vce-hero-section-container vce-hero-section-media--xs vce-hero-section-media--sm vce-hero-section-media--md vce-hero-section-media--lg\"><div class=\"vce vce-hero-section vce-hero-section--alignment-start\" id=\"el-6fc49588\" data-vce-do-apply=\"margin background border  el-6fc49588\"><div class=\"vce-hero-section--wrap-row vce-hero-section--background-position-center-center\" style=\"background-image: url('https:\/\/www.related.dk\/macao-tradekit\/wp-content\/uploads\/2018\/11\/EVENTS_FORSIDE2.jpg');\"><div class=\"vce-hero-section--wrap\"><div class=\"vce-hero-section--content\" data-vce-do-apply=\"padding el-6fc49588\"><div class=\"vce-hero-section--content-container\"><h1><strong>TRADISJONSRIKE FESTIVALER <\/strong><\/h1><p>Nesten uansett n\u00e5r p\u00e5 \u00e5ret du bes\u00f8ker Macao, kan du nesten v\u00e6re sikker p\u00e5 at du f\u00e5r oppleve et arrangement eller en festival som feirer og hyller lokale religioner, kulturer eller tradisjoner.<\/p><\/div><div class=\"vce-button--style-outline-container vce-button--style-outline-container--align-left\"><span class=\"vce-button--style-outline-wrapper vce\" id=\"el-9b9c7680\" data-vce-do-apply=\"margin el-9b9c7680\"><a class=\"vce-button--style-outline-animated vce-button--style-outline--border-round vce-button--style-outline--size-medium vce-button--style-outline-animated--color-e3e3e3--fff--3d3d3d vce-button--style-outline-animated--border-color-e3e3e3--3d3d3d vce-button--style-outline-animated--background-color-3d3d3d\" href=\"http:\/\/www.related.dk\/macao-tradekit\/arrangementer-og-festivaler\/?lang=no\" title=\"\" data-vce-do-apply=\"padding border background  el-9b9c7680\"><span class=\"vce-button--style-outline-text\">Les mer<\/span><\/a><\/span><\/div><\/div><\/div><\/div><\/div><\/section><\/div><\/div><\/div><\/div><\/div>\n","protected":false},"excerpt":{"rendered":"<p>&nbsp;MACAO TRADE KITVelkommen til Macao, Asias underholdningsmetropol!Uansett om du bes\u00f8ker Hongkong p\u00e5 forretningsreise, storbyferie eller i forbindelse med en mellomlanding p\u00e5 en lengre reise, m\u00e5 du ikke g\u00e5 glipp av den asiatiske underholdningsmetropolen Macao. \u00d8ystaten, som i 400 \u00e5r var under portugisisk administrasjon, ligger bare en time fra Hongkong og skjuler fantastisk gastronomi, unik kulturhistorie &hellip; <\/p>\n<p class=\"link-more\"><a href=\"https:\/\/www.related.dk\/macao-tradekit\/forside\/?lang=no\" class=\"more-link\">L\u00e6s videre<span class=\"screen-reader-text\"> &#8220;Forside&#8221;<\/span><\/a><\/p>\n","protected":false},"author":2,"featured_media":0,"parent":0,"menu_order":0,"comment_status":"closed","ping_status":"closed","template":"","meta":[],"_links":{"self":[{"href":"https:\/\/www.related.dk\/macao-tradekit\/wp-json\/wp\/v2\/pages\/925"}],"collection":[{"href":"https:\/\/www.related.dk\/macao-tradekit\/wp-json\/wp\/v2\/pages"}],"about":[{"href":"https:\/\/www.related.dk\/macao-tradekit\/wp-json\/wp\/v2\/types\/page"}],"author":[{"embeddable":true,"href":"https:\/\/www.related.dk\/macao-tradekit\/wp-json\/wp\/v2\/users\/2"}],"replies":[{"embeddable":true,"href":"https:\/\/www.related.dk\/macao-tradekit\/wp-json\/wp\/v2\/comments?post=925"}],"version-history":[{"count":6,"href":"https:\/\/www.related.dk\/macao-tradekit\/wp-json\/wp\/v2\/pages\/925\/revisions"}],"predecessor-version":[{"id":1326,"href":"https:\/\/www.related.dk\/macao-tradekit\/wp-json\/wp\/v2\/pages\/925\/revisions\/1326"}],"wp:attachment":[{"href":"https:\/\/www.related.dk\/macao-tradekit\/wp-json\/wp\/v2\/media?parent=925"}],"curies":[{"name":"wp","href":"https:\/\/api.w.org\/{rel}","templated":true}]}}