{"id":905,"date":"2018-11-22T15:21:17","date_gmt":"2018-11-22T15:21:17","guid":{"rendered":"http:\/\/www.related.dk\/macao-tradekit\/foerstasida\/"},"modified":"2018-11-23T11:19:37","modified_gmt":"2018-11-23T11:19:37","slug":"foerstasida","status":"publish","type":"page","link":"https:\/\/www.related.dk\/macao-tradekit\/foerstasida\/?lang=sv","title":{"rendered":"F\u00f6rstasida"},"content":{"rendered":"<div class=\"vce-row-container\"><div class=\"vce-row vce-row--col-gap-30 vce-row-columns--top vce-row-content--top\" id=\"el-fa461fc3\" data-vce-do-apply=\"all el-fa461fc3\"><div class=\"vce-row-content\" data-vce-element-content=\"true\"><div class=\"vce-col vce-col--md-auto vce-col--xs-1 vce-col--xs-last vce-col--xs-first vce-col--sm-last vce-col--sm-first vce-col--md-last vce-col--lg-last vce-col--xl-last vce-col--md-first vce-col--lg-first vce-col--xl-first\" id=\"el-640fec33\" data-vce-do-apply=\"background border el-640fec33\"><div class=\"vce-col-inner\" data-vce-element-content=\"true\" data-vce-do-apply=\"padding margin  el-640fec33\"><section class=\"vce-hero-section-container vce-hero-section-media--xs vce-hero-section-media--sm vce-hero-section-media--md vce-hero-section-media--lg\"><div class=\"vce vce-hero-section vce-hero-section--alignment-start\" id=\"el-2dedbcf4\" data-vce-do-apply=\"margin background border  el-2dedbcf4\"><div class=\"vce-hero-section--wrap-row vce-hero-section--background-position-center-center\" style=\"background-image: url('https:\/\/www.related.dk\/macao-tradekit\/wp-content\/uploads\/2018\/11\/MTB_Jacob_Photo-30-1.jpg');\"><div class=\"vce-hero-section--wrap\"><div class=\"vce-hero-section--content\" data-vce-do-apply=\"padding el-2dedbcf4\"><div class=\"vce-hero-section--content-container\"><h1>&nbsp;<\/h1><h1><strong>MACAO TRADEKIT<\/strong><\/h1><\/div><\/div><\/div><\/div><\/div><\/section><\/div><\/div><\/div><\/div><\/div><div class=\"vce-row-container\"><div class=\"vce-row vce-row--col-gap-30 vce-row-columns--top vce-row-content--top\" id=\"el-48e8de0b\" data-vce-do-apply=\"all el-48e8de0b\"><div class=\"vce-row-content\" data-vce-element-content=\"true\"><div class=\"vce-col vce-col--md-auto vce-col--xs-1 vce-col--xs-last vce-col--xs-first vce-col--sm-last vce-col--sm-first vce-col--md-last vce-col--lg-last vce-col--xl-last vce-col--md-first vce-col--lg-first vce-col--xl-first\" id=\"el-392e2af1\" data-vce-do-apply=\"background border el-392e2af1\"><div class=\"vce-col-inner\" data-vce-element-content=\"true\" data-vce-do-apply=\"padding margin  el-392e2af1\"><div class=\"vce-text-block\"><div class=\"vce-text-block-wrapper vce\" id=\"el-9edd72e8\" data-vce-do-apply=\"all el-9edd72e8\"><h2>V\u00e4lkommen till Asiens underh\u00e5llningsmetropol, Macao!<\/h2><p>Oavsett om man bes\u00f6ker Hongkong p\u00e5 en aff\u00e4rsresa, p\u00e5 en weekendresa eller som en stop-over under en l\u00e4ngre resa, b\u00f6r man inte missa att bes\u00f6ka den asiatiska underh\u00e5llningsmetropolen Macao. \u00d6-staten som var under portugisisk f\u00f6rvaltning i 400 \u00e5r, ligger bara en timme fr\u00e5n Hongkong och bjuder p\u00e5 fascinerande kulturhistoria, arkitektur och gastronomiska upplevelser i v\u00e4rldsklass.<\/p><p>Utforska stadens fascinerande historiska centrum, som utsetts till v\u00e4rldsarv av UNESCO, och som bjuder p\u00e5 en unik mix av portugisisk och asiatisk kultur och arkitektur. G\u00e5 p\u00e5 uppt\u00e4cktsf\u00e4rd bland 19 Michelin-restauranger och 12 Michelin-rekommenderade gatuk\u00f6k, med en h\u00e4rlig blandning av smaker och traditioner fr\u00e5n b\u00e5de Kina och Portugal. Shoppa i lyxiga gallerior eller fynda p\u00e5 lokala marknader. Och missa inte det stora utbudet av shower, f\u00f6rest\u00e4llningar och kasinon p\u00e5 de stora internationella resorten.<\/p><\/div><\/div><\/div><\/div><\/div><\/div><\/div><div class=\"vce-row-container\"><div class=\"vce-row vce-row--col-gap-30 vce-row-columns--top vce-row-content--top\" id=\"el-f86b9a62\" data-vce-do-apply=\"all el-f86b9a62\"><div class=\"vce-row-content\" data-vce-element-content=\"true\"><div class=\"vce-col vce-col--md-auto vce-col--xs-1 vce-col--xs-last vce-col--xs-first vce-col--sm-last vce-col--sm-first vce-col--md-last vce-col--lg-last vce-col--xl-last vce-col--md-first vce-col--lg-first vce-col--xl-first\" id=\"el-be05474a\" data-vce-do-apply=\"background border el-be05474a\"><div class=\"vce-col-inner\" data-vce-element-content=\"true\" data-vce-do-apply=\"padding margin  el-be05474a\"><section class=\"vce-hero-section-container vce-hero-section-media--xs vce-hero-section-media--sm vce-hero-section-media--md vce-hero-section-media--lg\"><div class=\"vce vce-hero-section vce-hero-section--alignment-start\" id=\"el-785009cb\" data-vce-do-apply=\"margin background border  el-785009cb\"><div class=\"vce-hero-section--wrap-row vce-hero-section--background-position-center-center\" style=\"background-image: url('https:\/\/www.related.dk\/macao-tradekit\/wp-content\/uploads\/2018\/11\/MTB_Jacob_Photo-9926-1.jpg');\"><div class=\"vce-hero-section--wrap\"><div class=\"vce-hero-section--content\" data-vce-do-apply=\"padding el-785009cb\"><div class=\"vce-hero-section--content-container\"><h1><strong>UNESCO-HISTORIA<\/strong><\/h1><p>F\u00f6r den kultur- och historieintresserade bjuder Macau p\u00e5 en ganska unik mix av europeisk och asiatisk kultur och arkitektur, d\u00e4r inflytandet fr\u00e5n b\u00e5de Kina och Portugal \u00e4r tydlig. 2005 uts\u00e5gs Macaus historiska centrum till v\u00e4rldsarv av UNESCO - h\u00e4r kan man vandra i f\u00f6rf\u00e4dernas fotsp\u00e5r och k\u00e4nna historiens vingslag.<\/p><\/div><div class=\"vce-button--style-outline-container vce-button--style-outline-container--align-left\"><span class=\"vce-button--style-outline-wrapper vce\" id=\"el-35101610\" data-vce-do-apply=\"margin el-35101610\"><a class=\"vce-button--style-outline-animated vce-button--style-outline--border-round vce-button--style-outline--size-medium vce-button--style-outline-animated--color-e3e3e3--fff--3d3d3d vce-button--style-outline-animated--border-color-e3e3e3--3d3d3d vce-button--style-outline-animated--background-color-3d3d3d\" href=\"http:\/\/www.related.dk\/macao-tradekit\/upplevelser-2\/historiska-macao-3-dagar\/?lang=sv\" title=\"\" data-vce-do-apply=\"padding border background  el-35101610\"><span class=\"vce-button--style-outline-text\">L\u00e4s mer<\/span><\/a><\/span><\/div><\/div><\/div><\/div><\/div><\/section><\/div><\/div><\/div><\/div><\/div><div class=\"vce-row-container\"><div class=\"vce-row vce-row--col-gap-30 vce-row-columns--top vce-row-content--top\" id=\"el-ba4b15f5\" data-vce-do-apply=\"all el-ba4b15f5\"><div class=\"vce-row-content\" data-vce-element-content=\"true\"><div class=\"vce-col vce-col--md-auto vce-col--xs-1 vce-col--xs-last vce-col--xs-first vce-col--sm-last vce-col--sm-first vce-col--md-last vce-col--lg-last vce-col--xl-last vce-col--md-first vce-col--lg-first vce-col--xl-first\" id=\"el-e3b778af\" data-vce-do-apply=\"background border el-e3b778af\"><div class=\"vce-col-inner\" data-vce-element-content=\"true\" data-vce-do-apply=\"padding margin  el-e3b778af\"><section class=\"vce-hero-section-container vce-hero-section-media--xs vce-hero-section-media--sm vce-hero-section-media--md vce-hero-section-media--lg\"><div class=\"vce vce-hero-section vce-hero-section--alignment-end\" id=\"el-06cc933a\" data-vce-do-apply=\"margin background border  el-06cc933a\"><div class=\"vce-hero-section--wrap-row vce-hero-section--background-position-center-center\" style=\"background-image: url('https:\/\/www.related.dk\/macao-tradekit\/wp-content\/uploads\/2018\/11\/eiffel_forside.jpg');\"><div class=\"vce-hero-section--wrap\"><div class=\"vce-hero-section--content\" data-vce-do-apply=\"padding el-06cc933a\"><div class=\"vce-hero-section--content-container\"><h1><strong>ASIENS UNDERH\u00c5LLNINGS-METROPOL<\/strong><\/h1><p>Som en \u00e4kta underh\u00e5llningsmetropol har Macao sj\u00e4lvklart kasinon, shower, f\u00f6rest\u00e4llningar och sev\u00e4rdheter i v\u00e4rldsklass. .<\/p><\/div><div class=\"vce-button--style-outline-container vce-button--style-outline-container--align-right\"><span class=\"vce-button--style-outline-wrapper vce\" id=\"el-10e55c8d\" data-vce-do-apply=\"margin el-10e55c8d\"><a class=\"vce-button--style-outline-animated vce-button--style-outline--border-round vce-button--style-outline--size-medium vce-button--style-outline-animated--color-e3e3e3--fff--3d3d3d vce-button--style-outline-animated--border-color-e3e3e3--3d3d3d vce-button--style-outline-animated--background-color-3d3d3d\" href=\"http:\/\/www.related.dk\/macao-tradekit\/upplevelser-2\/topp-10-uplevelser\/?lang=sv\" title=\"\" data-vce-do-apply=\"padding border background  el-10e55c8d\"><span class=\"vce-button--style-outline-text\">L\u00e4s mer<\/span><\/a><\/span><\/div><\/div><\/div><\/div><\/div><\/section><\/div><\/div><\/div><\/div><\/div><div class=\"vce-row-container\"><div class=\"vce-row vce-row--col-gap-30 vce-row-columns--top vce-row-content--top\" id=\"el-d2656505\" data-vce-do-apply=\"all el-d2656505\"><div class=\"vce-row-content\" data-vce-element-content=\"true\"><div class=\"vce-col vce-col--md-auto vce-col--xs-1 vce-col--xs-last vce-col--xs-first vce-col--sm-last vce-col--sm-first vce-col--md-last vce-col--lg-last vce-col--xl-last vce-col--md-first vce-col--lg-first vce-col--xl-first\" id=\"el-a6b5238b\" data-vce-do-apply=\"background border el-a6b5238b\"><div class=\"vce-col-inner\" data-vce-element-content=\"true\" data-vce-do-apply=\"padding margin  el-a6b5238b\"><section class=\"vce-hero-section-container vce-hero-section-media--xs vce-hero-section-media--sm vce-hero-section-media--md vce-hero-section-media--lg\"><div class=\"vce vce-hero-section vce-hero-section--alignment-start\" id=\"el-d36643c7\" data-vce-do-apply=\"margin background border  el-d36643c7\"><div class=\"vce-hero-section--wrap-row vce-hero-section--background-position-center-center\" style=\"background-image: url('https:\/\/www.related.dk\/macao-tradekit\/wp-content\/uploads\/2018\/11\/EG3I9012-Edit.jpg');\"><div class=\"vce-hero-section--wrap\"><div class=\"vce-hero-section--content\" data-vce-do-apply=\"padding el-d36643c7\"><div class=\"vce-hero-section--content-container\"><h1><strong>ASIATISKA TEMPEL<\/strong><\/h1><p>I Macao ligger v\u00e4sterl\u00e4ndska kyrkor sida med sida med traditionella asiatiska tempel \u2013 vilket symboliserar m\u00f6tet mellan v\u00e4sterl\u00e4ndska och kinesiska religioner och kulturer samt den religionsfrihet och multikulturella \u00f6ppenhet som k\u00e4nnetecknar staden.<\/p><\/div><div class=\"vce-button--style-outline-container vce-button--style-outline-container--align-left\"><span class=\"vce-button--style-outline-wrapper vce\" id=\"el-c9a8d177\" data-vce-do-apply=\"margin el-c9a8d177\"><a class=\"vce-button--style-outline-animated vce-button--style-outline--border-round vce-button--style-outline--size-medium vce-button--style-outline-animated--color-e3e3e3--fff--3d3d3d vce-button--style-outline-animated--border-color-e3e3e3--3d3d3d vce-button--style-outline-animated--background-color-3d3d3d\" href=\"http:\/\/www.related.dk\/macao-tradekit\/upplevelser-2\/3-dagar-i-macao\/?lang=sv\" title=\"\" data-vce-do-apply=\"padding border background  el-c9a8d177\"><span class=\"vce-button--style-outline-text\">L\u00e4s mer<\/span><\/a><\/span><\/div><\/div><\/div><\/div><\/div><\/section><\/div><\/div><\/div><\/div><\/div><div class=\"vce-row-container\"><div class=\"vce-row vce-row--col-gap-30 vce-row-columns--top vce-row-content--top\" id=\"el-57a41989\" data-vce-do-apply=\"all el-57a41989\"><div class=\"vce-row-content\" data-vce-element-content=\"true\"><div class=\"vce-col vce-col--md-auto vce-col--xs-1 vce-col--xs-last vce-col--xs-first vce-col--sm-last vce-col--sm-first vce-col--md-last vce-col--lg-last vce-col--xl-last vce-col--md-first vce-col--lg-first vce-col--xl-first\" id=\"el-ea0a48ab\" data-vce-do-apply=\"background border el-ea0a48ab\"><div class=\"vce-col-inner\" data-vce-element-content=\"true\" data-vce-do-apply=\"padding margin  el-ea0a48ab\"><section class=\"vce-hero-section-container vce-hero-section-media--xs vce-hero-section-media--sm vce-hero-section-media--md vce-hero-section-media--lg\"><div class=\"vce vce-hero-section vce-hero-section--alignment-end\" id=\"el-f004e47d\" data-vce-do-apply=\"margin background border  el-f004e47d\"><div class=\"vce-hero-section--wrap-row vce-hero-section--background-position-center-center\" style=\"background-image: url('https:\/\/www.related.dk\/macao-tradekit\/wp-content\/uploads\/2018\/11\/DSC07269.jpg');\"><div class=\"vce-hero-section--wrap\"><div class=\"vce-hero-section--content\" data-vce-do-apply=\"padding el-f004e47d\"><div class=\"vce-hero-section--content-container\"><h1><strong>MICHELIN-MECKA<\/strong><\/h1><p>Macao \u00e4r ett m\u00e5ste f\u00f6r den matintresserade. \u00d6ver en yta p\u00e5 30 km2 hittar man inte mindre \u00e4n19 Michelin-restauranger, som serverar mat med inspiration fr\u00e5n b\u00e5de Asien och Portugal. 2017 uts\u00e5gs Macau till UNESCO v\u00e4rldsarv just med h\u00e4nsyn till sin gastronomi och tillf\u00f6rdes till listan \u00f6ver \u201dCreative Cities Network\u201d (UCCN).<\/p><\/div><div class=\"vce-button--style-outline-container vce-button--style-outline-container--align-right\"><span class=\"vce-button--style-outline-wrapper vce\" id=\"el-8b2d05c8\" data-vce-do-apply=\"margin el-8b2d05c8\"><a class=\"vce-button--style-outline-animated vce-button--style-outline--border-round vce-button--style-outline--size-medium vce-button--style-outline-animated--color-e3e3e3--fff--3d3d3d vce-button--style-outline-animated--border-color-e3e3e3--3d3d3d vce-button--style-outline-animated--background-color-3d3d3d\" href=\"http:\/\/www.related.dk\/macao-tradekit\/upplevelser-2\/macao-foer-gourmander\/?lang=sv\" title=\"\" data-vce-do-apply=\"padding border background  el-8b2d05c8\"><span class=\"vce-button--style-outline-text\">L\u00e4s mer<\/span><\/a><\/span><\/div><\/div><\/div><\/div><\/div><\/section><\/div><\/div><\/div><\/div><\/div><div class=\"vce-row-container\"><div class=\"vce-row vce-row--col-gap-30 vce-row-columns--top vce-row-content--top\" id=\"el-f0da5dac\" data-vce-do-apply=\"all el-f0da5dac\"><div class=\"vce-row-content\" data-vce-element-content=\"true\"><div class=\"vce-col vce-col--md-auto vce-col--xs-1 vce-col--xs-last vce-col--xs-first vce-col--sm-last vce-col--sm-first vce-col--md-last vce-col--lg-last vce-col--xl-last vce-col--md-first vce-col--lg-first vce-col--xl-first\" id=\"el-5b85e2b3\" data-vce-do-apply=\"background border el-5b85e2b3\"><div class=\"vce-col-inner\" data-vce-element-content=\"true\" data-vce-do-apply=\"padding margin  el-5b85e2b3\"><section class=\"vce-hero-section-container vce-hero-section-media--xs vce-hero-section-media--sm vce-hero-section-media--md vce-hero-section-media--lg\"><div class=\"vce vce-hero-section vce-hero-section--alignment-start\" id=\"el-7b8194c2\" data-vce-do-apply=\"margin background border  el-7b8194c2\"><div class=\"vce-hero-section--wrap-row vce-hero-section--background-position-center-center\" style=\"background-image: url('https:\/\/www.related.dk\/macao-tradekit\/wp-content\/uploads\/2018\/11\/EVENTS_FORSIDE2.jpg');\"><div class=\"vce-hero-section--wrap\"><div class=\"vce-hero-section--content\" data-vce-do-apply=\"padding el-7b8194c2\"><div class=\"vce-hero-section--content-container\"><h1><strong>TRADITIONSRIKA FESTIVALER <\/strong><\/h1><p>N\u00e4stan oavsett n\u00e4r p\u00e5 \u00e5ret man bes\u00f6ker Macao kan man vara r\u00e4tt s\u00e4ker p\u00e5 att pricka in ett lokalt event eller festival, som firar och hyllar lokala religioner, kulturer och traditioner.<\/p><\/div><div class=\"vce-button--style-outline-container vce-button--style-outline-container--align-left\"><span class=\"vce-button--style-outline-wrapper vce\" id=\"el-0f73bf01\" data-vce-do-apply=\"margin el-0f73bf01\"><a class=\"vce-button--style-outline-animated vce-button--style-outline--border-round vce-button--style-outline--size-medium vce-button--style-outline-animated--color-e3e3e3--fff--3d3d3d vce-button--style-outline-animated--border-color-e3e3e3--3d3d3d vce-button--style-outline-animated--background-color-3d3d3d\" href=\"http:\/\/www.related.dk\/macao-tradekit\/upplevelser-2\/events-och-festivaler\/?lang=sv\" title=\"\" data-vce-do-apply=\"padding border background  el-0f73bf01\"><span class=\"vce-button--style-outline-text\">L\u00e4s mer<\/span><\/a><\/span><\/div><\/div><\/div><\/div><\/div><\/section><\/div><\/div><\/div><\/div><\/div>\n","protected":false},"excerpt":{"rendered":"<p>&nbsp;MACAO TRADEKITV\u00e4lkommen till Asiens underh\u00e5llningsmetropol, Macao!Oavsett om man bes\u00f6ker Hongkong p\u00e5 en aff\u00e4rsresa, p\u00e5 en weekendresa eller som en stop-over under en l\u00e4ngre resa, b\u00f6r man inte missa att bes\u00f6ka den asiatiska underh\u00e5llningsmetropolen Macao. \u00d6-staten som var under portugisisk f\u00f6rvaltning i 400 \u00e5r, ligger bara en timme fr\u00e5n Hongkong och bjuder p\u00e5 fascinerande kulturhistoria, arkitektur &hellip; <\/p>\n<p class=\"link-more\"><a href=\"https:\/\/www.related.dk\/macao-tradekit\/foerstasida\/?lang=sv\" class=\"more-link\">L\u00e6s videre<span class=\"screen-reader-text\"> &#8220;F\u00f6rstasida&#8221;<\/span><\/a><\/p>\n","protected":false},"author":2,"featured_media":0,"parent":0,"menu_order":0,"comment_status":"closed","ping_status":"closed","template":"","meta":[],"_links":{"self":[{"href":"https:\/\/www.related.dk\/macao-tradekit\/wp-json\/wp\/v2\/pages\/905"}],"collection":[{"href":"https:\/\/www.related.dk\/macao-tradekit\/wp-json\/wp\/v2\/pages"}],"about":[{"href":"https:\/\/www.related.dk\/macao-tradekit\/wp-json\/wp\/v2\/types\/page"}],"author":[{"embeddable":true,"href":"https:\/\/www.related.dk\/macao-tradekit\/wp-json\/wp\/v2\/users\/2"}],"replies":[{"embeddable":true,"href":"https:\/\/www.related.dk\/macao-tradekit\/wp-json\/wp\/v2\/comments?post=905"}],"version-history":[{"count":4,"href":"https:\/\/www.related.dk\/macao-tradekit\/wp-json\/wp\/v2\/pages\/905\/revisions"}],"predecessor-version":[{"id":1284,"href":"https:\/\/www.related.dk\/macao-tradekit\/wp-json\/wp\/v2\/pages\/905\/revisions\/1284"}],"wp:attachment":[{"href":"https:\/\/www.related.dk\/macao-tradekit\/wp-json\/wp\/v2\/media?parent=905"}],"curies":[{"name":"wp","href":"https:\/\/api.w.org\/{rel}","templated":true}]}}