{"id":835,"date":"2018-11-22T14:01:18","date_gmt":"2018-11-22T14:01:18","guid":{"rendered":"http:\/\/www.related.dk\/macao-tradekit\/xxxxxxx\/"},"modified":"2018-11-24T12:57:46","modified_gmt":"2018-11-24T12:57:46","slug":"yhteyshenkilot","status":"publish","type":"page","link":"https:\/\/www.related.dk\/macao-tradekit\/yhteyshenkilot\/?lang=fi","title":{"rendered":"Yhteyshenkil\u00f6t"},"content":{"rendered":"<div class=\"vce-row-container\"><div class=\"vce-row vce-row--col-gap-30 vce-row-columns--top vce-row-content--top\" id=\"el-31b7a346\" data-vce-do-apply=\"all el-31b7a346\"><div class=\"vce-row-content\" data-vce-element-content=\"true\"><div class=\"vce-col vce-col--md-auto vce-col--xs-1 vce-col--xs-last vce-col--xs-first vce-col--sm-last vce-col--sm-first vce-col--md-last vce-col--lg-last vce-col--xl-last vce-col--md-first vce-col--lg-first vce-col--xl-first\" id=\"el-56edcaad\" data-vce-do-apply=\"background border el-56edcaad\"><div class=\"vce-col-inner\" data-vce-element-content=\"true\" data-vce-do-apply=\"padding margin  el-56edcaad\"><section class=\"vce-hero-section-container vce-hero-section-media--xs vce-hero-section-media--sm vce-hero-section-media--md vce-hero-section-media--lg\"><div class=\"vce vce-hero-section vce-hero-section--alignment-start\" id=\"el-7592f84a\" data-vce-do-apply=\"margin background border  el-7592f84a\"><div class=\"vce-hero-section--wrap-row vce-hero-section--background-position-center-center\" style=\"background-image: url('https:\/\/www.related.dk\/macao-tradekit\/wp-content\/uploads\/2018\/11\/Banner_12616_1_kontakt2.jpg');\"><div class=\"vce-hero-section--wrap\"><div class=\"vce-hero-section--content\" data-vce-do-apply=\"padding el-7592f84a\"><div class=\"vce-hero-section--content-container\"><h1><b>YHTEYSHENKIL\u00d6T<\/b><\/h1><\/div><\/div><\/div><\/div><\/div><\/section><\/div><\/div><\/div><\/div><\/div><div class=\"vce-row-container\"><div class=\"vce-row vce-row--col-gap-30 vce-row-columns--top vce-row-content--top\" id=\"el-c29fcbdb\" data-vce-do-apply=\"all el-c29fcbdb\"><div class=\"vce-row-content\" data-vce-element-content=\"true\"><div class=\"vce-col vce-col--md-66-66p vce-col--xs-1 vce-col--xs-last vce-col--xs-first vce-col--sm-last vce-col--sm-first vce-col--md-first vce-col--lg-first vce-col--xl-first\" id=\"el-6a37b4b9\" data-vce-do-apply=\"background border el-6a37b4b9\"><div class=\"vce-col-inner\" data-vce-element-content=\"true\" data-vce-do-apply=\"padding margin  el-6a37b4b9\"><div class=\"vce-text-block\"><div class=\"vce-text-block-wrapper vce\" id=\"el-0f26c793\" data-vce-do-apply=\"all el-0f26c793\"><h4>Jos sinulla on yhteisty\u00f6ideoita, kampanjaehdotuksia tai tarvetta lis\u00e4tiedoille, ota rohkeasti yhteytt\u00e4:<\/h4><p>Henrik Koch<br>Macaon Trade-vastaava Pohjoismaissa<br>S\u00e4hk\u00f6posti <a href=\"mailto:hek@related.dk\">hek@related.dk<\/a><br>Puhelin +45 2231 5930<\/p><h4>PR- ja vaikuttajayhteisty\u00f6t\u00e4 koskevat tiedustelut:<\/h4><p>Christina Holm Hansen<br>Macaon PR-vastaava Pohjoismaissa<br>S\u00e4hk\u00f6posti <a href=\"mailto:chh@related.dk\">chh@related.dk<\/a><br>Puhelin +45 4014 3615<\/p><h4>Macaon matkailuneuvosto<\/h4><p>Osoite: <br>Alameda Dr. Carlos d'Assump\u00e7\u00e3o, n.os 335-341,<br>Edif\u00edcio \u201dHot Line\u201d,<br>12\u00ba andar, <br>Macao<\/p><p><a href=\"http:\/\/en.macaotourism.gov.mo\/index.php\" target=\"_blank\" rel=\"noopener\">macaotourism.gov.mo<\/a><\/p><\/div><\/div><\/div><\/div><div class=\"vce-col vce-col--md-33-34p vce-col--xs-1 vce-col--xs-last vce-col--xs-first vce-col--sm-last vce-col--sm-first vce-col--md-last vce-col--lg-last vce-col--xl-last\" id=\"el-b287a82d\" data-vce-do-apply=\"background border el-b287a82d\"><div class=\"vce-col-inner\" data-vce-element-content=\"true\" data-vce-do-apply=\"padding margin  el-b287a82d\"><div class=\"vce-single-image-container vce-single-image--align-left\"><div class=\"vce vce-single-image-wrapper\" id=\"el-faa44a37\" data-vce-do-apply=\"all el-faa44a37\"><figure><div class=\"vce-single-image-inner\"><img class=\"vce-single-image\" data-width=\"1024\" data-height=\"682\"src=\"https:\/\/www.related.dk\/macao-tradekit\/wp-content\/uploads\/2018\/11\/MTB_Jacob_Photo-0024-1024x682.jpg\" data-img-src=\"https:\/\/www.related.dk\/macao-tradekit\/wp-content\/uploads\/2018\/11\/MTB_Jacob_Photo-0024.jpg\" alt=\"\" title=\"MTB_Jacob_Photo-0024\"\/><\/div><\/figure><\/div><\/div><div class=\"vce-single-image-container vce-single-image--align-left\"><div class=\"vce vce-single-image-wrapper\" id=\"el-baa6fc8b\" data-vce-do-apply=\"all el-baa6fc8b\"><figure><div class=\"vce-single-image-inner\"><img class=\"vce-single-image\" data-width=\"1024\" data-height=\"682\"src=\"https:\/\/www.related.dk\/macao-tradekit\/wp-content\/uploads\/2018\/11\/Macau-79-1024x682.jpg\" data-img-src=\"https:\/\/www.related.dk\/macao-tradekit\/wp-content\/uploads\/2018\/11\/Macau-79.jpg\" alt=\"\" title=\"Macau-79\"\/><\/div><\/figure><\/div><\/div><\/div><\/div><\/div><\/div><\/div>\n","protected":false},"excerpt":{"rendered":"<p>YHTEYSHENKIL\u00d6TJos sinulla on yhteisty\u00f6ideoita, kampanjaehdotuksia tai tarvetta lis\u00e4tiedoille, ota rohkeasti yhteytt\u00e4:Henrik KochMacaon Trade-vastaava PohjoismaissaS\u00e4hk\u00f6posti hek@related.dkPuhelin +45 2231 5930PR- ja vaikuttajayhteisty\u00f6t\u00e4 koskevat tiedustelut:Christina Holm HansenMacaon PR-vastaava PohjoismaissaS\u00e4hk\u00f6posti chh@related.dkPuhelin +45 4014 3615Macaon matkailuneuvostoOsoite: Alameda Dr. Carlos d&#8217;Assump\u00e7\u00e3o, n.os 335-341,Edif\u00edcio \u201dHot Line\u201d,12\u00ba andar, Macaomacaotourism.gov.mo<\/p>\n","protected":false},"author":2,"featured_media":0,"parent":0,"menu_order":0,"comment_status":"closed","ping_status":"closed","template":"","meta":[],"_links":{"self":[{"href":"https:\/\/www.related.dk\/macao-tradekit\/wp-json\/wp\/v2\/pages\/835"}],"collection":[{"href":"https:\/\/www.related.dk\/macao-tradekit\/wp-json\/wp\/v2\/pages"}],"about":[{"href":"https:\/\/www.related.dk\/macao-tradekit\/wp-json\/wp\/v2\/types\/page"}],"author":[{"embeddable":true,"href":"https:\/\/www.related.dk\/macao-tradekit\/wp-json\/wp\/v2\/users\/2"}],"replies":[{"embeddable":true,"href":"https:\/\/www.related.dk\/macao-tradekit\/wp-json\/wp\/v2\/comments?post=835"}],"version-history":[{"count":10,"href":"https:\/\/www.related.dk\/macao-tradekit\/wp-json\/wp\/v2\/pages\/835\/revisions"}],"predecessor-version":[{"id":1303,"href":"https:\/\/www.related.dk\/macao-tradekit\/wp-json\/wp\/v2\/pages\/835\/revisions\/1303"}],"wp:attachment":[{"href":"https:\/\/www.related.dk\/macao-tradekit\/wp-json\/wp\/v2\/media?parent=835"}],"curies":[{"name":"wp","href":"https:\/\/api.w.org\/{rel}","templated":true}]}}