{"id":789,"date":"2018-11-22T12:45:19","date_gmt":"2018-11-22T12:45:19","guid":{"rendered":"http:\/\/www.related.dk\/macao-tradekit\/nye-hoteller\/"},"modified":"2018-11-24T11:30:34","modified_gmt":"2018-11-24T11:30:34","slug":"nye-hoteller","status":"publish","type":"page","link":"https:\/\/www.related.dk\/macao-tradekit\/overnattning\/nye-hoteller\/?lang=no","title":{"rendered":""},"content":{"rendered":"<div class=\"vce-row-container\"><div class=\"vce-row vce-row--col-gap-30 vce-row-columns--top vce-row-content--top\" id=\"el-90ab9dff\" data-vce-do-apply=\"all el-90ab9dff\"><div class=\"vce-row-content\" data-vce-element-content=\"true\"><div class=\"vce-col vce-col--md-100p vce-col--xs-1 vce-col--xs-last vce-col--xs-first vce-col--sm-last vce-col--sm-first vce-col--md-last vce-col--lg-last vce-col--xl-last vce-col--md-first vce-col--lg-first vce-col--xl-first\" id=\"el-d2284f11\" data-vce-do-apply=\"background border el-d2284f11\"><div class=\"vce-col-inner\" data-vce-element-content=\"true\" data-vce-do-apply=\"padding margin  el-d2284f11\"><div class=\"vce-text-block\"><div class=\"vce-text-block-wrapper vce\" id=\"el-f427c86b\" data-vce-do-apply=\"all el-f427c86b\"><p><!--vcv no format--><\/p><div class=\"vce-row-container\"><div id=\"el-f08f0627\" class=\"vce-row vce-row--col-gap-30 vce-row-columns--top vce-row-content--top\" data-vce-do-apply=\"all el-f08f0627\"><div class=\"vce-row-content\" data-vce-element-content=\"true\"><div id=\"el-a7f9f88d\" class=\"vce-col vce-col--md-auto vce-col--xs-1 vce-col--xs-last vce-col--xs-first vce-col--sm-last vce-col--sm-first vce-col--md-last vce-col--lg-last vce-col--xl-last vce-col--md-first vce-col--lg-first vce-col--xl-first\" data-vce-do-apply=\"background border el-a7f9f88d\"><div class=\"vce-col-inner\" data-vce-do-apply=\"padding margin el-a7f9f88d\" data-vce-element-content=\"true\"><section class=\"vce-hero-section-container vce-hero-section-media--xs vce-hero-section-media--sm vce-hero-section-media--md vce-hero-section-media--lg\"><div id=\"el-080ba4f0\" class=\"vce vce-hero-section vce-hero-section--alignment-start\" data-vce-do-apply=\"margin background border el-080ba4f0\"><div class=\"vce-hero-section--wrap-row vce-hero-section--background-position-center-center\" style=\"background-image: url('https:\/\/www.related.dk\/macao-tradekit\/wp-content\/uploads\/2018\/11\/Banner_MGM-1_nye.jpg');\"><div class=\"vce-hero-section--wrap\"><div class=\"vce-hero-section--content\" data-vce-do-apply=\"padding el-080ba4f0\"><div class=\"vce-hero-section--content-container\"><h1><strong>NYE HOTELLER<\/strong><\/h1><p>Det \u00e5pnes jevnlig nye, luksuri\u00f8se og nyskapende hoteller i Macao.<\/p><\/div><\/div><\/div><\/div><\/div><\/section><\/div><\/div><\/div><\/div><\/div><div class=\"vce-row-container\"><div id=\"el-82a9626d\" class=\"vce-row vce-row--col-gap-30 vce-row-columns--top vce-row-content--top\" data-vce-do-apply=\"all el-82a9626d\"><div class=\"vce-row-content\" data-vce-element-content=\"true\"><div id=\"el-8194904c\" class=\"vce-col vce-col--md-auto vce-col--xs-1 vce-col--xs-last vce-col--xs-first vce-col--sm-last vce-col--sm-first vce-col--md-last vce-col--lg-last vce-col--xl-last vce-col--md-first vce-col--lg-first vce-col--xl-first\" data-vce-do-apply=\"background border el-8194904c\"><div class=\"vce-col-inner\" data-vce-do-apply=\"padding margin el-8194904c\" data-vce-element-content=\"true\"><div class=\"vce-text-block\"><div id=\"el-a4806de1\" class=\"vce-text-block-wrapper vce\" data-vce-do-apply=\"all el-a4806de1\"><p><strong>\u00c5pnet i 2018:<\/strong><\/p><ul><li><a href=\"https:\/\/www.mgm.mo\/en\/cotai\" target=\"_blank\" rel=\"noopener\">MGM Cotai (5* \u2013 1322 v\u00e6relser)<\/a><\/li><li><a href=\"https:\/\/www.cityofdreamsmacau.com\/en\/stay\/morpheus\/index.html\" target=\"_blank\" rel=\"noopener\">City of Dreams \u00abMorpheus\u00bb (5* \u2013 772 v\u00e6relser)<\/a><\/li><li><a href=\"http:\/\/www.the13.com\/\" target=\"_blank\" rel=\"noopener\">The 13 (5* \u2013 200 v\u00e6relser)<\/a><\/li><\/ul><p><strong>\u00c5pner i 2019:<\/strong><\/p><ul><li>Palazzo Versace Hotel<\/li><li>Karl Lagerfeld Hotel<\/li><li>Lisboa Palace<\/li><\/ul><\/div><\/div><\/div><\/div><\/div><\/div><\/div><p><!--vcv no format--><\/p><\/div><div class=\"vce-text-block-wrapper vce\" id=\"\" data-vce-do-apply=\"all el-f427c86b\" style=\"height: 0px; width: 0px; overflow: hidden; position: fixed; bottom: 0px; right: 0px;\"><p><!--vcv no format--><\/p><div class=\"vce-row-container\"><div id=\"el-f08f0627\" class=\"vce-row vce-row--col-gap-30 vce-row-columns--top vce-row-content--top\" data-vce-do-apply=\"all el-f08f0627\"><div class=\"vce-row-content\" data-vce-element-content=\"true\"><div id=\"el-a7f9f88d\" class=\"vce-col vce-col--md-auto vce-col--xs-1 vce-col--xs-last vce-col--xs-first vce-col--sm-last vce-col--sm-first vce-col--md-last vce-col--lg-last vce-col--xl-last vce-col--md-first vce-col--lg-first vce-col--xl-first\" data-vce-do-apply=\"background border el-a7f9f88d\"><div class=\"vce-col-inner\" data-vce-do-apply=\"padding margin el-a7f9f88d\" data-vce-element-content=\"true\"><section class=\"vce-hero-section-container vce-hero-section-media--xs vce-hero-section-media--sm vce-hero-section-media--md vce-hero-section-media--lg\"><div id=\"el-080ba4f0\" class=\"vce vce-hero-section vce-hero-section--alignment-start\" data-vce-do-apply=\"margin background border el-080ba4f0\"><div class=\"vce-hero-section--wrap-row vce-hero-section--background-position-center-center\" style=\"background-image: url('https:\/\/www.related.dk\/macao-tradekit\/wp-content\/uploads\/2018\/11\/Banner_MGM-1_nye.jpg');\"><div class=\"vce-hero-section--wrap\"><div class=\"vce-hero-section--content\" data-vce-do-apply=\"padding el-080ba4f0\"><div class=\"vce-hero-section--content-container\"><h1><strong>NYE HOTELLER<\/strong><\/h1><p>Det \u00e5pnes jevnlig nye, luksuri\u00f8se og nyskapende hoteller i Macao.<\/p><\/div><\/div><\/div><\/div><\/div><\/section><\/div><\/div><\/div><\/div><\/div><div class=\"vce-row-container\"><div id=\"el-82a9626d\" class=\"vce-row vce-row--col-gap-30 vce-row-columns--top vce-row-content--top\" data-vce-do-apply=\"all el-82a9626d\"><div class=\"vce-row-content\" data-vce-element-content=\"true\"><div id=\"el-8194904c\" class=\"vce-col vce-col--md-auto vce-col--xs-1 vce-col--xs-last vce-col--xs-first vce-col--sm-last vce-col--sm-first vce-col--md-last vce-col--lg-last vce-col--xl-last vce-col--md-first vce-col--lg-first vce-col--xl-first\" data-vce-do-apply=\"background border el-8194904c\"><div class=\"vce-col-inner\" data-vce-do-apply=\"padding margin el-8194904c\" data-vce-element-content=\"true\"><div class=\"vce-text-block\"><div id=\"el-a4806de1\" class=\"vce-text-block-wrapper vce\" data-vce-do-apply=\"all el-a4806de1\"><p><strong>\u00c5pnet i 2018:<\/strong><\/p><ul><li><a href=\"https:\/\/www.mgm.mo\/en\/cotai\" target=\"_blank\" rel=\"noopener\">MGM Cotai (5* \u2013 1322 v\u00e6relser)<\/a><\/li><li><a href=\"https:\/\/www.cityofdreamsmacau.com\/en\/stay\/morpheus\/index.html\" target=\"_blank\" rel=\"noopener\">City of Dreams \u00abMorpheus\u00bb (5* \u2013 772 v\u00e6relser)<\/a><\/li><li><a href=\"http:\/\/www.the13.com\/\" target=\"_blank\" rel=\"noopener\">The 13 (5* \u2013 200 v\u00e6relser)<\/a><\/li><\/ul><p><strong>\u00c5pner i 2019:<\/strong><\/p><ul><li>Palazzo Versace Hotel<\/li><li>Karl Lagerfeld Hotel<\/li><li>Lisboa Palace<\/li><\/ul><\/div><\/div><\/div><\/div><\/div><\/div><\/div><p><!--vcv no format--><\/p><\/div><\/div><\/div><\/div><\/div><\/div><\/div>\n","protected":false},"excerpt":{"rendered":"<p>NYE HOTELLERDet \u00e5pnes jevnlig nye, luksuri\u00f8se og nyskapende hoteller i Macao.\u00c5pnet i 2018:MGM Cotai (5* \u2013 1322 v\u00e6relser)City of Dreams \u00abMorpheus\u00bb (5* \u2013 772 v\u00e6relser)The 13 (5* \u2013 200 v\u00e6relser)\u00c5pner i 2019:Palazzo Versace HotelKarl Lagerfeld HotelLisboa PalaceNYE HOTELLERDet \u00e5pnes jevnlig nye, luksuri\u00f8se og nyskapende hoteller i Macao.\u00c5pnet i 2018:MGM Cotai (5* \u2013 1322 v\u00e6relser)City of &hellip; <\/p>\n<p class=\"link-more\"><a href=\"https:\/\/www.related.dk\/macao-tradekit\/overnattning\/nye-hoteller\/?lang=no\" class=\"more-link\">L\u00e6s videre<span class=\"screen-reader-text\"> &#8220;&#8221;<\/span><\/a><\/p>\n","protected":false},"author":2,"featured_media":0,"parent":845,"menu_order":0,"comment_status":"closed","ping_status":"closed","template":"","meta":[],"_links":{"self":[{"href":"https:\/\/www.related.dk\/macao-tradekit\/wp-json\/wp\/v2\/pages\/789"}],"collection":[{"href":"https:\/\/www.related.dk\/macao-tradekit\/wp-json\/wp\/v2\/pages"}],"about":[{"href":"https:\/\/www.related.dk\/macao-tradekit\/wp-json\/wp\/v2\/types\/page"}],"author":[{"embeddable":true,"href":"https:\/\/www.related.dk\/macao-tradekit\/wp-json\/wp\/v2\/users\/2"}],"replies":[{"embeddable":true,"href":"https:\/\/www.related.dk\/macao-tradekit\/wp-json\/wp\/v2\/comments?post=789"}],"version-history":[{"count":4,"href":"https:\/\/www.related.dk\/macao-tradekit\/wp-json\/wp\/v2\/pages\/789\/revisions"}],"predecessor-version":[{"id":1434,"href":"https:\/\/www.related.dk\/macao-tradekit\/wp-json\/wp\/v2\/pages\/789\/revisions\/1434"}],"up":[{"embeddable":true,"href":"https:\/\/www.related.dk\/macao-tradekit\/wp-json\/wp\/v2\/pages\/845"}],"wp:attachment":[{"href":"https:\/\/www.related.dk\/macao-tradekit\/wp-json\/wp\/v2\/media?parent=789"}],"curies":[{"name":"wp","href":"https:\/\/api.w.org\/{rel}","templated":true}]}}