{"id":723,"date":"2018-11-22T10:13:00","date_gmt":"2018-11-22T10:13:00","guid":{"rendered":"http:\/\/www.related.dk\/macao-tradekit\/om-macao\/transport\/"},"modified":"2018-11-23T13:42:04","modified_gmt":"2018-11-23T13:42:04","slug":"transport","status":"publish","type":"page","link":"https:\/\/www.related.dk\/macao-tradekit\/om-macao\/transport\/?lang=sv","title":{"rendered":"Transport"},"content":{"rendered":"<div class=\"vce-row-container\"><div class=\"vce-row vce-row--col-gap-30 vce-row-columns--top vce-row-content--top\" id=\"el-18a3f2a2\" data-vce-do-apply=\"all el-18a3f2a2\"><div class=\"vce-row-content\" data-vce-element-content=\"true\"><div class=\"vce-col vce-col--md-100p vce-col--xs-1 vce-col--xs-last vce-col--xs-first vce-col--sm-last vce-col--sm-first vce-col--md-last vce-col--lg-last vce-col--xl-last vce-col--md-first vce-col--lg-first vce-col--xl-first\" id=\"el-f16eb65d\" data-vce-do-apply=\"background border el-f16eb65d\"><div class=\"vce-col-inner\" data-vce-element-content=\"true\" data-vce-do-apply=\"padding margin  el-f16eb65d\"><div class=\"vce-text-block\"><div class=\"vce-text-block-wrapper vce\" id=\"el-eb3f77ba\" data-vce-do-apply=\"all el-eb3f77ba\"><p><!--vcv no format--><\/p><div class=\"vce-row-container\"><div id=\"el-91a085f1\" class=\"vce-row vce-row--col-gap-30 vce-row-columns--top vce-row-content--top\" data-vce-do-apply=\"all el-91a085f1\"><div class=\"vce-row-content\" data-vce-element-content=\"true\"><div id=\"el-39e8afce\" class=\"vce-col vce-col--md-auto vce-col--xs-1 vce-col--xs-last vce-col--xs-first vce-col--sm-last vce-col--sm-first vce-col--md-last vce-col--lg-last vce-col--xl-last vce-col--md-first vce-col--lg-first vce-col--xl-first\" data-vce-do-apply=\"background border el-39e8afce\"><div class=\"vce-col-inner\" data-vce-do-apply=\"padding margin el-39e8afce\" data-vce-element-content=\"true\"><section class=\"vce-hero-section-container vce-hero-section-media--xs vce-hero-section-media--sm vce-hero-section-media--md vce-hero-section-media--lg\"><div id=\"el-ec32fd0c\" class=\"vce vce-hero-section vce-hero-section--alignment-start\" data-vce-do-apply=\"margin background border el-ec32fd0c\"><div class=\"vce-hero-section--wrap-row vce-hero-section--background-position-center-center\" style=\"background-image: url('https:\/\/www.related.dk\/macao-tradekit\/wp-content\/uploads\/2018\/11\/Banner_MTB_Jacob_Photo-9782.jpg');\"><div class=\"vce-hero-section--wrap\"><div class=\"vce-hero-section--content\" data-vce-do-apply=\"padding el-ec32fd0c\"><div class=\"vce-hero-section--content-container\"><h1><strong>TRANSPORT<\/strong><\/h1><\/div><\/div><\/div><\/div><\/div><\/section><\/div><\/div><\/div><\/div><\/div><div class=\"vce-row-container\"><div id=\"el-3b9e2e0d\" class=\"vce-row vce-row--col-gap-30 vce-row-columns--top vce-row-content--top\" data-vce-do-apply=\"all el-3b9e2e0d\"><div class=\"vce-row-content\" data-vce-element-content=\"true\"><div id=\"el-46a9bc3c\" class=\"vce-col vce-col--md-auto vce-col--xs-1 vce-col--xs-last vce-col--xs-first vce-col--sm-last vce-col--sm-first vce-col--md-last vce-col--lg-last vce-col--xl-last vce-col--md-first vce-col--lg-first vce-col--xl-first\" data-vce-do-apply=\"background border el-46a9bc3c\"><div class=\"vce-col-inner\" data-vce-do-apply=\"padding margin el-46a9bc3c\" data-vce-element-content=\"true\"><div class=\"vce-text-block\"><div id=\"el-3c1e64e3\" class=\"vce-text-block-wrapper vce\" data-vce-do-apply=\"all el-3c1e64e3\"><h3>Flyg till Hongkong<\/h3><p>Sedan 28 oktober 2018 flyger SAS direkt till Hongkong fr\u00e5n K\u00f6penhamn, med avg\u00e5ngar per vecka. Resan ar 10 timmar och 20 minuter.<\/p><p>Finnair har dagliga avg\u00e5ngar fr\u00e5n Helsingfors till Hong Kong. Resan tar knappt 10 timmar.<\/p><h3>Fr\u00e5n Hongkong till Macao<\/h3><p>Fr\u00e5n Hong Kong International Airport kan man enkelt resa vidare direkt till Macao \u2013 utan att passera Hongkongs passkontroll.<\/p><h4>F\u00e4rja<\/h4><p>Det g\u00e5r f\u00f6rjor mellan Hongkong och Macau, b\u00e5tresan tar en timme. Reser man med b\u00e5t man till\/fr\u00e5n Macau-halv\u00f6n \u00e4r <a href=\"https:\/\/www.turbojet.com.hk\/en\/routing-sailing-schedule\/hk-airport-macau\/sailing-schedule-fares.aspx\" target=\"_blank\" rel=\"noopener\">TurboJet<\/a> det smidigaste s\u00e4ttet. <a href=\"https:\/\/www.cotaiwaterjet.com\/ferry-schedule\/hkia-macau-taipa.html\" target=\"_blank\" rel=\"noopener\">Cotai Water<\/a> Jet rekommenderas om man reser till\/fr\u00e5n Taipa eller Cotai.<\/p><h4>V\u00e4rldens l\u00e4ngsta bro<\/h4><p>V\u00e4ljer man bilv\u00e4gen upplever man samtidigt v\u00e4rldens l\u00e4ngsta bro \u00f6ver ett havsparti. Bron invigdes 23 oktober 2018 och \u00e4r 55 km l\u00e5ng och f\u00f6rbinder Hongkong, Macao och staden Zhuhai.<\/p><p><a href=\"https:\/\/www.hzmb.gov.hk\/en\/transport\/cross-boundary.html\" target=\"_blank\" rel=\"noopener\">Information om busstransport \u00f6ver den nya bron hittar du h\u00e4r<\/a><\/p><\/div><\/div><\/div><\/div><\/div><\/div><\/div><p><!--vcv no format--><\/p><\/div><\/div><\/div><\/div><\/div><\/div><\/div><div class=\"vce-row-container\"><div class=\"vce-row vce-row--col-gap-30 vce-row-columns--top vce-row-content--top\" id=\"el-2861686d\" data-vce-do-apply=\"all el-2861686d\"><div class=\"vce-row-content\" data-vce-element-content=\"true\"><div class=\"vce-col vce-col--md-50p vce-col--xs-1 vce-col--xs-last vce-col--xs-first vce-col--sm-last vce-col--sm-first vce-col--md-first vce-col--lg-first vce-col--xl-first\" id=\"el-bb582009\" data-vce-do-apply=\"background border el-bb582009\"><div class=\"vce-col-inner\" data-vce-element-content=\"true\" data-vce-do-apply=\"padding margin  el-bb582009\"><div class=\"vce-single-image-container vce-single-image--align-left\"><div class=\"vce vce-single-image-wrapper\" id=\"el-002fa24a\" data-vce-do-apply=\"all el-002fa24a\"><figure><div class=\"vce-single-image-inner\"><img class=\"vce-single-image\" data-width=\"600\" data-height=\"400\"src=\"https:\/\/www.related.dk\/macao-tradekit\/wp-content\/uploads\/2018\/11\/bridge-600x400.jpg\" data-img-src=\"https:\/\/www.related.dk\/macao-tradekit\/wp-content\/uploads\/2018\/11\/bridge.jpg\" alt=\"\" title=\"bridge\"\/><\/div><\/figure><\/div><\/div><\/div><\/div><div class=\"vce-col vce-col--md-50p vce-col--xs-1 vce-col--xs-last vce-col--xs-first vce-col--sm-last vce-col--sm-first vce-col--md-last vce-col--lg-last vce-col--xl-last\" id=\"el-8e91bb19\" data-vce-do-apply=\"background border el-8e91bb19\"><div class=\"vce-col-inner\" data-vce-element-content=\"true\" data-vce-do-apply=\"padding margin  el-8e91bb19\"><div class=\"vce-single-image-container vce-single-image--align-left\"><div class=\"vce vce-single-image-wrapper\" id=\"el-3c160c41\" data-vce-do-apply=\"all el-3c160c41\"><figure><div class=\"vce-single-image-inner\"><img class=\"vce-single-image\" data-width=\"600\" data-height=\"400\"src=\"https:\/\/www.related.dk\/macao-tradekit\/wp-content\/uploads\/2018\/11\/ferry-600x400.jpg\" data-img-src=\"https:\/\/www.related.dk\/macao-tradekit\/wp-content\/uploads\/2018\/11\/ferry.jpg\" alt=\"\" title=\"ferry\"\/><\/div><\/figure><\/div><\/div><\/div><\/div><\/div><\/div><\/div><div class=\"vce-row-container\"><div class=\"vce-row vce-row--col-gap-30 vce-row-columns--top vce-row-content--top\" id=\"el-64c66f20\" data-vce-do-apply=\"all el-64c66f20\"><div class=\"vce-row-content\" data-vce-element-content=\"true\"><div class=\"vce-col vce-col--md-50p vce-col--xs-1 vce-col--xs-last vce-col--xs-first vce-col--sm-last vce-col--sm-first vce-col--md-first vce-col--lg-first vce-col--xl-first\" id=\"el-bf7565a6\" data-vce-do-apply=\"background border el-bf7565a6\"><div class=\"vce-col-inner\" data-vce-element-content=\"true\" data-vce-do-apply=\"padding margin  el-bf7565a6\"><div class=\"vce-single-image-container vce-single-image--align-left\"><div class=\"vce vce-single-image-wrapper\" id=\"el-0ea55448\" data-vce-do-apply=\"all el-0ea55448\"><figure><div class=\"vce-single-image-inner\"><img class=\"vce-single-image\" data-width=\"590\" data-height=\"375\"src=\"https:\/\/www.related.dk\/macao-tradekit\/wp-content\/uploads\/2018\/11\/Airport-sign_2-590x375.png\" data-img-src=\"https:\/\/www.related.dk\/macao-tradekit\/wp-content\/uploads\/2018\/11\/Airport-sign_2.png\" alt=\"\" title=\"Airport sign_2\"\/><\/div><\/figure><\/div><\/div><\/div><\/div><div class=\"vce-col vce-col--md-50p vce-col--xs-1 vce-col--xs-last vce-col--xs-first vce-col--sm-last vce-col--sm-first vce-col--md-last vce-col--lg-last vce-col--xl-last\" id=\"el-8f81ee35\" data-vce-do-apply=\"background border el-8f81ee35\"><div class=\"vce-col-inner\" data-vce-element-content=\"true\" data-vce-do-apply=\"padding margin  el-8f81ee35\"><div class=\"vce-single-image-container vce-single-image--align-left\"><div class=\"vce vce-single-image-wrapper\" id=\"el-a18ae3b9\" data-vce-do-apply=\"all el-a18ae3b9\"><figure><div class=\"vce-single-image-inner\"><img class=\"vce-single-image\" data-width=\"593\" data-height=\"374\"src=\"https:\/\/www.related.dk\/macao-tradekit\/wp-content\/uploads\/2018\/11\/Airport-sign_1-593x374.png\" data-img-src=\"https:\/\/www.related.dk\/macao-tradekit\/wp-content\/uploads\/2018\/11\/Airport-sign_1.png\" alt=\"\" title=\"Airport sign_1\"\/><\/div><\/figure><\/div><\/div><\/div><\/div><\/div><\/div><\/div><div class=\"vce-row-container\"><div class=\"vce-row vce-row--col-gap-30 vce-row-columns--top vce-row-content--top\" id=\"el-066c3a54\" data-vce-do-apply=\"all el-066c3a54\"><div class=\"vce-row-content\" data-vce-element-content=\"true\"><div class=\"vce-col vce-col--md-auto vce-col--xs-1 vce-col--xs-last vce-col--xs-first vce-col--sm-last vce-col--sm-first vce-col--md-last vce-col--lg-last vce-col--xl-last vce-col--md-first vce-col--lg-first vce-col--xl-first\" id=\"el-ab4822e3\" data-vce-do-apply=\"background border el-ab4822e3\"><div class=\"vce-col-inner\" data-vce-element-content=\"true\" data-vce-do-apply=\"padding margin  el-ab4822e3\"><div class=\"vce-text-block\"><div class=\"vce-text-block-wrapper vce\" id=\"el-dde9747c\" data-vce-do-apply=\"all el-dde9747c\"><p>P\u00e5 flygplatsen finns tydliga skyltar vilket g\u00f6r det enkelt att hitta till f\u00e4rjeterminalen.<\/p><p>All skyltning \u00e4r p\u00e5 b\u00e5de kinesiska och engelska.<\/p><\/div><\/div><\/div><\/div><\/div><\/div><\/div>\n","protected":false},"excerpt":{"rendered":"<p>TRANSPORTFlyg till HongkongSedan 28 oktober 2018 flyger SAS direkt till Hongkong fr\u00e5n K\u00f6penhamn, med avg\u00e5ngar per vecka. Resan ar 10 timmar och 20 minuter.Finnair har dagliga avg\u00e5ngar fr\u00e5n Helsingfors till Hong Kong. Resan tar knappt 10 timmar.Fr\u00e5n Hongkong till MacaoFr\u00e5n Hong Kong International Airport kan man enkelt resa vidare direkt till Macao \u2013 utan att &hellip; <\/p>\n<p class=\"link-more\"><a href=\"https:\/\/www.related.dk\/macao-tradekit\/om-macao\/transport\/?lang=sv\" class=\"more-link\">L\u00e6s videre<span class=\"screen-reader-text\"> &#8220;Transport&#8221;<\/span><\/a><\/p>\n","protected":false},"author":2,"featured_media":0,"parent":718,"menu_order":0,"comment_status":"closed","ping_status":"closed","template":"","meta":[],"_links":{"self":[{"href":"https:\/\/www.related.dk\/macao-tradekit\/wp-json\/wp\/v2\/pages\/723"}],"collection":[{"href":"https:\/\/www.related.dk\/macao-tradekit\/wp-json\/wp\/v2\/pages"}],"about":[{"href":"https:\/\/www.related.dk\/macao-tradekit\/wp-json\/wp\/v2\/types\/page"}],"author":[{"embeddable":true,"href":"https:\/\/www.related.dk\/macao-tradekit\/wp-json\/wp\/v2\/users\/2"}],"replies":[{"embeddable":true,"href":"https:\/\/www.related.dk\/macao-tradekit\/wp-json\/wp\/v2\/comments?post=723"}],"version-history":[{"count":6,"href":"https:\/\/www.related.dk\/macao-tradekit\/wp-json\/wp\/v2\/pages\/723\/revisions"}],"predecessor-version":[{"id":1389,"href":"https:\/\/www.related.dk\/macao-tradekit\/wp-json\/wp\/v2\/pages\/723\/revisions\/1389"}],"up":[{"embeddable":true,"href":"https:\/\/www.related.dk\/macao-tradekit\/wp-json\/wp\/v2\/pages\/718"}],"wp:attachment":[{"href":"https:\/\/www.related.dk\/macao-tradekit\/wp-json\/wp\/v2\/media?parent=723"}],"curies":[{"name":"wp","href":"https:\/\/api.w.org\/{rel}","templated":true}]}}