{"id":663,"date":"2018-11-22T07:02:46","date_gmt":"2018-11-22T07:02:46","guid":{"rendered":"http:\/\/www.related.dk\/macao-tradekit\/varfoer-macau\/"},"modified":"2018-12-05T15:40:19","modified_gmt":"2018-12-05T15:40:19","slug":"varfoer-macau","status":"publish","type":"page","link":"https:\/\/www.related.dk\/macao-tradekit\/om-macao\/varfoer-macau\/?lang=sv","title":{"rendered":""},"content":{"rendered":"<div class=\"vce-row-container\"><div class=\"vce-row vce-row--col-gap-30 vce-row-columns--top vce-row-content--top\" id=\"el-d9f14eba\" data-vce-do-apply=\"all el-d9f14eba\"><div class=\"vce-row-content\" data-vce-element-content=\"true\"><div class=\"vce-col vce-col--md-100p vce-col--xs-1 vce-col--xs-last vce-col--xs-first vce-col--sm-last vce-col--sm-first vce-col--md-last vce-col--lg-last vce-col--xl-last vce-col--md-first vce-col--lg-first vce-col--xl-first\" id=\"el-6a7e3967\" data-vce-do-apply=\"background border el-6a7e3967\"><div class=\"vce-col-inner\" data-vce-do-apply=\"padding margin  el-6a7e3967\" data-vce-element-content=\"true\"><div class=\"vce-text-block\"><div class=\"vce-text-block-wrapper vce\" id=\"el-f0b94722\" data-vce-do-apply=\"all el-f0b94722\"><p><!--vcv no format--><\/p><div class=\"vce-row-container\"><div class=\"vce-row vce-row--col-gap-30 vce-row-columns--top vce-row-content--top\" id=\"el-d3846d7f\" data-vce-do-apply=\"all el-d3846d7f\"><div class=\"vce-row-content\" data-vce-element-content=\"true\"><div class=\"vce-col vce-col--md-auto vce-col--xs-1 vce-col--xs-last vce-col--xs-first vce-col--sm-last vce-col--sm-first vce-col--md-last vce-col--lg-last vce-col--xl-last vce-col--md-first vce-col--lg-first vce-col--xl-first\" id=\"el-e41c04c3\" data-vce-do-apply=\"background border el-e41c04c3\"><div class=\"vce-col-inner\" data-vce-do-apply=\"padding margin el-e41c04c3\" data-vce-element-content=\"true\"><section class=\"vce-hero-section-container vce-hero-section-media--xs vce-hero-section-media--sm vce-hero-section-media--md vce-hero-section-media--lg\"><div class=\"vce vce-hero-section vce-hero-section--alignment-start\" id=\"el-c978f1fc\" data-vce-do-apply=\"margin background border el-c978f1fc\"><div class=\"vce-hero-section--wrap-row vce-hero-section--background-position-center-center\" style=\"background-image: url('https:\/\/www.related.dk\/macao-tradekit\/wp-content\/uploads\/2018\/11\/Banner_12609_6.jpg');\"><div class=\"vce-hero-section--wrap\"><div class=\"vce-hero-section--content\" data-vce-do-apply=\"padding el-c978f1fc\"><div class=\"vce-hero-section--content-container\"><h1><b>VARF\u00d6R MACAO?<\/b><\/h1><\/div><\/div><\/div><\/div><\/div><\/section><\/div><\/div><\/div><\/div><\/div><div class=\"vce-row-container\"><div class=\"vce-row vce-row--col-gap-30 vce-row-columns--top vce-row-content--top\" id=\"el-2c554b22\" data-vce-do-apply=\"all el-2c554b22\"><div class=\"vce-row-content\" data-vce-element-content=\"true\"><div class=\"vce-col vce-col--md-auto vce-col--xs-1 vce-col--xs-last vce-col--xs-first vce-col--sm-last vce-col--sm-first vce-col--md-last vce-col--lg-last vce-col--xl-last vce-col--md-first vce-col--lg-first vce-col--xl-first\" id=\"el-c4f94728\" data-vce-do-apply=\"background border el-c4f94728\"><div class=\"vce-col-inner\" data-vce-do-apply=\"padding margin el-c4f94728\" data-vce-element-content=\"true\"><div class=\"vce-text-block\"><div class=\"vce-text-block-wrapper vce\" id=\"el-01e3f4f1\" data-vce-do-apply=\"all el-01e3f4f1\"><p><b><\/b>Macao \u00e4r ett m\u00e5ste speciellt f\u00f6r den matintresserade \u2013 h\u00e4r kan man njuta av mat i v\u00e4rldsklass med inspiration fr\u00e5n b\u00e5de Asien och Portugal. H\u00e4r finns inte mindre \u00e4n 19 Michelin-restauranger och 12 gatuk\u00f6k som \u00e4r speciellt rekommenderade av Guide Michelin.<\/p><p>I slutet av 2017 uts\u00e5gs Macao till UNESCO v\u00e4rldsarv just med h\u00e4nsyn till gastronomi och tillf\u00f6rdes till listan \u201dCreative Cities Network\u201d (UCCN).<\/p><p>F\u00f6r den kultur- och historieintresserade bjuder Macao dessutom p\u00e5 en ganska unik mix av europeisk och asiatisk kultur och arkitektur, d\u00e4r inflytandet fr\u00e5n b\u00e5de Kina och Portugal \u00e4r tydlig. Macaos historiska centrum har utsetts till v\u00e4rldsarv av UNESCO och h\u00e4r hittar man allt fr\u00e5n tempel och kyrkor till ett bibliotek och mysiga torg.<\/p><p>Metropolen har ocks\u00e5 ett stort urval av f\u00f6rest\u00e4llningar att v\u00e4lja mellan och bjuder p\u00e5 bra m\u00f6jligheter till shopping.<\/p><\/div><\/div><\/div><\/div><\/div><\/div><\/div><p><!--vcv no format--><\/p><\/div><div class=\"vce-text-block-wrapper vce\" style=\"width: 0px; height: 0px; right: 0px; bottom: 0px; overflow: hidden; position: fixed;\" data-vce-do-apply=\"all el-f0b94722\"><p><!--vcv no format--><\/p><div class=\"vce-row-container\"><div class=\"vce-row vce-row--col-gap-30 vce-row-columns--top vce-row-content--top\" id=\"el-d3846d7f\" data-vce-do-apply=\"all el-d3846d7f\"><div class=\"vce-row-content\" data-vce-element-content=\"true\"><div class=\"vce-col vce-col--md-auto vce-col--xs-1 vce-col--xs-last vce-col--xs-first vce-col--sm-last vce-col--sm-first vce-col--md-last vce-col--lg-last vce-col--xl-last vce-col--md-first vce-col--lg-first vce-col--xl-first\" id=\"el-e41c04c3\" data-vce-do-apply=\"background border el-e41c04c3\"><div class=\"vce-col-inner\" data-vce-do-apply=\"padding margin el-e41c04c3\" data-vce-element-content=\"true\"><section class=\"vce-hero-section-container vce-hero-section-media--xs vce-hero-section-media--sm vce-hero-section-media--md vce-hero-section-media--lg\"><div class=\"vce vce-hero-section vce-hero-section--alignment-start\" id=\"el-c978f1fc\" data-vce-do-apply=\"margin background border el-c978f1fc\"><div class=\"vce-hero-section--wrap-row vce-hero-section--background-position-center-center\" style=\"background-image: url('https:\/\/www.related.dk\/macao-tradekit\/wp-content\/uploads\/2018\/11\/Banner_12609_6.jpg');\"><div class=\"vce-hero-section--wrap\"><div class=\"vce-hero-section--content\" data-vce-do-apply=\"padding el-c978f1fc\"><div class=\"vce-hero-section--content-container\"><h1><b>VARF\u00d6R MACAO?<\/b><\/h1><\/div><\/div><\/div><\/div><\/div><\/section><\/div><\/div><\/div><\/div><\/div><div class=\"vce-row-container\"><div class=\"vce-row vce-row--col-gap-30 vce-row-columns--top vce-row-content--top\" id=\"el-2c554b22\" data-vce-do-apply=\"all el-2c554b22\"><div class=\"vce-row-content\" data-vce-element-content=\"true\"><div class=\"vce-col vce-col--md-auto vce-col--xs-1 vce-col--xs-last vce-col--xs-first vce-col--sm-last vce-col--sm-first vce-col--md-last vce-col--lg-last vce-col--xl-last vce-col--md-first vce-col--lg-first vce-col--xl-first\" id=\"el-c4f94728\" data-vce-do-apply=\"background border el-c4f94728\"><div class=\"vce-col-inner\" data-vce-do-apply=\"padding margin el-c4f94728\" data-vce-element-content=\"true\"><div class=\"vce-text-block\"><div class=\"vce-text-block-wrapper vce\" id=\"el-01e3f4f1\" data-vce-do-apply=\"all el-01e3f4f1\"><p><b><\/b>Macao \u00e4r ett m\u00e5ste speciellt f\u00f6r den matintresserade \u2013 h\u00e4r kan man njuta av mat i v\u00e4rldsklass med inspiration fr\u00e5n b\u00e5de Asien och Portugal. H\u00e4r finns inte mindre \u00e4n 19 Michelin-restauranger och 12 gatuk\u00f6k som \u00e4r speciellt rekommenderade av Guide Michelin.<\/p><p>I slutet av 2017 uts\u00e5gs Macao till UNESCO v\u00e4rldsarv just med h\u00e4nsyn till gastronomi och tillf\u00f6rdes till listan \u201dCreative Cities Network\u201d (UCCN).<\/p><p>F\u00f6r den kultur- och historieintresserade bjuder Macao dessutom p\u00e5 en ganska unik mix av europeisk och asiatisk kultur och arkitektur, d\u00e4r inflytandet fr\u00e5n b\u00e5de Kina och Portugal \u00e4r tydlig. Macaos historiska centrum har utsetts till v\u00e4rldsarv av UNESCO och h\u00e4r hittar man allt fr\u00e5n tempel och kyrkor till ett bibliotek och mysiga torg.<\/p><p>Metropolen har ocks\u00e5 ett stort urval av f\u00f6rest\u00e4llningar att v\u00e4lja mellan och bjuder p\u00e5 bra m\u00f6jligheter till shopping.<\/p><\/div><\/div><\/div><\/div><\/div><\/div><\/div><p><!--vcv no format--><\/p><\/div><\/div><\/div><\/div><\/div><\/div><\/div><div class=\"vce-row-container\"><div class=\"vce-row vce-row--col-gap-30 vce-row-columns--top vce-row-content--top\" id=\"el-7d7a1068\" data-vce-do-apply=\"all el-7d7a1068\"><div class=\"vce-row-content\" data-vce-element-content=\"true\"><div class=\"vce-col vce-col--md-100p vce-col--xs-1 vce-col--xs-last vce-col--xs-first vce-col--sm-last vce-col--sm-first vce-col--md-last vce-col--lg-last vce-col--xl-last vce-col--md-first vce-col--lg-first vce-col--xl-first\" id=\"el-7a154f0a\" data-vce-do-apply=\"background border el-7a154f0a\"><div class=\"vce-col-inner\" data-vce-do-apply=\"padding margin  el-7a154f0a\" data-vce-element-content=\"true\"><\/div><\/div><\/div><\/div><\/div><div class=\"vce-row-container\"><div class=\"vce-row vce-row--col-gap-30 vce-row-columns--top vce-row-content--top\" id=\"el-92310eb2\" data-vce-do-apply=\"all el-92310eb2\"><div class=\"vce-row-content\" data-vce-element-content=\"true\"><div class=\"vce-col vce-col--md-25p vce-col--xs-1 vce-col--xs-last vce-col--xs-first vce-col--sm-last vce-col--sm-first vce-col--md-first vce-col--lg-first vce-col--xl-first\" id=\"el-5d74af6e\" data-vce-do-apply=\"background border el-5d74af6e\"><div class=\"vce-col-inner\" data-vce-do-apply=\"padding margin  el-5d74af6e\" data-vce-element-content=\"true\"><div class=\"vce-single-image-container vce-single-image--align-left\"><div class=\"vce vce-single-image-wrapper\" id=\"el-071b6f83\" data-vce-do-apply=\"all el-071b6f83\"><figure><div class=\"vce-single-image-inner\"><img class=\"vce-single-image\" data-width=\"684\" data-height=\"1024\"src=\"https:\/\/www.related.dk\/macao-tradekit\/wp-content\/uploads\/2018\/12\/macao-11-684x1024.jpg\" data-img-src=\"https:\/\/www.related.dk\/macao-tradekit\/wp-content\/uploads\/2018\/11\/macao-11.jpg\" alt=\"\" title=\"macao-11\"\/><\/div><\/figure><\/div><\/div><\/div><\/div><div class=\"vce-col vce-col--md-25p vce-col--xs-1 vce-col--xs-last vce-col--xs-first vce-col--sm-last vce-col--sm-first\" id=\"el-8a4d8d7e\" data-vce-do-apply=\"background border el-8a4d8d7e\"><div class=\"vce-col-inner\" data-vce-do-apply=\"padding margin  el-8a4d8d7e\" data-vce-element-content=\"true\"><div class=\"vce-single-image-container vce-single-image--align-left\"><div class=\"vce vce-single-image-wrapper\" id=\"el-6168f8c6\" data-vce-do-apply=\"all el-6168f8c6\"><figure><div class=\"vce-single-image-inner\"><img class=\"vce-single-image\" data-width=\"400\" data-height=\"600\"src=\"https:\/\/www.related.dk\/macao-tradekit\/wp-content\/uploads\/2018\/12\/600x400_12627_4-400x600.jpg\" data-img-src=\"https:\/\/www.related.dk\/macao-tradekit\/wp-content\/uploads\/2018\/11\/600x400_12627_4.jpg\" alt=\"\" title=\"600x400_12627_4\"\/><\/div><\/figure><\/div><\/div><\/div><\/div><div class=\"vce-col vce-col--md-25p vce-col--xs-1 vce-col--xs-last vce-col--xs-first vce-col--sm-last vce-col--sm-first\" id=\"el-58280568\" data-vce-do-apply=\"background border el-58280568\"><div class=\"vce-col-inner\" data-vce-do-apply=\"padding margin  el-58280568\" data-vce-element-content=\"true\"><div class=\"vce-single-image-container vce-single-image--align-left\"><div class=\"vce vce-single-image-wrapper\" id=\"el-32523d9b\" data-vce-do-apply=\"all el-32523d9b\"><figure><div class=\"vce-single-image-inner\"><img class=\"vce-single-image\" data-width=\"400\" data-height=\"600\"src=\"https:\/\/www.related.dk\/macao-tradekit\/wp-content\/uploads\/2018\/12\/600x400_321_6-400x600.jpg\" data-img-src=\"https:\/\/www.related.dk\/macao-tradekit\/wp-content\/uploads\/2018\/11\/600x400_321_6.jpg\" alt=\"\" title=\"600x400_321_6\"\/><\/div><\/figure><\/div><\/div><\/div><\/div><div class=\"vce-col vce-col--md-25p vce-col--xs-1 vce-col--xs-last vce-col--xs-first vce-col--sm-last vce-col--sm-first vce-col--md-last vce-col--lg-last vce-col--xl-last\" id=\"el-92712842\" data-vce-do-apply=\"background border el-92712842\"><div class=\"vce-col-inner\" data-vce-do-apply=\"padding margin  el-92712842\" data-vce-element-content=\"true\"><div class=\"vce-single-image-container vce-single-image--align-left\"><div class=\"vce vce-single-image-wrapper\" id=\"el-01771c1f\" data-vce-do-apply=\"all el-01771c1f\"><figure><div class=\"vce-single-image-inner\"><img class=\"vce-single-image\" data-width=\"400\" data-height=\"600\"src=\"https:\/\/www.related.dk\/macao-tradekit\/wp-content\/uploads\/2018\/12\/600x400_12148_1-400x600.jpg\" data-img-src=\"https:\/\/www.related.dk\/macao-tradekit\/wp-content\/uploads\/2018\/11\/600x400_12148_1.jpg\" alt=\"\" title=\"600x400_12148_1\"\/><\/div><\/figure><\/div><\/div><\/div><\/div><\/div><\/div><\/div>\n","protected":false},"excerpt":{"rendered":"<p>VARF\u00d6R MACAO?Macao \u00e4r ett m\u00e5ste speciellt f\u00f6r den matintresserade \u2013 h\u00e4r kan man njuta av mat i v\u00e4rldsklass med inspiration fr\u00e5n b\u00e5de Asien och Portugal. H\u00e4r finns inte mindre \u00e4n 19 Michelin-restauranger och 12 gatuk\u00f6k som \u00e4r speciellt rekommenderade av Guide Michelin.I slutet av 2017 uts\u00e5gs Macao till UNESCO v\u00e4rldsarv just med h\u00e4nsyn till gastronomi &hellip; <\/p>\n<p class=\"link-more\"><a href=\"https:\/\/www.related.dk\/macao-tradekit\/om-macao\/varfoer-macau\/?lang=sv\" class=\"more-link\">L\u00e6s videre<span class=\"screen-reader-text\"> &#8220;&#8221;<\/span><\/a><\/p>\n","protected":false},"author":2,"featured_media":0,"parent":718,"menu_order":0,"comment_status":"closed","ping_status":"closed","template":"","meta":[],"_links":{"self":[{"href":"https:\/\/www.related.dk\/macao-tradekit\/wp-json\/wp\/v2\/pages\/663"}],"collection":[{"href":"https:\/\/www.related.dk\/macao-tradekit\/wp-json\/wp\/v2\/pages"}],"about":[{"href":"https:\/\/www.related.dk\/macao-tradekit\/wp-json\/wp\/v2\/types\/page"}],"author":[{"embeddable":true,"href":"https:\/\/www.related.dk\/macao-tradekit\/wp-json\/wp\/v2\/users\/2"}],"replies":[{"embeddable":true,"href":"https:\/\/www.related.dk\/macao-tradekit\/wp-json\/wp\/v2\/comments?post=663"}],"version-history":[{"count":6,"href":"https:\/\/www.related.dk\/macao-tradekit\/wp-json\/wp\/v2\/pages\/663\/revisions"}],"predecessor-version":[{"id":1452,"href":"https:\/\/www.related.dk\/macao-tradekit\/wp-json\/wp\/v2\/pages\/663\/revisions\/1452"}],"up":[{"embeddable":true,"href":"https:\/\/www.related.dk\/macao-tradekit\/wp-json\/wp\/v2\/pages\/718"}],"wp:attachment":[{"href":"https:\/\/www.related.dk\/macao-tradekit\/wp-json\/wp\/v2\/media?parent=663"}],"curies":[{"name":"wp","href":"https:\/\/api.w.org\/{rel}","templated":true}]}}