{"id":530,"date":"2018-11-20T19:05:22","date_gmt":"2018-11-20T19:05:22","guid":{"rendered":"http:\/\/www.related.dk\/macao-tradekit\/?page_id=530"},"modified":"2018-11-24T12:53:42","modified_gmt":"2018-11-24T12:53:42","slug":"kontakt","status":"publish","type":"page","link":"https:\/\/www.related.dk\/macao-tradekit\/kontakt\/","title":{"rendered":"Kontakt"},"content":{"rendered":"<div class=\"vce-row-container\"><div class=\"vce-row vce-row--col-gap-30 vce-row-columns--top vce-row-content--top\" id=\"el-b25cf91d\" data-vce-do-apply=\"all el-b25cf91d\"><div class=\"vce-row-content\" data-vce-element-content=\"true\"><div class=\"vce-col vce-col--md-auto vce-col--xs-1 vce-col--xs-last vce-col--xs-first vce-col--sm-last vce-col--sm-first vce-col--md-last vce-col--lg-last vce-col--xl-last vce-col--md-first vce-col--lg-first vce-col--xl-first\" id=\"el-c82b68ae\" data-vce-do-apply=\"background border el-c82b68ae\"><div class=\"vce-col-inner\" data-vce-element-content=\"true\" data-vce-do-apply=\"padding margin  el-c82b68ae\"><section class=\"vce-hero-section-container vce-hero-section-media--xs vce-hero-section-media--sm vce-hero-section-media--md vce-hero-section-media--lg\"><div class=\"vce vce-hero-section vce-hero-section--alignment-start\" id=\"el-ff29d7e0\" data-vce-do-apply=\"margin background border  el-ff29d7e0\"><div class=\"vce-hero-section--wrap-row vce-hero-section--background-position-center-center\" style=\"background-image: url('https:\/\/www.related.dk\/macao-tradekit\/wp-content\/uploads\/2018\/11\/Banner_12616_1_kontakt2.jpg');\"><div class=\"vce-hero-section--wrap\"><div class=\"vce-hero-section--content\" data-vce-do-apply=\"padding el-ff29d7e0\"><div class=\"vce-hero-section--content-container\"><h1><strong>KONTAKT<\/strong><\/h1><\/div><\/div><\/div><\/div><\/div><\/section><\/div><\/div><\/div><\/div><\/div><div class=\"vce-row-container\"><div class=\"vce-row vce-row--col-gap-30 vce-row-columns--top vce-row-content--top\" id=\"el-e3fa4689\" data-vce-do-apply=\"all el-e3fa4689\"><div class=\"vce-row-content\" data-vce-element-content=\"true\"><div class=\"vce-col vce-col--md-66-66p vce-col--xs-1 vce-col--xs-last vce-col--xs-first vce-col--sm-last vce-col--sm-first vce-col--md-first vce-col--lg-first vce-col--xl-first\" id=\"el-f68ae4f7\" data-vce-do-apply=\"background border el-f68ae4f7\"><div class=\"vce-col-inner\" data-vce-element-content=\"true\" data-vce-do-apply=\"padding margin  el-f68ae4f7\"><div class=\"vce-text-block\"><div class=\"vce-text-block-wrapper vce\" id=\"el-8b055856\" data-vce-do-apply=\"all el-8b055856\"><h4>Har du ideer til samarbejde, forslag til kampagner eller brug for yderligere information, venligst kontakt:<\/h4><p>Trade-ansvarlig for Macao i Norden, Henrik Koch<br>Mail: <a href=\"mailto:hek@related.dk\" rel=\"noopener\">hek@related.dk<\/a><br>Tlf. +45 2231 5930<\/p><h4>For foresp\u00f8rgsler om PR- eller influencer-samarbejder, venligst kontakt:<\/h4><p>PR-ansvarlig for Macao i Norden, Christina Holm Hansen<br>Mail: <a href=\"mailto:chh@related.dk\" rel=\"noopener\">chh@related.dk<\/a><br>Tlf. +45 4014 3615<\/p><h4>Macaos Turistkontor<\/h4><p>Fysisk adresse: <br>Alameda Dr. Carlos d'Assump\u00e7\u00e3o, n.os 335-341,<br><span style=\"font-size: 1rem;\">Edif\u00edcio \"Hot Line\", <br><\/span><span style=\"font-size: 1rem;\">12\u00ba andar<br><\/span>Macau<\/p><p><a href=\"http:\/\/en.macaotourism.gov.mo\/index.php\" target=\"_blank\" rel=\"noopener\">macaotourism.gov.mo<\/a><\/p><\/div><\/div><\/div><\/div><div class=\"vce-col vce-col--md-33-34p vce-col--xs-1 vce-col--xs-last vce-col--xs-first vce-col--sm-last vce-col--sm-first vce-col--md-last vce-col--lg-last vce-col--xl-last\" id=\"el-62abc11c\" data-vce-do-apply=\"background border el-62abc11c\"><div class=\"vce-col-inner\" data-vce-element-content=\"true\" data-vce-do-apply=\"padding margin  el-62abc11c\"><div class=\"vce-single-image-container vce-single-image--align-left\"><div class=\"vce vce-single-image-wrapper\" id=\"el-f5f29692\" data-vce-do-apply=\"all el-f5f29692\"><figure><div class=\"vce-single-image-inner\"><img class=\"vce-single-image\" data-width=\"1024\" data-height=\"682\"src=\"https:\/\/www.related.dk\/macao-tradekit\/wp-content\/uploads\/2018\/11\/MTB_Jacob_Photo-0024-1024x682.jpg\" data-img-src=\"https:\/\/www.related.dk\/macao-tradekit\/wp-content\/uploads\/2018\/11\/MTB_Jacob_Photo-0024.jpg\" alt=\"\" title=\"MTB_Jacob_Photo-0024\"\/><\/div><\/figure><\/div><\/div><div class=\"vce-single-image-container vce-single-image--align-left\"><div class=\"vce vce-single-image-wrapper\" id=\"el-57e84400\" data-vce-do-apply=\"all el-57e84400\"><figure><div class=\"vce-single-image-inner\"><img class=\"vce-single-image\" data-width=\"1024\" data-height=\"682\"src=\"https:\/\/www.related.dk\/macao-tradekit\/wp-content\/uploads\/2018\/11\/Macau-79-1024x682.jpg\" data-img-src=\"https:\/\/www.related.dk\/macao-tradekit\/wp-content\/uploads\/2018\/11\/Macau-79.jpg\" alt=\"\" title=\"Macau-79\"\/><\/div><\/figure><\/div><\/div><\/div><\/div><\/div><\/div><\/div>\n","protected":false},"excerpt":{"rendered":"<p>KONTAKTHar du ideer til samarbejde, forslag til kampagner eller brug for yderligere information, venligst kontakt:Trade-ansvarlig for Macao i Norden, Henrik KochMail: hek@related.dkTlf. +45 2231 5930For foresp\u00f8rgsler om PR- eller influencer-samarbejder, venligst kontakt:PR-ansvarlig for Macao i Norden, Christina Holm HansenMail: chh@related.dkTlf. +45 4014 3615Macaos TuristkontorFysisk adresse: Alameda Dr. Carlos d&#8217;Assump\u00e7\u00e3o, n.os 335-341,Edif\u00edcio &#8220;Hot Line&#8221;, 12\u00ba andarMacaumacaotourism.gov.mo<\/p>\n","protected":false},"author":2,"featured_media":0,"parent":0,"menu_order":0,"comment_status":"closed","ping_status":"closed","template":"","meta":[],"_links":{"self":[{"href":"https:\/\/www.related.dk\/macao-tradekit\/wp-json\/wp\/v2\/pages\/530"}],"collection":[{"href":"https:\/\/www.related.dk\/macao-tradekit\/wp-json\/wp\/v2\/pages"}],"about":[{"href":"https:\/\/www.related.dk\/macao-tradekit\/wp-json\/wp\/v2\/types\/page"}],"author":[{"embeddable":true,"href":"https:\/\/www.related.dk\/macao-tradekit\/wp-json\/wp\/v2\/users\/2"}],"replies":[{"embeddable":true,"href":"https:\/\/www.related.dk\/macao-tradekit\/wp-json\/wp\/v2\/comments?post=530"}],"version-history":[{"count":7,"href":"https:\/\/www.related.dk\/macao-tradekit\/wp-json\/wp\/v2\/pages\/530\/revisions"}],"predecessor-version":[{"id":1439,"href":"https:\/\/www.related.dk\/macao-tradekit\/wp-json\/wp\/v2\/pages\/530\/revisions\/1439"}],"wp:attachment":[{"href":"https:\/\/www.related.dk\/macao-tradekit\/wp-json\/wp\/v2\/media?parent=530"}],"curies":[{"name":"wp","href":"https:\/\/api.w.org\/{rel}","templated":true}]}}