{"id":521,"date":"2018-11-20T18:58:45","date_gmt":"2018-11-20T18:58:45","guid":{"rendered":"http:\/\/www.related.dk\/macao-tradekit\/?page_id=521"},"modified":"2018-11-21T11:06:43","modified_gmt":"2018-11-21T11:06:43","slug":"events-og-festivaler","status":"publish","type":"page","link":"https:\/\/www.related.dk\/macao-tradekit\/oplevelser\/events-og-festivaler\/","title":{"rendered":"Events og festivaler"},"content":{"rendered":"<div class=\"vce-row-container\"><div class=\"vce-row vce-row--col-gap-30 vce-row-columns--top vce-row-content--top\" id=\"el-cb29e78f\" data-vce-do-apply=\"all el-cb29e78f\"><div class=\"vce-row-content\" data-vce-element-content=\"true\"><div class=\"vce-col vce-col--md-auto vce-col--xs-1 vce-col--xs-last vce-col--xs-first vce-col--sm-last vce-col--sm-first vce-col--md-last vce-col--lg-last vce-col--xl-last vce-col--md-first vce-col--lg-first vce-col--xl-first\" id=\"el-a388f5e5\" data-vce-do-apply=\"background border el-a388f5e5\"><div class=\"vce-col-inner\" data-vce-element-content=\"true\" data-vce-do-apply=\"padding margin  el-a388f5e5\"><section class=\"vce-hero-section-container vce-hero-section-media--xs vce-hero-section-media--sm vce-hero-section-media--md vce-hero-section-media--lg\"><div class=\"vce vce-hero-section vce-hero-section--alignment-start\" id=\"el-ac1f87fe\" data-vce-do-apply=\"margin background border  el-ac1f87fe\"><div class=\"vce-hero-section--wrap-row vce-hero-section--background-position-center-center\" style=\"background-image: url('https:\/\/www.related.dk\/macao-tradekit\/wp-content\/uploads\/2018\/11\/Banner_330_3_events.jpg');\"><div class=\"vce-hero-section--wrap\"><div class=\"vce-hero-section--content\" data-vce-do-apply=\"padding el-ac1f87fe\"><div class=\"vce-hero-section--content-container\"><h1><strong>EVENTS OG FESTIVALER<\/strong><\/h1><\/div><\/div><\/div><\/div><\/div><\/section><\/div><\/div><\/div><\/div><\/div><div class=\"vce-row-container\"><div class=\"vce-row vce-row--col-gap-30 vce-row-columns--top vce-row-content--top\" id=\"el-b0232fee\" data-vce-do-apply=\"all el-b0232fee\"><div class=\"vce-row-content\" data-vce-element-content=\"true\"><div class=\"vce-col vce-col--md-auto vce-col--xs-1 vce-col--xs-last vce-col--xs-first vce-col--sm-last vce-col--sm-first vce-col--md-last vce-col--lg-last vce-col--xl-last vce-col--md-first vce-col--lg-first vce-col--xl-first\" id=\"el-9d87335c\" data-vce-do-apply=\"background border el-9d87335c\"><div class=\"vce-col-inner\" data-vce-element-content=\"true\" data-vce-do-apply=\"padding margin  el-9d87335c\"><div class=\"vce-text-block\"><div class=\"vce-text-block-wrapper vce\" id=\"el-82611744\" data-vce-do-apply=\"all el-82611744\"><p>N\u00e6rmest uanset hvorn\u00e5r p\u00e5 \u00e5ret, man bes\u00f8ger Macao, kan man v\u00e6re sikker p\u00e5 at finde en lokal event eller festival.<\/p><p>Her er nogle af \u00e5rets h\u00f8jdepunkter \u2013 for pr\u00e6cise datoer og n\u00e6rmere detaljer, <a href=\"http:\/\/en.macaotourism.gov.mo\/events\/calendar.php\" target=\"_blank\" rel=\"noopener\">se turistr\u00e5dets hjemmeside her<\/a>.<\/p><p>Januar: <strong>Macao City Fringe Festival<\/strong><\/p><p>Februar: <strong>Kinesisk Nyt\u00e5r<\/strong><\/p><p>Marts: <strong>P\u00e5ske<\/strong><\/p><p>April: <strong>A-Ma Festival<\/strong><\/p><p>Maj: <strong>Macao Arts Festival<\/strong> + <strong>Dragon Boat Festival<\/strong><\/p><p>Juni: <strong>Lotus Flower Festival<\/strong><\/p><p>Juli: <strong>International Youth Dance Festival<\/strong><\/p><p>August: <strong>Wushu Masters Challenge<\/strong><\/p><p>September\/Oktober: <strong>Macao International Fireworks Display<\/strong> <strong>Contest<\/strong><\/p><p>Oktober\/November: <strong>Macao International Music Festival<\/strong><\/p><p>November: <strong>Macau Food Festival<\/strong> + <strong>Macao Grand Prix<\/strong><\/p><p>December: <strong>Macao Light Festival<\/strong> + <strong>Macao Latin Festival<\/strong><\/p><\/div><\/div><\/div><\/div><\/div><\/div><\/div><div class=\"vce-row-container\"><div class=\"vce-row vce-row--col-gap-30 vce-row-columns--top vce-row-content--top\" id=\"el-d0263f1a\" data-vce-do-apply=\"all el-d0263f1a\"><div class=\"vce-row-content\" data-vce-element-content=\"true\"><div class=\"vce-col vce-col--md-50p vce-col--xs-1 vce-col--xs-last vce-col--xs-first vce-col--sm-last vce-col--sm-first vce-col--md-first vce-col--lg-first vce-col--xl-first\" id=\"el-31a654b1\" data-vce-do-apply=\"background border el-31a654b1\"><div class=\"vce-col-inner\" data-vce-element-content=\"true\" data-vce-do-apply=\"padding margin  el-31a654b1\"><div class=\"vce-single-image-container vce-single-image--align-left\"><div class=\"vce vce-single-image-wrapper\" id=\"el-4df5ecc7\" data-vce-do-apply=\"all el-4df5ecc7\"><figure><div class=\"vce-single-image-inner\"><img class=\"vce-single-image\" data-width=\"600\" data-height=\"400\"src=\"https:\/\/www.related.dk\/macao-tradekit\/wp-content\/uploads\/2018\/11\/event_1_400x600-600x400.jpg\" data-img-src=\"https:\/\/www.related.dk\/macao-tradekit\/wp-content\/uploads\/2018\/11\/event_1_400x600.jpg\" alt=\"\" title=\"event_1_400x600\"\/><\/div><\/figure><\/div><\/div><\/div><\/div><div class=\"vce-col vce-col--md-50p vce-col--xs-1 vce-col--xs-last vce-col--xs-first vce-col--sm-last vce-col--sm-first vce-col--md-last vce-col--lg-last vce-col--xl-last\" id=\"el-5b3fc401\" data-vce-do-apply=\"background border el-5b3fc401\"><div class=\"vce-col-inner\" data-vce-element-content=\"true\" data-vce-do-apply=\"padding margin  el-5b3fc401\"><div class=\"vce-single-image-container vce-single-image--align-left\"><div class=\"vce vce-single-image-wrapper\" id=\"el-f14160f5\" data-vce-do-apply=\"all el-f14160f5\"><figure><div class=\"vce-single-image-inner\"><img class=\"vce-single-image\" data-width=\"600\" data-height=\"400\"src=\"https:\/\/www.related.dk\/macao-tradekit\/wp-content\/uploads\/2018\/11\/event_2_400x600-600x400.jpg\" data-img-src=\"https:\/\/www.related.dk\/macao-tradekit\/wp-content\/uploads\/2018\/11\/event_2_400x600.jpg\" alt=\"\" title=\"event_2_400x600\"\/><\/div><\/figure><\/div><\/div><\/div><\/div><\/div><\/div><\/div><div class=\"vce-row-container\"><div class=\"vce-row vce-row--col-gap-30 vce-row-columns--top vce-row-content--top\" id=\"el-635c69cf\" data-vce-do-apply=\"all el-635c69cf\"><div class=\"vce-row-content\" data-vce-element-content=\"true\"><div class=\"vce-col vce-col--md-50p vce-col--xs-1 vce-col--xs-last vce-col--xs-first vce-col--sm-last vce-col--sm-first vce-col--md-first vce-col--lg-first vce-col--xl-first\" id=\"el-d68b4846\" data-vce-do-apply=\"background border el-d68b4846\"><div class=\"vce-col-inner\" data-vce-element-content=\"true\" data-vce-do-apply=\"padding margin  el-d68b4846\"><div class=\"vce-single-image-container vce-single-image--align-left\"><div class=\"vce vce-single-image-wrapper\" id=\"el-2863f144\" data-vce-do-apply=\"all el-2863f144\"><figure><div class=\"vce-single-image-inner\"><img class=\"vce-single-image\" data-width=\"600\" data-height=\"400\"src=\"https:\/\/www.related.dk\/macao-tradekit\/wp-content\/uploads\/2018\/11\/event_3-600x400.jpg\" data-img-src=\"https:\/\/www.related.dk\/macao-tradekit\/wp-content\/uploads\/2018\/11\/event_3.jpg\" alt=\"\" title=\"event_3\"\/><\/div><\/figure><\/div><\/div><\/div><\/div><div class=\"vce-col vce-col--md-50p vce-col--xs-1 vce-col--xs-last vce-col--xs-first vce-col--sm-last vce-col--sm-first vce-col--md-last vce-col--lg-last vce-col--xl-last\" id=\"el-4e6c6a2b\" data-vce-do-apply=\"background border el-4e6c6a2b\"><div class=\"vce-col-inner\" data-vce-element-content=\"true\" data-vce-do-apply=\"padding margin  el-4e6c6a2b\"><div class=\"vce-single-image-container vce-single-image--align-left\"><div class=\"vce vce-single-image-wrapper\" id=\"el-352b10e3\" data-vce-do-apply=\"all el-352b10e3\"><figure><div class=\"vce-single-image-inner\"><img class=\"vce-single-image\" data-width=\"600\" data-height=\"400\"src=\"https:\/\/www.related.dk\/macao-tradekit\/wp-content\/uploads\/2018\/11\/event_4-600x400.jpg\" data-img-src=\"https:\/\/www.related.dk\/macao-tradekit\/wp-content\/uploads\/2018\/11\/event_4.jpg\" alt=\"\" title=\"event_4\"\/><\/div><\/figure><\/div><\/div><\/div><\/div><\/div><\/div><\/div>\n","protected":false},"excerpt":{"rendered":"<p>EVENTS OG FESTIVALERN\u00e6rmest uanset hvorn\u00e5r p\u00e5 \u00e5ret, man bes\u00f8ger Macao, kan man v\u00e6re sikker p\u00e5 at finde en lokal event eller festival.Her er nogle af \u00e5rets h\u00f8jdepunkter \u2013 for pr\u00e6cise datoer og n\u00e6rmere detaljer, se turistr\u00e5dets hjemmeside her.Januar: Macao City Fringe FestivalFebruar: Kinesisk Nyt\u00e5rMarts: P\u00e5skeApril: A-Ma FestivalMaj: Macao Arts Festival + Dragon Boat FestivalJuni: Lotus &hellip; <\/p>\n<p class=\"link-more\"><a href=\"https:\/\/www.related.dk\/macao-tradekit\/oplevelser\/events-og-festivaler\/\" class=\"more-link\">L\u00e6s videre<span class=\"screen-reader-text\"> &#8220;Events og festivaler&#8221;<\/span><\/a><\/p>\n","protected":false},"author":2,"featured_media":0,"parent":406,"menu_order":0,"comment_status":"closed","ping_status":"closed","template":"","meta":[],"_links":{"self":[{"href":"https:\/\/www.related.dk\/macao-tradekit\/wp-json\/wp\/v2\/pages\/521"}],"collection":[{"href":"https:\/\/www.related.dk\/macao-tradekit\/wp-json\/wp\/v2\/pages"}],"about":[{"href":"https:\/\/www.related.dk\/macao-tradekit\/wp-json\/wp\/v2\/types\/page"}],"author":[{"embeddable":true,"href":"https:\/\/www.related.dk\/macao-tradekit\/wp-json\/wp\/v2\/users\/2"}],"replies":[{"embeddable":true,"href":"https:\/\/www.related.dk\/macao-tradekit\/wp-json\/wp\/v2\/comments?post=521"}],"version-history":[{"count":3,"href":"https:\/\/www.related.dk\/macao-tradekit\/wp-json\/wp\/v2\/pages\/521\/revisions"}],"predecessor-version":[{"id":633,"href":"https:\/\/www.related.dk\/macao-tradekit\/wp-json\/wp\/v2\/pages\/521\/revisions\/633"}],"up":[{"embeddable":true,"href":"https:\/\/www.related.dk\/macao-tradekit\/wp-json\/wp\/v2\/pages\/406"}],"wp:attachment":[{"href":"https:\/\/www.related.dk\/macao-tradekit\/wp-json\/wp\/v2\/media?parent=521"}],"curies":[{"name":"wp","href":"https:\/\/api.w.org\/{rel}","templated":true}]}}