{"id":1290,"date":"2018-11-23T11:40:38","date_gmt":"2018-11-23T11:40:38","guid":{"rendered":"http:\/\/www.related.dk\/macao-tradekit\/elaemykset\/historiallinen-macao\/"},"modified":"2018-11-24T13:04:20","modified_gmt":"2018-11-24T13:04:20","slug":"historiallinen-macao","status":"publish","type":"page","link":"https:\/\/www.related.dk\/macao-tradekit\/elaemykset\/historiallinen-macao\/?lang=fi","title":{"rendered":"Historiallinen Macao"},"content":{"rendered":"<div class=\"vce-row-container\"><div class=\"vce-row vce-row--col-gap-30 vce-row-columns--top vce-row-content--top\" id=\"el-75ab1f1d\" data-vce-do-apply=\"all el-75ab1f1d\"><div class=\"vce-row-content\" data-vce-element-content=\"true\"><div class=\"vce-col vce-col--md-100p vce-col--xs-1 vce-col--xs-last vce-col--xs-first vce-col--sm-last vce-col--sm-first vce-col--md-last vce-col--lg-last vce-col--xl-last vce-col--md-first vce-col--lg-first vce-col--xl-first\" id=\"el-994527cf\" data-vce-do-apply=\"background border el-994527cf\"><div class=\"vce-col-inner\" data-vce-element-content=\"true\" data-vce-do-apply=\"padding margin  el-994527cf\"><section class=\"vce-hero-section-container vce-hero-section-media--xs vce-hero-section-media--sm vce-hero-section-media--md vce-hero-section-media--lg\"><div class=\"vce vce-hero-section vce-hero-section--alignment-start\" id=\"el-b0dae1b7\" data-vce-do-apply=\"margin background border  el-b0dae1b7\"><div class=\"vce-hero-section--wrap-row vce-hero-section--background-position-center-center\" style=\"background-image: url('https:\/\/www.related.dk\/macao-tradekit\/wp-content\/uploads\/2018\/11\/Banner_historie_3-dage.jpg');\"><div class=\"vce-hero-section--wrap\"><div class=\"vce-hero-section--content\" data-vce-do-apply=\"padding el-b0dae1b7\"><div class=\"vce-hero-section--content-container\"><h1><strong>HISTORIALLINEN MACAO<\/strong><\/h1><\/div><\/div><\/div><\/div><\/div><\/section><\/div><\/div><\/div><\/div><\/div><div class=\"vce-row-container\"><div class=\"vce-row vce-row--col-gap-30 vce-row-columns--top vce-row-content--top\" id=\"el-2f680cf9\" data-vce-do-apply=\"all el-2f680cf9\"><div class=\"vce-row-content\" data-vce-element-content=\"true\"><div class=\"vce-col vce-col--md-100p vce-col--xs-1 vce-col--xs-last vce-col--xs-first vce-col--sm-last vce-col--sm-first vce-col--md-last vce-col--lg-last vce-col--xl-last vce-col--md-first vce-col--lg-first vce-col--xl-first\" id=\"el-6fe911c2\" data-vce-do-apply=\"background border el-6fe911c2\"><div class=\"vce-col-inner\" data-vce-element-content=\"true\" data-vce-do-apply=\"padding margin  el-6fe911c2\"><div class=\"vce-text-block\"><div class=\"vce-text-block-wrapper vce\" id=\"el-bbfecd75\" data-vce-do-apply=\"all el-bbfecd75\"><p>Macao tarjoaa kulttuurista ja historiasta kiinnostuneille ainutlaatuisen yhdistelm\u00e4n eurooppalaisia ja aasialaisia \u2013 varsinkin kiinalaisia ja portugalilaisia \u2013 vaikutteita, jotka n\u00e4kyv\u00e4t kulttuurissa ja arkkitehtuurissa.<\/p><h2>1. p\u00e4iv\u00e4: Historiallinen keskusta<\/h2><p>Tutustu Macaon historialliseen keskustaan, joka hyv\u00e4ksyttiin Unescon maailmanperint\u00f6luetteloon vuonna 2005.<\/p><h3>Aamup\u00e4iv\u00e4 ja iltap\u00e4iv\u00e4<\/h3><p>Vieraile Unescon maailmanperint\u00f6kohteeksi valitussa Macaon historiallisessa keskustassa ja koe muun muassa seuraavat n\u00e4ht\u00e4vyydet:<\/p><ul><li><strong>Pyh\u00e4n Paavalin kirkon rauniot<\/strong> (Ruins of St. Paul\u2019s) ovat j\u00e4\u00e4nne vuosina 1602\u20131640 rakennetusta Pyh\u00e4n Paavalin kirkosta. Kirkko oli osan Kaukoid\u00e4n ensimm\u00e4ist\u00e4 l\u00e4nsimaista yliopistoa, St. Paul\u2019s Collegea. Nykyisin kirkosta on j\u00e4ljell\u00e4 vain julkisivu.<\/li><li><strong>Na Tchan temppeli<\/strong> (Na Tcha Temple) on pieni perinteinen kiinalaistemppeli, joka rakennettiin Na Tcha -jumalan kunniaksi vuonna 1888. Yksinkertaisista materiaaleista rakennettu temppeli sijaitsee Pyh\u00e4n Paavalin kirkon l\u00e4hist\u00f6ll\u00e4. Alue symboloi siten l\u00e4ntisten ja kiinalaisten uskontojen kohtaamista sek\u00e4 Macaolle tunnusomaista uskonnonvapautta ja monikulttuurista avoimuutta.<\/li><li>K\u00e4vele pitkin romanttisten pastellinv\u00e4risten talojen reunustamaa<strong> \u201dLovers' Lane\u201d<\/strong> -mukulakivikatua kohti <strong>Senado Squarea<\/strong>, joka on ollut Macaon syd\u00e4n 1500-luvulta l\u00e4htien. Aukio tunnetaan mustavalkoisesta kiveyksest\u00e4\u00e4n, ja sill\u00e4 j\u00e4rjestet\u00e4\u00e4n nykyisin monia julkisia tapahtumia ja festivaaleja.<\/li><li>V\u00e4h\u00e4n matkan p\u00e4\u00e4st\u00e4 l\u00f6ytyy <strong>Pyh\u00e4n Dominicuksen kirkko<\/strong> (St. Dominic\u2019s Church). Vaaleankeltaista kirkkoa ihaillessa voi nauttia l\u00e4hist\u00f6n kojuista ostettua sy\u00f6t\u00e4v\u00e4\u00e4 tai juotavaa.<\/li><li><strong>Lou Kaun kartano<\/strong> (Lou Kau Mansion) rakennettiin vuonna 1889, ja se oli nimekk\u00e4\u00e4n kiinalaisen liikemiehen Lou Kaun koti. Tyyppiesimerkki kiinalaisesta Xiguan-arkkitehtuurista.<\/li><li><strong>Rua de Felicidade<\/strong> on entinen \u201dpunaisten lyhtyjen alue\u201d ja nykyisin ihanteellinen paikka paikallisten herkkujen ja matkamuistojen etsimiseen.<\/li><li><strong>Guian linnoitus<\/strong> (Guia Fortress) rakennettiin Macaon korkeimpaan kohtaan vuonna 1622. Hyvien n\u00e4kymien lis\u00e4ksi linnoitus tunnetaan kappelistaan ja majakastaan.<\/li><li><strong>Lou Lim Ieoc Garden<\/strong> on puutarha, joka rakennettiin 1800-luvulla Suzhou-periaatteiden mukaisesti, ja se on Macaon puutarhoista kaikkein kiinalaisin.<\/li><\/ul><h2>Ilta<\/h2><p>Valitse jokin Macaon monista portugalilaisista ravintoloista ja ota l\u00e4hituntumaa kaupungin eurooppalaiseen kulttuuriperint\u00f6\u00f6n.<\/p><\/div><\/div><\/div><\/div><\/div><\/div><\/div><div class=\"vce-row-container\"><div class=\"vce-row vce-row--col-gap-30 vce-row-columns--top vce-row-content--top\" id=\"el-9fa5ff94\" data-vce-do-apply=\"all el-9fa5ff94\"><div class=\"vce-row-content\" data-vce-element-content=\"true\"><div class=\"vce-col vce-col--md-50p vce-col--xs-1 vce-col--xs-last vce-col--xs-first vce-col--sm-last vce-col--sm-first vce-col--md-first vce-col--lg-first vce-col--xl-first\" id=\"el-ac512ad4\" data-vce-do-apply=\"background border el-ac512ad4\"><div class=\"vce-col-inner\" data-vce-element-content=\"true\" data-vce-do-apply=\"padding margin  el-ac512ad4\"><div class=\"vce-single-image-container vce-single-image--align-left\"><div class=\"vce vce-single-image-wrapper\" id=\"el-3b6e123d\" data-vce-do-apply=\"all el-3b6e123d\"><figure><div class=\"vce-single-image-inner\"><img class=\"vce-single-image\" data-width=\"0\" data-height=\"0\"src=\"https:\/\/www.related.dk\/macao-tradekit\/wp-content\/uploads\/2018\/11\/st-pauls.jpg\" data-img-src=\"https:\/\/www.related.dk\/macao-tradekit\/wp-content\/uploads\/2018\/11\/st-pauls.jpg\" alt=\"\" title=\"st pauls\"\/><\/div><\/figure><\/div><\/div><\/div><\/div><div class=\"vce-col vce-col--md-50p vce-col--xs-1 vce-col--xs-last vce-col--xs-first vce-col--sm-last vce-col--sm-first vce-col--md-last vce-col--lg-last vce-col--xl-last\" id=\"el-7e420107\" data-vce-do-apply=\"background border el-7e420107\"><div class=\"vce-col-inner\" data-vce-element-content=\"true\" data-vce-do-apply=\"padding margin  el-7e420107\"><div class=\"vce-single-image-container vce-single-image--align-left\"><div class=\"vce vce-single-image-wrapper\" id=\"el-934db22f\" data-vce-do-apply=\"all el-934db22f\"><figure><div class=\"vce-single-image-inner\"><img class=\"vce-single-image\" data-width=\"600\" data-height=\"400\"src=\"https:\/\/www.related.dk\/macao-tradekit\/wp-content\/uploads\/2018\/11\/dag-1_1-600x400.jpg\" data-img-src=\"https:\/\/www.related.dk\/macao-tradekit\/wp-content\/uploads\/2018\/11\/dag-1_1.jpg\" alt=\"\" title=\"dag 1_1\"\/><\/div><\/figure><\/div><\/div><\/div><\/div><\/div><\/div><\/div><div class=\"vce-row-container\"><div class=\"vce-row vce-row--col-gap-30 vce-row-columns--top vce-row-content--top\" id=\"el-95e98d58\" data-vce-do-apply=\"all el-95e98d58\"><div class=\"vce-row-content\" data-vce-element-content=\"true\"><div class=\"vce-col vce-col--md-100p vce-col--xs-1 vce-col--xs-last vce-col--xs-first vce-col--sm-last vce-col--sm-first vce-col--md-last vce-col--lg-last vce-col--xl-last vce-col--md-first vce-col--lg-first vce-col--xl-first\" id=\"el-a7fbb76e\" data-vce-do-apply=\"background border el-a7fbb76e\"><div class=\"vce-col-inner\" data-vce-element-content=\"true\" data-vce-do-apply=\"padding margin  el-a7fbb76e\"><div class=\"vce-text-block\"><div class=\"vce-text-block-wrapper vce\" id=\"el-bd00a931\" data-vce-do-apply=\"all el-bd00a931\"><h2>2. p\u00e4iv\u00e4: Lis\u00e4\u00e4 historiallisia aarteita<\/h2><p>Upean historiallisen keskustan kokemisen j\u00e4lkeen on aika syvent\u00e4\u00e4 historia- ja kulttuuritiet\u00e4myst\u00e4 ja tutustua samalla nyky-Macaoon.<\/p><h3>Aamup\u00e4iv\u00e4 ja iltap\u00e4iv\u00e4<\/h3><ul><li><strong>Lin Fongin temppeli<\/strong> (Lin Fong Temple) eli Lootustemppeli rakennettiin vuonna 1592, ja se on hiljattain restauroitu. Temppeli tunnetaan paikkana, jossa kiinalaiset virkamiehet asuivat Macaoon tultuaan.<\/li><li><strong>Kun Iamin temppeli<\/strong> (Kun Iam Tong) perustettiin 1200-luvulla. Nykyrakennus on per\u00e4isin vuodelta 1627.<\/li><li><strong>Memorial House of Dr. Sun Yat-Sen<\/strong> on tohtori Sun Yat-sen entinen koti. H\u00e4n oli yksi kantavista voimista vallankumouksessa, joka syrj\u00e4ytti Kiinan viimeiseksi dynastiaksi j\u00e4\u00e4neen Qing-dynastian.<\/li><li><strong>Cam\u00f5es Garden<\/strong> on 1700-luvulta per\u00e4isin oleva puutarha, josta l\u00f6ytyy monien kauppiaiden ja l\u00e4hetyssaarnaajien viimeinen leposija Old Protestant Cemetery, kiinalainen paviljonki sek\u00e4 suuri puisto, johon paikalliset kokoontuvat aamuisin ja iltaisin taiji-harjoituksiin.<\/li><li><strong>Pyh\u00e4n Antoniuksen kirkko<\/strong> (St Anthony Church) on Macaon vanhimpia. Se rakennettiin bambusta ja puusta vuonna 1560 ja on sittemmin kunnostettu ja rakennettu uudelleen useita kertoja. Nykyrakennus on 1930-luvulta.<\/li><li><strong>Tam Kongin temppeli<\/strong> on omistettu merenjumala Tam Kongille. Temppeli tunnetaan punaisesta v\u00e4rist\u00e4\u00e4n ja sis\u00e4ll\u00e4 olevasta valaanluisesta lohik\u00e4\u00e4rmeveneest\u00e4.<\/li><li><strong>5 de Outubro Street<\/strong> on historiallinen katu, josta l\u00f6ytyy kaikkea mahdollista kiinalaisista yrteist\u00e4 ja k\u00e4sin tehdyist\u00e4 nuudeleista paikallisiin herkkuihin ja kahviloihin.<\/li><\/ul><h3>Ilta<\/h3><p>Vieraile <strong>Cotain<\/strong> suurissa hotelleissa, joilla on tarjota maailmanluokan viihdett\u00e4, kasinoita, ravintoloita ja kauppoja. Huomaa, miten paljon historiallinen Macao ja nyky-Macao eroavat toisistaan.<\/p><\/div><\/div><\/div><\/div><\/div><\/div><\/div><div class=\"vce-row-container\"><div class=\"vce-row vce-row--col-gap-30 vce-row-columns--top vce-row-content--top\" id=\"el-ba1eb25d\" data-vce-do-apply=\"all el-ba1eb25d\"><div class=\"vce-row-content\" data-vce-element-content=\"true\"><div class=\"vce-col vce-col--md-50p vce-col--xs-1 vce-col--xs-last vce-col--xs-first vce-col--sm-last vce-col--sm-first vce-col--md-first vce-col--lg-first vce-col--xl-first\" id=\"el-0672e9e8\" data-vce-do-apply=\"background border el-0672e9e8\"><div class=\"vce-col-inner\" data-vce-element-content=\"true\" data-vce-do-apply=\"padding margin  el-0672e9e8\"><div class=\"vce-single-image-container vce-single-image--align-left\"><div class=\"vce vce-single-image-wrapper\" id=\"el-1e9843d6\" data-vce-do-apply=\"all el-1e9843d6\"><figure><div class=\"vce-single-image-inner\"><img class=\"vce-single-image\" data-width=\"600\" data-height=\"400\"src=\"https:\/\/www.related.dk\/macao-tradekit\/wp-content\/uploads\/2018\/11\/eiffel_hori-600x400.jpg\" data-img-src=\"https:\/\/www.related.dk\/macao-tradekit\/wp-content\/uploads\/2018\/11\/eiffel_hori.jpg\" alt=\"\" title=\"eiffel_hori\"\/><\/div><\/figure><\/div><\/div><\/div><\/div><div class=\"vce-col vce-col--md-50p vce-col--xs-1 vce-col--xs-last vce-col--xs-first vce-col--sm-last vce-col--sm-first vce-col--md-last vce-col--lg-last vce-col--xl-last\" id=\"el-ef806d54\" data-vce-do-apply=\"background border el-ef806d54\"><div class=\"vce-col-inner\" data-vce-element-content=\"true\" data-vce-do-apply=\"padding margin  el-ef806d54\"><div class=\"vce-single-image-container vce-single-image--align-left\"><div class=\"vce vce-single-image-wrapper\" id=\"el-c05b22eb\" data-vce-do-apply=\"all el-c05b22eb\"><figure><div class=\"vce-single-image-inner\"><img class=\"vce-single-image\" data-width=\"600\" data-height=\"400\"src=\"https:\/\/www.related.dk\/macao-tradekit\/wp-content\/uploads\/2018\/11\/DSC07510_night-600x400.jpg\" data-img-src=\"https:\/\/www.related.dk\/macao-tradekit\/wp-content\/uploads\/2018\/11\/DSC07510_night.jpg\" alt=\"\" title=\"DSC07510_night\"\/><\/div><\/figure><\/div><\/div><\/div><\/div><\/div><\/div><\/div><div class=\"vce-row-container\"><div class=\"vce-row vce-row--col-gap-30 vce-row-columns--top vce-row-content--top\" id=\"el-e9e8ebe4\" data-vce-do-apply=\"all el-e9e8ebe4\"><div class=\"vce-row-content\" data-vce-element-content=\"true\"><div class=\"vce-col vce-col--md-100p vce-col--xs-1 vce-col--xs-last vce-col--xs-first vce-col--sm-last vce-col--sm-first vce-col--md-last vce-col--lg-last vce-col--xl-last vce-col--md-first vce-col--lg-first vce-col--xl-first\" id=\"el-28b61e05\" data-vce-do-apply=\"background border el-28b61e05\"><div class=\"vce-col-inner\" data-vce-element-content=\"true\" data-vce-do-apply=\"padding margin  el-28b61e05\"><div class=\"vce-text-block\"><div class=\"vce-text-block-wrapper vce\" id=\"el-5a153792\" data-vce-do-apply=\"all el-5a153792\"><h2>3. p\u00e4iv\u00e4: Coloane ja Taipa<\/h2><p>Tee k\u00e4vely- tai py\u00f6r\u00e4ilykierros alkuper\u00e4isess\u00e4 Macaossa.<\/p><h3>Aamup\u00e4iv\u00e4<\/h3><p>Vieraile Taipan alueella, joka on myym\u00e4l\u00f6iden, perinteisten kahviloiden ja matkamuistokauppojen keidas. Alueella k\u00e4velless\u00e4 voi ihastella sen monia historiallisia rakennuksia, jotka ovat muistumia vanhan ajan kyl\u00e4el\u00e4m\u00e4st\u00e4.<\/p><ul><li>Portugalilaistyyliset <strong>Taipa-talot<\/strong> (Taipa Houses) rakennettiin vuonna 1921 korkeiden virkamiesten asunnoiksi.<\/li><li><strong>Museum of Taipa and Coloane History<\/strong> toimii entisess\u00e4 kunnantalossa, joka muuttui museoksi vuonna 2006. T\u00e4\u00e4ll\u00e4 voi tutustua Macaosta tehtyihin moniin arkeologisiin l\u00f6yt\u00f6ihin.<\/li><li>Osta lounasta museon edustalla olevista <strong>paikallisista ruokakojuista<\/strong> ja nauti ruoasta keskell\u00e4 vanhaa Taipan kyl\u00e4\u00e4.<\/li><li><strong>Pak Tain temppeli<\/strong> (Pak Tai Temple) on Taipan t\u00e4rkeimpi\u00e4 temppeleit\u00e4. Paikallisilla on mahdollisuus tuoda t\u00e4nne uhrilahjoja, mit\u00e4 ei Taipassa ei muuten juuri n\u00e4e.<\/li><li>Temppelin vierest\u00e4 voi <strong>vuokrata polkupy\u00f6r\u00e4n<\/strong>, jonka avulla vanhaan kaupunginosaan voi tutustua ketter\u00e4mmin.<\/li><li>Py\u00f6r\u00e4ile (tai k\u00e4vele) m\u00e4en p\u00e4\u00e4ll\u00e4 sijaitsevan kauniin katolisen kirkon <strong>Our Lady of Camon<\/strong> ohi ja ihastele hienoja Taipa-n\u00e4kymi\u00e4.<\/li><\/ul><h4>Taipa-vinkkej\u00e4:<\/h4><ul><li>Kun n\u00e4lk\u00e4 yll\u00e4tt\u00e4\u00e4, Taipasta l\u00f6ytyy j\u00e4\u00e4tel\u00f6baareja ja kahviloita sek\u00e4 erilaisia ravintoloita, jotka tarjoavat esimerkiksi kiinalaista, portugalilaista ja thairuokaa.<\/li><\/ul><p>Muista maistaa Taipan maineikkaita mantelikeksej\u00e4, joita myyd\u00e4\u00e4n paikallisissa leipomoissa.<\/p><p><a href=\"http:\/\/en.macaotourism.gov.mo\/plan\/walking_tours.php?id=1335\" target=\"_blank\" rel=\"noopener\">Katso ehdotus k\u00e4velykierrokseksi ja tutustu alueen ravintolavinkkeihin t\u00e4\u00e4ll\u00e4<\/a><\/p><h3>Iltap\u00e4iv\u00e4<\/h3><p>Tutustu Coloanen vanhaan kalastajakyl\u00e4\u00e4n ja koe h\u00e4iv\u00e4hdyksi\u00e4 kadonneesta ajasta.<\/p><ul><li><strong>Largo do Presidente Ant\u00f3nio Ramalho Eanes<\/strong> \u2013 Portugalin entisen presidentin Ant\u00f3nio Ramalho Eanesin mukaan nimetty pieni tori. Paikalliset tulevat t\u00e4nne ostamaan \u00e4yri\u00e4isi\u00e4, egg tart -leivoksia tai muita paikallisia erikoisuuksia.<\/li><li><strong>Coloanen kirjasto<\/strong> \u2013 toimii entisen koulun tiloissa, ja siell\u00e4 on nykyisin kiva viett\u00e4\u00e4 pieni lukuhetki. My\u00f6s t\u00e4\u00e4lt\u00e4 voi vuokrata py\u00f6r\u00e4n ja polkaista kyl\u00e4n reunamille kokemaan h\u00e4iv\u00e4hdyksi\u00e4 kadonneesta ajasta, jolloin Coloane oli viel\u00e4 kalastajakyl\u00e4.<\/li><li><strong>Coloanen 4 temppeli\u00e4<\/strong> \u2013 Ancient Temple of Kun Iam, Tin Hau Ancient Temple, Tam Kong Temple ja Sam Seng Temple ovat Coloanen suosituimmat temppelit. Viimeksi mainittu sijaitsee vanhan kyl\u00e4n pohjoisp\u00e4\u00e4ss\u00e4, mist\u00e4 l\u00f6ytyy perinteisi\u00e4 paalujen varaan rakennettuja rantataloja.<\/li><li><strong>Lord Stow\u2019s Bakery<\/strong> \u2013 Macaon maineikkain leipomo on myynyt portugalilaisia past\u00e9is de nata -leivoksia (Macaossa \u201degg tart\u201d) vuodesta 1989 l\u00e4htien.<\/li><\/ul><p><a href=\"http:\/\/en.macaotourism.gov.mo\/plan\/walking_tours.php?id=1336\" target=\"_blank\" rel=\"noopener\">Katso ehdotus k\u00e4velykierrokseksi ja tutustu Coloanen ravintolavinkkeihin t\u00e4\u00e4ll\u00e4<\/a><\/p><\/div><\/div><\/div><\/div><\/div><\/div><\/div><div class=\"vce-row-container\"><div class=\"vce-row vce-row--col-gap-30 vce-row-columns--top vce-row-content--top\" id=\"el-3b6d5635\" data-vce-do-apply=\"all el-3b6d5635\"><div class=\"vce-row-content\" data-vce-element-content=\"true\"><div class=\"vce-col vce-col--md-50p vce-col--xs-1 vce-col--xs-last vce-col--xs-first vce-col--sm-last vce-col--sm-first vce-col--md-first vce-col--lg-first vce-col--xl-first\" id=\"el-b5c92dba\" data-vce-do-apply=\"background border el-b5c92dba\"><div class=\"vce-col-inner\" data-vce-element-content=\"true\" data-vce-do-apply=\"padding margin  el-b5c92dba\"><div class=\"vce-single-image-container vce-single-image--align-left\"><div class=\"vce vce-single-image-wrapper\" id=\"el-0373fe3d\" data-vce-do-apply=\"all el-0373fe3d\"><figure><div class=\"vce-single-image-inner\"><img class=\"vce-single-image\" data-width=\"600\" data-height=\"400\"src=\"https:\/\/www.related.dk\/macao-tradekit\/wp-content\/uploads\/2018\/11\/coloane_1-600x400.jpg\" data-img-src=\"https:\/\/www.related.dk\/macao-tradekit\/wp-content\/uploads\/2018\/11\/coloane_1.jpg\" alt=\"\" title=\"coloane_1\"\/><\/div><\/figure><\/div><\/div><\/div><\/div><div class=\"vce-col vce-col--md-50p vce-col--xs-1 vce-col--xs-last vce-col--xs-first vce-col--sm-last vce-col--sm-first vce-col--md-last vce-col--lg-last vce-col--xl-last\" id=\"el-29bd4412\" data-vce-do-apply=\"background border el-29bd4412\"><div class=\"vce-col-inner\" data-vce-element-content=\"true\" data-vce-do-apply=\"padding margin  el-29bd4412\"><div class=\"vce-single-image-container vce-single-image--align-left\"><div class=\"vce vce-single-image-wrapper\" id=\"el-06fd14f0\" data-vce-do-apply=\"all el-06fd14f0\"><figure><div class=\"vce-single-image-inner\"><img class=\"vce-single-image\" data-width=\"600\" data-height=\"400\"src=\"https:\/\/www.related.dk\/macao-tradekit\/wp-content\/uploads\/2018\/11\/coloane_2-600x400.jpg\" data-img-src=\"https:\/\/www.related.dk\/macao-tradekit\/wp-content\/uploads\/2018\/11\/coloane_2.jpg\" alt=\"\" title=\"coloane_2\"\/><\/div><\/figure><\/div><\/div><\/div><\/div><\/div><\/div><\/div>\n","protected":false},"excerpt":{"rendered":"<p>HISTORIALLINEN MACAOMacao tarjoaa kulttuurista ja historiasta kiinnostuneille ainutlaatuisen yhdistelm\u00e4n eurooppalaisia ja aasialaisia \u2013 varsinkin kiinalaisia ja portugalilaisia \u2013 vaikutteita, jotka n\u00e4kyv\u00e4t kulttuurissa ja arkkitehtuurissa.1. p\u00e4iv\u00e4: Historiallinen keskustaTutustu Macaon historialliseen keskustaan, joka hyv\u00e4ksyttiin Unescon maailmanperint\u00f6luetteloon vuonna 2005.Aamup\u00e4iv\u00e4 ja iltap\u00e4iv\u00e4Vieraile Unescon maailmanperint\u00f6kohteeksi valitussa Macaon historiallisessa keskustassa ja koe muun muassa seuraavat n\u00e4ht\u00e4vyydet:Pyh\u00e4n Paavalin kirkon rauniot (Ruins of &hellip; <\/p>\n<p class=\"link-more\"><a href=\"https:\/\/www.related.dk\/macao-tradekit\/elaemykset\/historiallinen-macao\/?lang=fi\" class=\"more-link\">L\u00e6s videre<span class=\"screen-reader-text\"> &#8220;Historiallinen Macao&#8221;<\/span><\/a><\/p>\n","protected":false},"author":2,"featured_media":0,"parent":958,"menu_order":0,"comment_status":"closed","ping_status":"closed","template":"","meta":[],"_links":{"self":[{"href":"https:\/\/www.related.dk\/macao-tradekit\/wp-json\/wp\/v2\/pages\/1290"}],"collection":[{"href":"https:\/\/www.related.dk\/macao-tradekit\/wp-json\/wp\/v2\/pages"}],"about":[{"href":"https:\/\/www.related.dk\/macao-tradekit\/wp-json\/wp\/v2\/types\/page"}],"author":[{"embeddable":true,"href":"https:\/\/www.related.dk\/macao-tradekit\/wp-json\/wp\/v2\/users\/2"}],"replies":[{"embeddable":true,"href":"https:\/\/www.related.dk\/macao-tradekit\/wp-json\/wp\/v2\/comments?post=1290"}],"version-history":[{"count":19,"href":"https:\/\/www.related.dk\/macao-tradekit\/wp-json\/wp\/v2\/pages\/1290\/revisions"}],"predecessor-version":[{"id":1440,"href":"https:\/\/www.related.dk\/macao-tradekit\/wp-json\/wp\/v2\/pages\/1290\/revisions\/1440"}],"up":[{"embeddable":true,"href":"https:\/\/www.related.dk\/macao-tradekit\/wp-json\/wp\/v2\/pages\/958"}],"wp:attachment":[{"href":"https:\/\/www.related.dk\/macao-tradekit\/wp-json\/wp\/v2\/media?parent=1290"}],"curies":[{"name":"wp","href":"https:\/\/api.w.org\/{rel}","templated":true}]}}