{"id":1053,"date":"2018-11-23T08:52:46","date_gmt":"2018-11-23T08:52:46","guid":{"rendered":"http:\/\/www.related.dk\/macao-tradekit\/kuvat-ja-videot\/"},"modified":"2018-11-26T13:05:31","modified_gmt":"2018-11-26T13:05:31","slug":"kuvat-ja-videot","status":"publish","type":"page","link":"https:\/\/www.related.dk\/macao-tradekit\/kuvat-ja-videot\/?lang=fi","title":{"rendered":"Kuvat ja videot"},"content":{"rendered":"<div class=\"vce-row-container\"><div class=\"vce-row vce-row--col-gap-30 vce-row-columns--top vce-row-content--top\" id=\"el-b50f62d8\" data-vce-do-apply=\"all el-b50f62d8\"><div class=\"vce-row-content\" data-vce-element-content=\"true\"><div class=\"vce-col vce-col--md-100p vce-col--xs-1 vce-col--xs-last vce-col--xs-first vce-col--sm-last vce-col--sm-first vce-col--md-last vce-col--lg-last vce-col--xl-last vce-col--md-first vce-col--lg-first vce-col--xl-first\" id=\"el-295c8734\" data-vce-do-apply=\"background border el-295c8734\"><div class=\"vce-col-inner\" data-vce-do-apply=\"padding margin  el-295c8734\" data-vce-element-content=\"true\"><section class=\"vce-hero-section-container vce-hero-section-media--xs vce-hero-section-media--sm vce-hero-section-media--md vce-hero-section-media--lg\"><div class=\"vce vce-hero-section vce-hero-section--alignment-start\" id=\"el-d5ed5dd0\" data-vce-do-apply=\"margin background border  el-d5ed5dd0\"><div class=\"vce-hero-section--wrap-row vce-hero-section--background-position-center-center\" style='background-image: url(\"https:\/\/www.related.dk\/macao-tradekit\/wp-content\/uploads\/2018\/11\/Banner_MTB_Jacob_Photo-0024_Billeder.jpg\");'><div class=\"vce-hero-section--wrap\"><div class=\"vce-hero-section--content\" data-vce-do-apply=\"padding el-d5ed5dd0\"><div class=\"vce-hero-section--content-container\"><h1><strong>KUVAT JA VIDEOT<\/strong><\/h1><\/div><\/div><\/div><\/div><\/div><\/section><\/div><\/div><\/div><\/div><\/div><div class=\"vce-row-container\"><div class=\"vce-row vce-row--col-gap-30 vce-row-columns--top vce-row-content--top\" id=\"el-54cd76f7\" data-vce-do-apply=\"all el-54cd76f7\"><div class=\"vce-row-content\" data-vce-element-content=\"true\"><div class=\"vce-col vce-col--md-100p vce-col--xs-1 vce-col--xs-last vce-col--xs-first vce-col--sm-last vce-col--sm-first vce-col--md-last vce-col--lg-last vce-col--xl-last vce-col--md-first vce-col--lg-first vce-col--xl-first\" id=\"el-d94908f6\" data-vce-do-apply=\"background border el-d94908f6\"><div class=\"vce-col-inner\" data-vce-do-apply=\"padding margin  el-d94908f6\" data-vce-element-content=\"true\"><div class=\"vce-text-block\"><div class=\"vce-text-block-wrapper vce\" id=\"el-12e9933f\" data-vce-do-apply=\"all el-12e9933f\"><p>T\u00e4m\u00e4n ammattilaisten tietopaketin sis\u00e4lt\u00f6\u00e4 (teksti, kuvat ja videot) voivat k\u00e4ytt\u00e4\u00e4 vapaasti suomalaiset matkatoimistot, matkanj\u00e4rjest\u00e4j\u00e4t ja muut matkailualan toimijat, jotka haluavat mainostaa Macaota matkakohteena esimerkiksi sosiaalisessa mediassa, verkkosivuilla, esitteiss\u00e4 ja muussa markkinointiaineistossa.<\/p><p>Kuvien l\u00e4hteeksi on merkitt\u00e4v\u00e4 Macao Goverment Tourism Office.<\/p><p>Ep\u00e4varmoissa tilanteissa ota yhteytt\u00e4 Relatediin.<\/p><\/div><div class=\"vce-text-block-wrapper vce\" style=\"width: 0px; height: 0px; right: 0px; bottom: 0px; overflow: hidden; position: fixed;\" data-vce-do-apply=\"all el-12e9933f\"><p>T\u00e4m\u00e4n ammattilaisten tietopaketin sis\u00e4lt\u00f6\u00e4 (teksti, kuvat ja videot) voivat k\u00e4ytt\u00e4\u00e4 vapaasti suomalaiset matkatoimistot, matkanj\u00e4rjest\u00e4j\u00e4t ja muut matkailualan toimijat, jotka haluavat mainostaa Macaota matkakohteena esimerkiksi sosiaalisessa mediassa, verkkosivuilla, esitteiss\u00e4 ja muussa markkinointiaineistossa.<\/p><p>Kuvien l\u00e4hteeksi on merkitt\u00e4v\u00e4 Macao Goverment Tourism Office.<\/p><p>Ep\u00e4varmoissa tilanteissa ota yhteytt\u00e4 Relatediin.<\/p><\/div><\/div><\/div><\/div><\/div><\/div><\/div><div class=\"vce-row-container\"><div class=\"vce-row vce-row--col-gap-30 vce-row-columns--top vce-row-content--top\" id=\"el-f703ba78\" data-vce-do-apply=\"all el-f703ba78\"><div class=\"vce-row-content\" data-vce-element-content=\"true\"><div class=\"vce-col vce-col--md-100p vce-col--xs-1 vce-col--xs-last vce-col--xs-first vce-col--sm-last vce-col--sm-first vce-col--md-last vce-col--lg-last vce-col--xl-last vce-col--md-first vce-col--lg-first vce-col--xl-first\" id=\"el-f6a76464\" data-vce-do-apply=\"background border el-f6a76464\"><div class=\"vce-col-inner\" data-vce-do-apply=\"padding margin  el-f6a76464\" data-vce-element-content=\"true\"><div class=\"vce-image-gallery vce-image-gallery--gap-10 vce-image-gallery--columns-3\"><div class=\"vce-image-gallery-wrapper vce\" id=\"el-4335ae07\" data-vce-do-apply=\"all el-4335ae07\"><div class=\"vce-image-gallery-list\"><div class=\"vce-image-gallery-item\"><figure class=\"vce-image-gallery-item-inner-wrapper\"><a class=\"vce-image-gallery-item-inner\" href=\"https:\/\/www.related.dk\/macao-tradekit\/wp-content\/uploads\/2018\/11\/Senado-Square.jpg\" data-lightbox=\"lightbox-4335ae07\"><img decoding=\"async\" title=\"Senado Square\" class=\"vce-image-gallery-img\" alt=\"\" src=\"https:\/\/www.related.dk\/macao-tradekit\/wp-content\/uploads\/2018\/11\/Senado-Square-1024x683.jpg\"><\/a><\/figure><\/div><div class=\"vce-image-gallery-item\"><figure class=\"vce-image-gallery-item-inner-wrapper\"><a class=\"vce-image-gallery-item-inner\" href=\"https:\/\/www.related.dk\/macao-tradekit\/wp-content\/uploads\/2018\/11\/Guia-Fortress-from-above.jpg\" data-lightbox=\"lightbox-4335ae07\"><img decoding=\"async\" title=\"Guia Fortress from above\" class=\"vce-image-gallery-img\" alt=\"\" src=\"https:\/\/www.related.dk\/macao-tradekit\/wp-content\/uploads\/2018\/11\/Guia-Fortress-from-above-1024x590.jpg\"><\/a><\/figure><\/div><div class=\"vce-image-gallery-item\"><figure class=\"vce-image-gallery-item-inner-wrapper\"><a class=\"vce-image-gallery-item-inner\" href=\"https:\/\/www.related.dk\/macao-tradekit\/wp-content\/uploads\/2018\/11\/Macao_busy-street-1.jpg\" data-lightbox=\"lightbox-4335ae07\"><img decoding=\"async\" title=\"Macao_busy street\" class=\"vce-image-gallery-img\" alt=\"\" src=\"https:\/\/www.related.dk\/macao-tradekit\/wp-content\/uploads\/2018\/11\/Macao_busy-street-1-1024x683.jpg\"><\/a><\/figure><\/div><div class=\"vce-image-gallery-item\"><figure class=\"vce-image-gallery-item-inner-wrapper\"><a class=\"vce-image-gallery-item-inner\" href=\"https:\/\/www.related.dk\/macao-tradekit\/wp-content\/uploads\/2018\/11\/A-Ma-Temple_inside.jpg\" data-lightbox=\"lightbox-4335ae07\"><img decoding=\"async\" title=\"A-Ma Temple_inside\" class=\"vce-image-gallery-img vce-image-gallery-img--orientation-portrait\" alt=\"\" src=\"https:\/\/www.related.dk\/macao-tradekit\/wp-content\/uploads\/2018\/11\/A-Ma-Temple_inside-683x1024.jpg\"><\/a><\/figure><\/div><div class=\"vce-image-gallery-item\"><figure class=\"vce-image-gallery-item-inner-wrapper\"><a class=\"vce-image-gallery-item-inner\" href=\"https:\/\/www.related.dk\/macao-tradekit\/wp-content\/uploads\/2018\/11\/The-strip.jpg\" data-lightbox=\"lightbox-4335ae07\"><img decoding=\"async\" title=\"The strip\" class=\"vce-image-gallery-img\" alt=\"\" src=\"https:\/\/www.related.dk\/macao-tradekit\/wp-content\/uploads\/2018\/11\/The-strip-1024x683.jpg\"><\/a><\/figure><\/div><div class=\"vce-image-gallery-item\"><figure class=\"vce-image-gallery-item-inner-wrapper\"><a class=\"vce-image-gallery-item-inner\" href=\"https:\/\/www.related.dk\/macao-tradekit\/wp-content\/uploads\/2018\/11\/A-Ma-Temple.jpg\" data-lightbox=\"lightbox-4335ae07\"><img decoding=\"async\" title=\"A-Ma Temple\" class=\"vce-image-gallery-img\" alt=\"\" src=\"https:\/\/www.related.dk\/macao-tradekit\/wp-content\/uploads\/2018\/11\/A-Ma-Temple-1024x683.jpg\"><\/a><\/figure><\/div><div class=\"vce-image-gallery-item\"><figure class=\"vce-image-gallery-item-inner-wrapper\"><a class=\"vce-image-gallery-item-inner\" href=\"https:\/\/www.related.dk\/macao-tradekit\/wp-content\/uploads\/2018\/11\/Chapel-of-Our-Lady-of-Penha.jpg\" data-lightbox=\"lightbox-4335ae07\"><img decoding=\"async\" title=\"Chapel of Our Lady of Penha\" class=\"vce-image-gallery-img\" alt=\"\" src=\"https:\/\/www.related.dk\/macao-tradekit\/wp-content\/uploads\/2018\/11\/Chapel-of-Our-Lady-of-Penha-1024x520.jpg\"><\/a><\/figure><\/div><div class=\"vce-image-gallery-item\"><figure class=\"vce-image-gallery-item-inner-wrapper\"><a class=\"vce-image-gallery-item-inner\" href=\"https:\/\/www.related.dk\/macao-tradekit\/wp-content\/uploads\/2018\/11\/Cotai_Parisian.jpg\" data-lightbox=\"lightbox-4335ae07\"><img decoding=\"async\" title=\"Cotai_Parisian\" class=\"vce-image-gallery-img\" alt=\"\" src=\"https:\/\/www.related.dk\/macao-tradekit\/wp-content\/uploads\/2018\/11\/Cotai_Parisian-1024x683.jpg\"><\/a><\/figure><\/div><div class=\"vce-image-gallery-item\"><figure class=\"vce-image-gallery-item-inner-wrapper\"><a class=\"vce-image-gallery-item-inner\" href=\"https:\/\/www.related.dk\/macao-tradekit\/wp-content\/uploads\/2018\/11\/Macao_Skyline.jpg\" data-lightbox=\"lightbox-4335ae07\"><img decoding=\"async\" title=\"Macao_Skyline\" class=\"vce-image-gallery-img\" alt=\"\" src=\"https:\/\/www.related.dk\/macao-tradekit\/wp-content\/uploads\/2018\/11\/Macao_Skyline-1024x683.jpg\"><\/a><\/figure><\/div><div class=\"vce-image-gallery-item\"><figure class=\"vce-image-gallery-item-inner-wrapper\"><a class=\"vce-image-gallery-item-inner\" href=\"https:\/\/www.related.dk\/macao-tradekit\/wp-content\/uploads\/2018\/11\/Food.jpg\" data-lightbox=\"lightbox-4335ae07\"><img decoding=\"async\" title=\"Food\" class=\"vce-image-gallery-img\" alt=\"\" src=\"https:\/\/www.related.dk\/macao-tradekit\/wp-content\/uploads\/2018\/11\/Food-1024x683.jpg\"><\/a><\/figure><\/div><div class=\"vce-image-gallery-item\"><figure class=\"vce-image-gallery-item-inner-wrapper\"><a class=\"vce-image-gallery-item-inner\" href=\"https:\/\/www.related.dk\/macao-tradekit\/wp-content\/uploads\/2018\/11\/Guia-Fortress.jpg\" data-lightbox=\"lightbox-4335ae07\"><img decoding=\"async\" title=\"Guia Fortress\" class=\"vce-image-gallery-img vce-image-gallery-img--orientation-portrait\" alt=\"\" src=\"https:\/\/www.related.dk\/macao-tradekit\/wp-content\/uploads\/2018\/11\/Guia-Fortress-683x1024.jpg\"><\/a><\/figure><\/div><div class=\"vce-image-gallery-item\"><figure class=\"vce-image-gallery-item-inner-wrapper\"><a class=\"vce-image-gallery-item-inner\" href=\"https:\/\/www.related.dk\/macao-tradekit\/wp-content\/uploads\/2018\/11\/Lou-Lim-Ieoc-Garden.jpg\" data-lightbox=\"lightbox-4335ae07\"><img decoding=\"async\" title=\"Lou Lim Ieoc Garden\" class=\"vce-image-gallery-img\" alt=\"\" src=\"https:\/\/www.related.dk\/macao-tradekit\/wp-content\/uploads\/2018\/11\/Lou-Lim-Ieoc-Garden-1024x575.jpg\"><\/a><\/figure><\/div><div class=\"vce-image-gallery-item\"><figure class=\"vce-image-gallery-item-inner-wrapper\"><a class=\"vce-image-gallery-item-inner\" href=\"https:\/\/www.related.dk\/macao-tradekit\/wp-content\/uploads\/2018\/11\/Macao-International-Parade_1.jpg\" data-lightbox=\"lightbox-4335ae07\"><img decoding=\"async\" title=\"Macao International Parade_1\" class=\"vce-image-gallery-img\" alt=\"\" src=\"https:\/\/www.related.dk\/macao-tradekit\/wp-content\/uploads\/2018\/11\/Macao-International-Parade_1-1024x683.jpg\"><\/a><\/figure><\/div><div class=\"vce-image-gallery-item\"><figure class=\"vce-image-gallery-item-inner-wrapper\"><a class=\"vce-image-gallery-item-inner\" href=\"https:\/\/www.related.dk\/macao-tradekit\/wp-content\/uploads\/2018\/11\/Macao-International-Parade_2.jpg\" data-lightbox=\"lightbox-4335ae07\"><img decoding=\"async\" title=\"Macao International Parade_2\" class=\"vce-image-gallery-img\" alt=\"\" src=\"https:\/\/www.related.dk\/macao-tradekit\/wp-content\/uploads\/2018\/11\/Macao-International-Parade_2-1024x683.jpg\"><\/a><\/figure><\/div><div class=\"vce-image-gallery-item\"><figure class=\"vce-image-gallery-item-inner-wrapper\"><a class=\"vce-image-gallery-item-inner\" href=\"https:\/\/www.related.dk\/macao-tradekit\/wp-content\/uploads\/2018\/11\/Taipa-Houses.jpg\" data-lightbox=\"lightbox-4335ae07\"><img decoding=\"async\" title=\"Taipa Houses\" class=\"vce-image-gallery-img\" alt=\"\" src=\"https:\/\/www.related.dk\/macao-tradekit\/wp-content\/uploads\/2018\/11\/Taipa-Houses-1024x683.jpg\"><\/a><\/figure><\/div><div class=\"vce-image-gallery-item\"><figure class=\"vce-image-gallery-item-inner-wrapper\"><a class=\"vce-image-gallery-item-inner\" href=\"https:\/\/www.related.dk\/macao-tradekit\/wp-content\/uploads\/2018\/11\/The-Chapel-of-St.-Francis-Xavier-Coloane.jpg\" data-lightbox=\"lightbox-4335ae07\"><img decoding=\"async\" title=\"The Chapel of St. Francis Xavier, Coloane\" class=\"vce-image-gallery-img vce-image-gallery-img--orientation-portrait\" alt=\"\" src=\"https:\/\/www.related.dk\/macao-tradekit\/wp-content\/uploads\/2018\/11\/The-Chapel-of-St.-Francis-Xavier-Coloane-683x1024.jpg\"><\/a><\/figure><\/div><div class=\"vce-image-gallery-item\"><figure class=\"vce-image-gallery-item-inner-wrapper\"><a class=\"vce-image-gallery-item-inner\" href=\"https:\/\/www.related.dk\/macao-tradekit\/wp-content\/uploads\/2018\/11\/The-House-of-Dancing-Water.jpg\" data-lightbox=\"lightbox-4335ae07\"><img decoding=\"async\" title=\"The House of Dancing Water\" class=\"vce-image-gallery-img\" alt=\"\" src=\"https:\/\/www.related.dk\/macao-tradekit\/wp-content\/uploads\/2018\/11\/The-House-of-Dancing-Water-1024x683.jpg\"><\/a><\/figure><\/div><div class=\"vce-image-gallery-item\"><figure class=\"vce-image-gallery-item-inner-wrapper\"><a class=\"vce-image-gallery-item-inner\" href=\"https:\/\/www.related.dk\/macao-tradekit\/wp-content\/uploads\/2018\/11\/Macao_Streetfood.jpg\" data-lightbox=\"lightbox-4335ae07\"><img decoding=\"async\" title=\"Macao_Streetfood\" class=\"vce-image-gallery-img\" alt=\"\" src=\"https:\/\/www.related.dk\/macao-tradekit\/wp-content\/uploads\/2018\/11\/Macao_Streetfood-1024x683.jpg\"><\/a><\/figure><\/div><div class=\"vce-image-gallery-item\"><figure class=\"vce-image-gallery-item-inner-wrapper\"><a class=\"vce-image-gallery-item-inner\" href=\"https:\/\/www.related.dk\/macao-tradekit\/wp-content\/uploads\/2018\/11\/Macao_Bakery.jpg\" data-lightbox=\"lightbox-4335ae07\"><img decoding=\"async\" title=\"Macao_Bakery\" class=\"vce-image-gallery-img\" alt=\"\" src=\"https:\/\/www.related.dk\/macao-tradekit\/wp-content\/uploads\/2018\/11\/Macao_Bakery-1024x683.jpg\"><\/a><\/figure><\/div><div class=\"vce-image-gallery-item\"><figure class=\"vce-image-gallery-item-inner-wrapper\"><a class=\"vce-image-gallery-item-inner\" href=\"https:\/\/www.related.dk\/macao-tradekit\/wp-content\/uploads\/2018\/11\/Cotai.jpg\" data-lightbox=\"lightbox-4335ae07\"><img decoding=\"async\" title=\"Cotai\" class=\"vce-image-gallery-img vce-image-gallery-img--orientation-portrait\" alt=\"\" src=\"https:\/\/www.related.dk\/macao-tradekit\/wp-content\/uploads\/2018\/11\/Cotai-819x1024.jpg\"><\/a><\/figure><\/div><div class=\"vce-image-gallery-item\"><figure class=\"vce-image-gallery-item-inner-wrapper\"><a class=\"vce-image-gallery-item-inner\" href=\"https:\/\/www.related.dk\/macao-tradekit\/wp-content\/uploads\/2018\/11\/Temple-experience.jpg\" data-lightbox=\"lightbox-4335ae07\"><img decoding=\"async\" title=\"Temple experience\" class=\"vce-image-gallery-img vce-image-gallery-img--orientation-portrait\" alt=\"\" src=\"https:\/\/www.related.dk\/macao-tradekit\/wp-content\/uploads\/2018\/11\/Temple-experience-683x1024.jpg\"><\/a><\/figure><\/div><\/div><\/div><\/div><\/div><\/div><\/div><\/div><\/div><div class=\"vce-row-container\"><div class=\"vce-row vce-row--col-gap-30 vce-row-columns--top vce-row-content--top\" id=\"el-b2e36550\" data-vce-do-apply=\"all el-b2e36550\"><div class=\"vce-row-content\" data-vce-element-content=\"true\"><div class=\"vce-col vce-col--md-100p vce-col--xs-1 vce-col--xs-last vce-col--xs-first vce-col--sm-last vce-col--sm-first vce-col--md-last vce-col--lg-last vce-col--xl-last vce-col--md-first vce-col--lg-first vce-col--xl-first\" id=\"el-e5694009\" data-vce-do-apply=\"background border el-e5694009\"><div class=\"vce-col-inner\" data-vce-do-apply=\"padding margin  el-e5694009\" data-vce-element-content=\"true\"><div class=\"vce-text-block\"><div class=\"vce-text-block-wrapper vce\" id=\"el-32573304\" data-vce-do-apply=\"all el-32573304\"><h2>Videot<\/h2><\/div><\/div><\/div><\/div><\/div><\/div><\/div><div class=\"vce-row-container\"><div class=\"vce-row vce-row--col-gap-30 vce-row-columns--top vce-row-content--top\" id=\"el-c58aac95\" data-vce-do-apply=\"all el-c58aac95\"><div class=\"vce-row-content\" data-vce-element-content=\"true\"><div class=\"vce-col vce-col--md-50p vce-col--xs-1 vce-col--xs-last vce-col--xs-first vce-col--sm-last vce-col--sm-first vce-col--md-first vce-col--lg-first vce-col--xl-first\" id=\"el-5b0be14a\" data-vce-do-apply=\"background border el-5b0be14a\"><div class=\"vce-col-inner\" data-vce-do-apply=\"padding margin  el-5b0be14a\" data-vce-element-content=\"true\"><div class=\"vce-text-block\"><div class=\"vce-text-block-wrapper vce\" id=\"el-2252a40a\" data-vce-do-apply=\"all el-2252a40a\"><p>1 min. video<\/p><\/div><\/div><div class=\"vce-yt-video-player vce-yt-video-player--align-left vce-yt-video-player--size-560x315\"><div class=\"vce vce-yt-video-player-wrapper\" id=\"el-6128229f\" style=\"width: 560px;\" data-vce-do-apply=\"all el-6128229f\"><div class=\"vce-yt-video-player-inner\"><iframe loading=\"lazy\" width=\"640\" height=\"390\" class=\"vce-yt-video-player-iframe\" src=\"https:\/\/www.youtube.com\/embed\/QiaTS7hUSKU?autoplay=0&amp;color=red&amp;controls=2&amp;loop=0&amp;rel=0&amp;start=0&amp;cc_load_policy=0&amp;iv_load_policy=3\" frameborder=\"0\" allowfullscreen=\"\"><\/iframe><\/div><\/div><\/div><\/div><\/div><div class=\"vce-col vce-col--md-50p vce-col--xs-1 vce-col--xs-last vce-col--xs-first vce-col--sm-last vce-col--sm-first vce-col--md-last vce-col--lg-last vce-col--xl-last\" id=\"el-85658436\" data-vce-do-apply=\"background border el-85658436\"><div class=\"vce-col-inner\" data-vce-do-apply=\"padding margin  el-85658436\" data-vce-element-content=\"true\"><div class=\"vce-text-block\"><div class=\"vce-text-block-wrapper vce\" id=\"el-b8c61aba\" data-vce-do-apply=\"all el-b8c61aba\"><p>3 min. video<\/p><\/div><\/div><div class=\"vce-yt-video-player vce-yt-video-player--align-left vce-yt-video-player--size-560x315\"><div class=\"vce vce-yt-video-player-wrapper\" id=\"el-3c0678a6\" style=\"width: 560px;\" data-vce-do-apply=\"all el-3c0678a6\"><div class=\"vce-yt-video-player-inner\"><iframe loading=\"lazy\" width=\"640\" height=\"390\" class=\"vce-yt-video-player-iframe\" src=\"https:\/\/www.youtube.com\/embed\/J7BUEx8_cqM?autoplay=0&amp;color=red&amp;controls=2&amp;loop=0&amp;rel=0&amp;start=0&amp;cc_load_policy=0&amp;iv_load_policy=3\" frameborder=\"0\" allowfullscreen=\"\"><\/iframe><\/div><\/div><\/div><\/div><\/div><\/div><\/div><\/div>\n","protected":false},"excerpt":{"rendered":"<p>KUVAT JA VIDEOTT\u00e4m\u00e4n ammattilaisten tietopaketin sis\u00e4lt\u00f6\u00e4 (teksti, kuvat ja videot) voivat k\u00e4ytt\u00e4\u00e4 vapaasti suomalaiset matkatoimistot, matkanj\u00e4rjest\u00e4j\u00e4t ja muut matkailualan toimijat, jotka haluavat mainostaa Macaota matkakohteena esimerkiksi sosiaalisessa mediassa, verkkosivuilla, esitteiss\u00e4 ja muussa markkinointiaineistossa.Kuvien l\u00e4hteeksi on merkitt\u00e4v\u00e4 Macao Goverment Tourism Office.Ep\u00e4varmoissa tilanteissa ota yhteytt\u00e4 Relatediin.T\u00e4m\u00e4n ammattilaisten tietopaketin sis\u00e4lt\u00f6\u00e4 (teksti, kuvat ja videot) voivat k\u00e4ytt\u00e4\u00e4 vapaasti suomalaiset &hellip; <\/p>\n<p class=\"link-more\"><a href=\"https:\/\/www.related.dk\/macao-tradekit\/kuvat-ja-videot\/?lang=fi\" class=\"more-link\">L\u00e6s videre<span class=\"screen-reader-text\"> &#8220;Kuvat ja videot&#8221;<\/span><\/a><\/p>\n","protected":false},"author":2,"featured_media":0,"parent":0,"menu_order":0,"comment_status":"closed","ping_status":"closed","template":"","meta":[],"_links":{"self":[{"href":"https:\/\/www.related.dk\/macao-tradekit\/wp-json\/wp\/v2\/pages\/1053"}],"collection":[{"href":"https:\/\/www.related.dk\/macao-tradekit\/wp-json\/wp\/v2\/pages"}],"about":[{"href":"https:\/\/www.related.dk\/macao-tradekit\/wp-json\/wp\/v2\/types\/page"}],"author":[{"embeddable":true,"href":"https:\/\/www.related.dk\/macao-tradekit\/wp-json\/wp\/v2\/users\/2"}],"replies":[{"embeddable":true,"href":"https:\/\/www.related.dk\/macao-tradekit\/wp-json\/wp\/v2\/comments?post=1053"}],"version-history":[{"count":4,"href":"https:\/\/www.related.dk\/macao-tradekit\/wp-json\/wp\/v2\/pages\/1053\/revisions"}],"predecessor-version":[{"id":1444,"href":"https:\/\/www.related.dk\/macao-tradekit\/wp-json\/wp\/v2\/pages\/1053\/revisions\/1444"}],"wp:attachment":[{"href":"https:\/\/www.related.dk\/macao-tradekit\/wp-json\/wp\/v2\/media?parent=1053"}],"curies":[{"name":"wp","href":"https:\/\/api.w.org\/{rel}","templated":true}]}}