{"id":1013,"date":"2018-11-23T07:59:53","date_gmt":"2018-11-23T07:59:53","guid":{"rendered":"http:\/\/www.related.dk\/macao-tradekit\/yoepyminen\/"},"modified":"2018-11-29T13:47:09","modified_gmt":"2018-11-29T13:47:09","slug":"yoepyminen","status":"publish","type":"page","link":"https:\/\/www.related.dk\/macao-tradekit\/yoepyminen\/?lang=fi","title":{"rendered":""},"content":{"rendered":"<div class=\"vce-row-container\"><div class=\"vce-row vce-row--col-gap-30 vce-row-columns--top vce-row-content--top\" id=\"el-5c081bce\" data-vce-do-apply=\"all el-5c081bce\"><div class=\"vce-row-content\" data-vce-element-content=\"true\"><div class=\"vce-col vce-col--md-100p vce-col--xs-1 vce-col--xs-last vce-col--xs-first vce-col--sm-last vce-col--sm-first vce-col--md-last vce-col--lg-last vce-col--xl-last vce-col--md-first vce-col--lg-first vce-col--xl-first\" id=\"el-ef82afed\" data-vce-do-apply=\"background border el-ef82afed\"><div class=\"vce-col-inner\" data-vce-element-content=\"true\" data-vce-do-apply=\"padding margin  el-ef82afed\"><section class=\"vce-hero-section-container vce-hero-section-media--xs vce-hero-section-media--sm vce-hero-section-media--md vce-hero-section-media--lg\"><div class=\"vce vce-hero-section vce-hero-section--alignment-start\" id=\"el-2dcb7d16\" data-vce-do-apply=\"margin background border  el-2dcb7d16\"><div class=\"vce-hero-section--wrap-row vce-hero-section--background-position-center-center\" style=\"background-image: url('https:\/\/www.related.dk\/macao-tradekit\/wp-content\/uploads\/2018\/11\/Banner_12609_4_overnatning.jpg');\"><div class=\"vce-hero-section--wrap\"><div class=\"vce-hero-section--content\" data-vce-do-apply=\"padding el-2dcb7d16\"><div class=\"vce-hero-section--content-container\"><h1><strong>MAJOITUS<\/strong><\/h1><\/div><\/div><\/div><\/div><\/div><div class=\"vce vce-hero-section vce-hero-section--alignment-start\" id=\"\" data-vce-do-apply=\"margin background border  el-2dcb7d16\" style=\"height: 0px; width: 0px; overflow: hidden; position: fixed; bottom: 0px; right: 0px;\"><div class=\"vce-hero-section--wrap-row vce-hero-section--background-position-center-center\" style=\"background-image: url('https:\/\/www.related.dk\/macao-tradekit\/wp-content\/uploads\/2018\/11\/Banner_12609_4_overnatning.jpg');\"><div class=\"vce-hero-section--wrap\"><div class=\"vce-hero-section--content\" data-vce-do-apply=\"padding el-2dcb7d16\"><div class=\"vce-hero-section--content-container\"><h1><strong>MAJOITUS<\/strong><\/h1><\/div><\/div><\/div><\/div><\/div><\/section><\/div><\/div><\/div><\/div><\/div><div class=\"vce-row-container\"><div class=\"vce-row vce-row--col-gap-30 vce-row-columns--top vce-row-content--top\" id=\"el-51d4fdca\" data-vce-do-apply=\"all el-51d4fdca\"><div class=\"vce-row-content\" data-vce-element-content=\"true\"><div class=\"vce-col vce-col--md-auto vce-col--xs-1 vce-col--xs-last vce-col--xs-first vce-col--sm-last vce-col--sm-first vce-col--md-last vce-col--lg-last vce-col--xl-last vce-col--md-first vce-col--lg-first vce-col--xl-first\" id=\"el-4d0e44c9\" data-vce-do-apply=\"background border el-4d0e44c9\"><div class=\"vce-col-inner\" data-vce-element-content=\"true\" data-vce-do-apply=\"padding margin  el-4d0e44c9\"><div class=\"vce-text-block\"><div class=\"vce-text-block-wrapper vce\" id=\"el-47f7d617\" data-vce-do-apply=\"all el-47f7d617\"><p>Macaossa on useita kansainv\u00e4lisesti <a href=\"http:\/\/www.related.dk\/macao-tradekit\/yoepyminen\/kansainvaeliset-hotellibraendit\/?lang=fi\" target=\"_blank\" rel=\"noopener\">arvostettuja resort- ja hotellibr\u00e4ndej\u00e4<\/a> sek\u00e4 muutama <a href=\"http:\/\/www.related.dk\/macao-tradekit\/yoepyminen\/vain-macaosta-loeytyvaet-hotellit\/?lang=fi\" target=\"_blank\" rel=\"noopener\">yksinomaan Macaosta l\u00f6ytyv\u00e4 luksushotelli.<\/a><\/p><h4>Tietoa Macaon hotelleista<\/h4><ul><li>Macaon hotellit ovat yleisesti hyvin tasokkaita.<\/li><li>Hulppeita hotelleja l\u00f6ytyy niin historiallisesta kaupunginosasta, Cotaista, Coloanesta kuin Taipastakin.<\/li><li>Hotellihuoneen (3\u20135 t\u00e4hte\u00e4) keskihinta on 168 USD y\u00f6lt\u00e4 (tiedot tammi\u2013syyskuulta 2018).<\/li><\/ul><h4>Yleiskatsaus<\/h4><ul><li>5 t\u00e4hte\u00e4: 37 hotellia \u2013 24 899 huonetta<\/li><li>4 t\u00e4hte\u00e4: 17 hotellia \u2013 7 862 huonetta<\/li><li>3 t\u00e4hte\u00e4: 15 hotellia \u2013 5 472 huonetta<\/li><\/ul><p><em>(luvut syyskuulta 2018)<\/em><\/p><\/div><\/div><\/div><\/div><\/div><\/div><\/div><div class=\"vce-row-container\"><div class=\"vce-row vce-row--col-gap-30 vce-row-columns--top vce-row-content--top\" id=\"el-c950bd02\" data-vce-do-apply=\"all el-c950bd02\"><div class=\"vce-row-content\" data-vce-element-content=\"true\"><div class=\"vce-col vce-col--md-50p vce-col--xs-1 vce-col--xs-last vce-col--xs-first vce-col--sm-last vce-col--sm-first vce-col--md-first vce-col--lg-first vce-col--xl-first\" id=\"el-867a6fd4\" data-vce-do-apply=\"background border el-867a6fd4\"><div class=\"vce-col-inner\" data-vce-element-content=\"true\" data-vce-do-apply=\"padding margin  el-867a6fd4\"><div class=\"vce-single-image-container vce-single-image--align-left\"><div class=\"vce vce-single-image-wrapper\" id=\"el-c04d5c40\" data-vce-do-apply=\"all el-c04d5c40\"><figure><div class=\"vce-single-image-inner\"><img class=\"vce-single-image\" data-width=\"600\" data-height=\"400\"src=\"https:\/\/www.related.dk\/macao-tradekit\/wp-content\/uploads\/2018\/11\/eiffel_hori-600x400.jpg\" data-img-src=\"https:\/\/www.related.dk\/macao-tradekit\/wp-content\/uploads\/2018\/11\/eiffel_hori.jpg\" alt=\"\" title=\"eiffel_hori\"\/><\/div><\/figure><\/div><\/div><\/div><\/div><div class=\"vce-col vce-col--md-50p vce-col--xs-1 vce-col--xs-last vce-col--xs-first vce-col--sm-last vce-col--sm-first vce-col--md-last vce-col--lg-last vce-col--xl-last\" id=\"el-33403d46\" data-vce-do-apply=\"background border el-33403d46\"><div class=\"vce-col-inner\" data-vce-element-content=\"true\" data-vce-do-apply=\"padding margin  el-33403d46\"><div class=\"vce-single-image-container vce-single-image--align-left\"><div class=\"vce vce-single-image-wrapper\" id=\"el-9f26d868\" data-vce-do-apply=\"all el-9f26d868\"><figure><div class=\"vce-single-image-inner\"><img class=\"vce-single-image\" data-width=\"600\" data-height=\"400\"src=\"https:\/\/www.related.dk\/macao-tradekit\/wp-content\/uploads\/2018\/11\/hotel-view-600x400.jpg\" data-img-src=\"https:\/\/www.related.dk\/macao-tradekit\/wp-content\/uploads\/2018\/11\/hotel-view.jpg\" alt=\"\" title=\"hotel view\"\/><\/div><\/figure><\/div><\/div><\/div><\/div><\/div><\/div><\/div>\n","protected":false},"excerpt":{"rendered":"<p>MAJOITUSMAJOITUSMacaossa on useita kansainv\u00e4lisesti arvostettuja resort- ja hotellibr\u00e4ndej\u00e4 sek\u00e4 muutama yksinomaan Macaosta l\u00f6ytyv\u00e4 luksushotelli.Tietoa Macaon hotelleistaMacaon hotellit ovat yleisesti hyvin tasokkaita.Hulppeita hotelleja l\u00f6ytyy niin historiallisesta kaupunginosasta, Cotaista, Coloanesta kuin Taipastakin.Hotellihuoneen (3\u20135 t\u00e4hte\u00e4) keskihinta on 168 USD y\u00f6lt\u00e4 (tiedot tammi\u2013syyskuulta 2018).Yleiskatsaus5 t\u00e4hte\u00e4: 37 hotellia \u2013 24 899 huonetta4 t\u00e4hte\u00e4: 17 hotellia \u2013 7 862 huonetta3 t\u00e4hte\u00e4: &hellip; <\/p>\n<p class=\"link-more\"><a href=\"https:\/\/www.related.dk\/macao-tradekit\/yoepyminen\/?lang=fi\" class=\"more-link\">L\u00e6s videre<span class=\"screen-reader-text\"> &#8220;&#8221;<\/span><\/a><\/p>\n","protected":false},"author":2,"featured_media":0,"parent":0,"menu_order":0,"comment_status":"closed","ping_status":"closed","template":"","meta":[],"_links":{"self":[{"href":"https:\/\/www.related.dk\/macao-tradekit\/wp-json\/wp\/v2\/pages\/1013"}],"collection":[{"href":"https:\/\/www.related.dk\/macao-tradekit\/wp-json\/wp\/v2\/pages"}],"about":[{"href":"https:\/\/www.related.dk\/macao-tradekit\/wp-json\/wp\/v2\/types\/page"}],"author":[{"embeddable":true,"href":"https:\/\/www.related.dk\/macao-tradekit\/wp-json\/wp\/v2\/users\/2"}],"replies":[{"embeddable":true,"href":"https:\/\/www.related.dk\/macao-tradekit\/wp-json\/wp\/v2\/comments?post=1013"}],"version-history":[{"count":7,"href":"https:\/\/www.related.dk\/macao-tradekit\/wp-json\/wp\/v2\/pages\/1013\/revisions"}],"predecessor-version":[{"id":1450,"href":"https:\/\/www.related.dk\/macao-tradekit\/wp-json\/wp\/v2\/pages\/1013\/revisions\/1450"}],"wp:attachment":[{"href":"https:\/\/www.related.dk\/macao-tradekit\/wp-json\/wp\/v2\/media?parent=1013"}],"curies":[{"name":"wp","href":"https:\/\/api.w.org\/{rel}","templated":true}]}}