{"id":961,"date":"2020-02-12T11:47:50","date_gmt":"2020-02-12T11:47:50","guid":{"rendered":"http:\/\/www.related.dk\/active-tenerife-tradekit\/?page_id=961"},"modified":"2020-02-12T13:05:17","modified_gmt":"2020-02-12T13:05:17","slug":"hval-og-delfinsafari","status":"publish","type":"page","link":"https:\/\/www.related.dk\/active-tenerife-tradekit\/naturopplevelser\/hval-og-delfinsafari\/","title":{"rendered":"Hval- og delfinsafari"},"content":{"rendered":"<div class=\"vce-row-container\"><div class=\"vce-row vce-row--col-gap-30 vce-row-columns--top vce-row-content--top\" id=\"el-bb8e0a2f\" data-vce-do-apply=\"all el-bb8e0a2f\"><div class=\"vce-row-content\" data-vce-element-content=\"true\"><div class=\"vce-col\" id=\"el-5604e56e\"><div class=\"vce-col-inner\" data-vce-do-apply=\"border margin background  el-5604e56e\"><div class=\"vce-col-content\" data-vce-element-content=\"true\" data-vce-do-apply=\"padding el-5604e56e\"><section class=\"vce-hero-section-container vce-hero-section-media--xs vce-hero-section-media--sm vce-hero-section-media--md vce-hero-section-media--lg\"><div class=\"vce vce-hero-section vce-hero-section--alignment-start\" id=\"el-e40af94f\" data-vce-do-apply=\"margin background border  el-e40af94f\"><div class=\"vce-hero-section--wrap-row vce-hero-section--background-position-center-center\" style=\"background-image: url('https:\/\/www.related.dk\/active-tenerife-tradekit\/wp-content\/uploads\/2020\/02\/Nature-experiences-whale-and-dolphin-watching-3-2-vs2.jpg');\"><div class=\"vce-hero-section--wrap\"><div class=\"vce-hero-section--content\" data-vce-do-apply=\"padding el-e40af94f\"><div class=\"vce-hero-section--content-container\"><h1><strong>HVAL- OG DELFINSAFARI<\/strong><\/h1><\/div><\/div><\/div><\/div><\/div><\/section><\/div><\/div><\/div><\/div><\/div><\/div><div class=\"vce-row-container\"><div class=\"vce-row vce-row--col-gap-30 vce-row-columns--top vce-row-content--top\" id=\"el-48878e05\" data-vce-do-apply=\"all el-48878e05\"><div class=\"vce-row-content\" data-vce-element-content=\"true\"><div class=\"vce-col\" id=\"el-eb59bea6\"><div class=\"vce-col-inner\" data-vce-do-apply=\"border margin background  el-eb59bea6\"><div class=\"vce-col-content\" data-vce-element-content=\"true\" data-vce-do-apply=\"padding el-eb59bea6\"><div class=\"vce-text-block\"><div class=\"vce-text-block-wrapper vce\" id=\"el-689670b4\" data-vce-do-apply=\"all el-689670b4\"><p>Sjansen for \u00e5 se hvaler eller delfiner i deres naturlige, frie habitat er nesten 100 % n\u00e5r man drar p\u00e5 safari. Dette er fordi Tenerife har en fast bestand av tumler og kortfinnegrindhvaler som kan observeres ved kysten hele \u00e5ret. Avhengig av \u00e5rstiden er det ogs\u00e5 store sjanser for \u00e5 se andre arter, siden farvannene er hjem for opptil 21 forskjellige arter \u2013 fra den store bl\u00e5hvalen til den formidable spekkhoggeren. Den s\u00f8rvestlige kysten av \u00f8ya er det perfekte stedet for hval- og delfinsafari, og det finnes flere foretak som spesialiserer seg p\u00e5 \u00e5 organisere utflukter for \u00e5 se p\u00e5 dyrene.<\/p>\n<p>Det finnes flere ulike turalternativer, s\u00e5 du kan velge en som passer til deg. Hvis du bare vil se de fantastiske dyrene uten noe ekstra, kan du ta en kort b\u00e5ttur i en liten, rask b\u00e5t i omtrent to timer. For de som vil ha noe mer, er det p\u00e5 turene p\u00e5 to til tre timer vanligvis inkludert et m\u00e5ltid og et stopp i en vik for en rask dukkert. B\u00e5tene er av middels st\u00f8rrelse, slik at du kan bevege deg litt mer fritt. Du f\u00e5r den komplette havopplevelsen fra de st\u00f8rste b\u00e5tene, der aktiviteten varer i fem timer. I tillegg til \u00e5 lete etter hvaler og delfiner f\u00e5r du en tur innom de mest kjente stedene i \u00f8yas kystomr\u00e5de, noen stopp for \u00e5 bade og selvf\u00f8lgelig et m\u00e5ltid f\u00f8r b\u00e5ten drar tilbake til havnen.<\/p>\n<p>B\u00e5tene legger ut p\u00e5 ferden fra havnene i Los Cristianos, Puerto Col\u00f3n og Los Gigantes. Til vanlig kan du dra p\u00e5 hval- og delfinsafari \u00e5tte av ti dager i \u00e5ret. Sjansen for \u00e5 se flere arter er spesielt god i mai og juni.<\/p>\n<p><a href=\"https:\/\/www.webtenerife.co.uk\/what-to-do\/nature\/whale-and-dolphin-watching\/?tab=1\" target=\"_blank\" rel=\"noopener noreferrer\">Les mer om hval- og delfinsafari her<\/a><\/p><\/div><\/div><\/div><\/div><\/div><\/div><\/div><\/div><div class=\"vce-row-container\"><div class=\"vce-row vce-row--col-gap-30 vce-row-columns--top vce-row-content--top\" id=\"el-9f20f884\" data-vce-do-apply=\"all el-9f20f884\"><div class=\"vce-row-content\" data-vce-element-content=\"true\"><div class=\"vce-col vce-col--md-auto vce-col--xs-1 vce-col--xs-last vce-col--xs-first vce-col--sm-last vce-col--sm-first vce-col--md-first vce-col--lg-first vce-col--xl-first\" id=\"el-862ad7a2\"><div class=\"vce-col-inner\" data-vce-do-apply=\"border margin background  el-862ad7a2\"><div class=\"vce-col-content\" data-vce-element-content=\"true\" data-vce-do-apply=\"padding el-862ad7a2\"><div class=\"vce-single-image-container vce-single-image--align-left\"><div class=\"vce vce-single-image-wrapper\" id=\"el-fe2645c2\" data-vce-do-apply=\"all el-fe2645c2\"><figure><div class=\"vce-single-image-inner vce-single-image--absolute\" style=\"padding-bottom: 58.3333%; width: 600px;\"><img class=\"vce-single-image\" width=\"600\" height=\"350\"src=\"https:\/\/www.related.dk\/active-tenerife-tradekit\/wp-content\/uploads\/2020\/02\/Nature-experiences-Whale-and-Dolphin-watching-3-600x350.jpg\" srcset=\"https:\/\/www.related.dk\/active-tenerife-tradekit\/wp-content\/uploads\/2020\/02\/Nature-experiences-Whale-and-Dolphin-watching-3-320x187.jpg 320w,https:\/\/www.related.dk\/active-tenerife-tradekit\/wp-content\/uploads\/2020\/02\/Nature-experiences-Whale-and-Dolphin-watching-3-480x280.jpg 480w,https:\/\/www.related.dk\/active-tenerife-tradekit\/wp-content\/uploads\/2020\/02\/Nature-experiences-Whale-and-Dolphin-watching-3-600x350.jpg 600w\" data-img-src=\"https:\/\/www.related.dk\/active-tenerife-tradekit\/wp-content\/uploads\/2020\/02\/Nature-experiences-Whale-and-Dolphin-watching-3.jpg\" alt=\"\" title=\"Nature experiences - Whale and Dolphin watching - 3\"\/><\/div><\/figure><\/div><\/div><\/div><\/div><\/div><div class=\"vce-col vce-col--md-auto vce-col--xs-1 vce-col--xs-last vce-col--xs-first vce-col--sm-last vce-col--sm-first vce-col--md-last vce-col--lg-last vce-col--xl-last\" id=\"el-d9bd117a\"><div class=\"vce-col-inner\" data-vce-do-apply=\"border margin background  el-d9bd117a\"><div class=\"vce-col-content\" data-vce-element-content=\"true\" data-vce-do-apply=\"padding el-d9bd117a\"><div class=\"vce-single-image-container vce-single-image--align-left\"><div class=\"vce vce-single-image-wrapper\" id=\"el-e2ad0acc\" data-vce-do-apply=\"all el-e2ad0acc\"><figure><div class=\"vce-single-image-inner vce-single-image--absolute\" style=\"padding-bottom: 58.3333%; width: 600px;\"><img class=\"vce-single-image\" width=\"600\" height=\"350\"src=\"https:\/\/www.related.dk\/active-tenerife-tradekit\/wp-content\/uploads\/2020\/02\/Nature-experiences-Whale-and-dolphin-watching-3-1-600x350.jpg\" srcset=\"https:\/\/www.related.dk\/active-tenerife-tradekit\/wp-content\/uploads\/2020\/02\/Nature-experiences-Whale-and-dolphin-watching-3-1-320x187.jpg 320w,https:\/\/www.related.dk\/active-tenerife-tradekit\/wp-content\/uploads\/2020\/02\/Nature-experiences-Whale-and-dolphin-watching-3-1-480x280.jpg 480w,https:\/\/www.related.dk\/active-tenerife-tradekit\/wp-content\/uploads\/2020\/02\/Nature-experiences-Whale-and-dolphin-watching-3-1-600x350.jpg 600w\" data-img-src=\"https:\/\/www.related.dk\/active-tenerife-tradekit\/wp-content\/uploads\/2020\/02\/Nature-experiences-Whale-and-dolphin-watching-3-1.jpg\" alt=\"\" title=\"Nature experiences - Whale and dolphin watching - 3\"\/><\/div><\/figure><\/div><\/div><\/div><\/div><\/div><\/div><\/div><\/div>\n","protected":false},"excerpt":{"rendered":"<p>HVAL- OG DELFINSAFARISjansen for \u00e5 se hvaler eller delfiner i deres naturlige, frie habitat er nesten 100 % n\u00e5r man drar p\u00e5 safari. Dette er fordi Tenerife har en fast bestand av tumler og kortfinnegrindhvaler som kan observeres ved kysten hele \u00e5ret. Avhengig av \u00e5rstiden er det ogs\u00e5 store sjanser for \u00e5 se andre arter, &hellip; <\/p>\n<p class=\"link-more\"><a href=\"https:\/\/www.related.dk\/active-tenerife-tradekit\/naturopplevelser\/hval-og-delfinsafari\/\" class=\"more-link\">L\u00e6s videre<span class=\"screen-reader-text\"> &#8220;Hval- og delfinsafari&#8221;<\/span><\/a><\/p>\n","protected":false},"author":2,"featured_media":0,"parent":968,"menu_order":0,"comment_status":"closed","ping_status":"closed","template":"","meta":[],"yoast_head":"<!-- This site is optimized with the Yoast SEO plugin v20.7 - https:\/\/yoast.com\/wordpress\/plugins\/seo\/ -->\n<title>Hval- og delfinsafari - Active Tenerife - Tradekit<\/title>\n<meta name=\"robots\" content=\"index, follow, max-snippet:-1, max-image-preview:large, max-video-preview:-1\" \/>\n<link rel=\"canonical\" href=\"https:\/\/www.related.dk\/active-tenerife-tradekit\/naturopplevelser\/hval-og-delfinsafari\/\" \/>\n<meta property=\"og:locale\" content=\"da_DK\" \/>\n<meta property=\"og:type\" content=\"article\" \/>\n<meta property=\"og:title\" content=\"Hval- og delfinsafari - Active Tenerife - Tradekit\" \/>\n<meta property=\"og:description\" content=\"HVAL- OG DELFINSAFARISjansen for \u00e5 se hvaler eller delfiner i deres naturlige, frie habitat er nesten 100 % n\u00e5r man drar p\u00e5 safari. Dette er fordi Tenerife har en fast bestand av tumler og kortfinnegrindhvaler som kan observeres ved kysten hele \u00e5ret. Avhengig av \u00e5rstiden er det ogs\u00e5 store sjanser for \u00e5 se andre arter, &hellip; L\u00e6s videre &quot;Hval- og delfinsafari&quot;\" \/>\n<meta property=\"og:url\" content=\"https:\/\/www.related.dk\/active-tenerife-tradekit\/naturopplevelser\/hval-og-delfinsafari\/\" \/>\n<meta property=\"og:site_name\" content=\"Active Tenerife - Tradekit\" \/>\n<meta property=\"article:modified_time\" content=\"2020-02-12T13:05:17+00:00\" \/>\n<meta name=\"twitter:card\" content=\"summary_large_image\" \/>\n<meta name=\"twitter:label1\" content=\"Estimeret l\u00e6setid\" \/>\n\t<meta name=\"twitter:data1\" content=\"1 minut\" \/>\n<script type=\"application\/ld+json\" class=\"yoast-schema-graph\">{\"@context\":\"https:\/\/schema.org\",\"@graph\":[{\"@type\":\"WebPage\",\"@id\":\"https:\/\/www.related.dk\/active-tenerife-tradekit\/naturopplevelser\/hval-og-delfinsafari\/\",\"url\":\"https:\/\/www.related.dk\/active-tenerife-tradekit\/naturopplevelser\/hval-og-delfinsafari\/\",\"name\":\"Hval- og delfinsafari - Active Tenerife - Tradekit\",\"isPartOf\":{\"@id\":\"https:\/\/www.related.dk\/active-tenerife-tradekit\/#website\"},\"datePublished\":\"2020-02-12T11:47:50+00:00\",\"dateModified\":\"2020-02-12T13:05:17+00:00\",\"breadcrumb\":{\"@id\":\"https:\/\/www.related.dk\/active-tenerife-tradekit\/naturopplevelser\/hval-og-delfinsafari\/#breadcrumb\"},\"inLanguage\":\"da-DK\",\"potentialAction\":[{\"@type\":\"ReadAction\",\"target\":[\"https:\/\/www.related.dk\/active-tenerife-tradekit\/naturopplevelser\/hval-og-delfinsafari\/\"]}]},{\"@type\":\"BreadcrumbList\",\"@id\":\"https:\/\/www.related.dk\/active-tenerife-tradekit\/naturopplevelser\/hval-og-delfinsafari\/#breadcrumb\",\"itemListElement\":[{\"@type\":\"ListItem\",\"position\":1,\"name\":\"Home\",\"item\":\"https:\/\/www.related.dk\/active-tenerife-tradekit\/\"},{\"@type\":\"ListItem\",\"position\":2,\"name\":\"Naturopplevelser\",\"item\":\"https:\/\/www.related.dk\/active-tenerife-tradekit\/naturopplevelser\/\"},{\"@type\":\"ListItem\",\"position\":3,\"name\":\"Hval- og delfinsafari\"}]},{\"@type\":\"WebSite\",\"@id\":\"https:\/\/www.related.dk\/active-tenerife-tradekit\/#website\",\"url\":\"https:\/\/www.related.dk\/active-tenerife-tradekit\/\",\"name\":\"Active Tenerife - Tradekit\",\"description\":\"\",\"potentialAction\":[{\"@type\":\"SearchAction\",\"target\":{\"@type\":\"EntryPoint\",\"urlTemplate\":\"https:\/\/www.related.dk\/active-tenerife-tradekit\/?s={search_term_string}\"},\"query-input\":\"required name=search_term_string\"}],\"inLanguage\":\"da-DK\"}]}<\/script>\n<!-- \/ Yoast SEO plugin. -->","yoast_head_json":{"title":"Hval- og delfinsafari - Active Tenerife - Tradekit","robots":{"index":"index","follow":"follow","max-snippet":"max-snippet:-1","max-image-preview":"max-image-preview:large","max-video-preview":"max-video-preview:-1"},"canonical":"https:\/\/www.related.dk\/active-tenerife-tradekit\/naturopplevelser\/hval-og-delfinsafari\/","og_locale":"da_DK","og_type":"article","og_title":"Hval- og delfinsafari - Active Tenerife - Tradekit","og_description":"HVAL- OG DELFINSAFARISjansen for \u00e5 se hvaler eller delfiner i deres naturlige, frie habitat er nesten 100 % n\u00e5r man drar p\u00e5 safari. Dette er fordi Tenerife har en fast bestand av tumler og kortfinnegrindhvaler som kan observeres ved kysten hele \u00e5ret. Avhengig av \u00e5rstiden er det ogs\u00e5 store sjanser for \u00e5 se andre arter, &hellip; L\u00e6s videre \"Hval- og delfinsafari\"","og_url":"https:\/\/www.related.dk\/active-tenerife-tradekit\/naturopplevelser\/hval-og-delfinsafari\/","og_site_name":"Active Tenerife - Tradekit","article_modified_time":"2020-02-12T13:05:17+00:00","twitter_card":"summary_large_image","twitter_misc":{"Estimeret l\u00e6setid":"1 minut"},"schema":{"@context":"https:\/\/schema.org","@graph":[{"@type":"WebPage","@id":"https:\/\/www.related.dk\/active-tenerife-tradekit\/naturopplevelser\/hval-og-delfinsafari\/","url":"https:\/\/www.related.dk\/active-tenerife-tradekit\/naturopplevelser\/hval-og-delfinsafari\/","name":"Hval- og delfinsafari - Active Tenerife - Tradekit","isPartOf":{"@id":"https:\/\/www.related.dk\/active-tenerife-tradekit\/#website"},"datePublished":"2020-02-12T11:47:50+00:00","dateModified":"2020-02-12T13:05:17+00:00","breadcrumb":{"@id":"https:\/\/www.related.dk\/active-tenerife-tradekit\/naturopplevelser\/hval-og-delfinsafari\/#breadcrumb"},"inLanguage":"da-DK","potentialAction":[{"@type":"ReadAction","target":["https:\/\/www.related.dk\/active-tenerife-tradekit\/naturopplevelser\/hval-og-delfinsafari\/"]}]},{"@type":"BreadcrumbList","@id":"https:\/\/www.related.dk\/active-tenerife-tradekit\/naturopplevelser\/hval-og-delfinsafari\/#breadcrumb","itemListElement":[{"@type":"ListItem","position":1,"name":"Home","item":"https:\/\/www.related.dk\/active-tenerife-tradekit\/"},{"@type":"ListItem","position":2,"name":"Naturopplevelser","item":"https:\/\/www.related.dk\/active-tenerife-tradekit\/naturopplevelser\/"},{"@type":"ListItem","position":3,"name":"Hval- og delfinsafari"}]},{"@type":"WebSite","@id":"https:\/\/www.related.dk\/active-tenerife-tradekit\/#website","url":"https:\/\/www.related.dk\/active-tenerife-tradekit\/","name":"Active Tenerife - Tradekit","description":"","potentialAction":[{"@type":"SearchAction","target":{"@type":"EntryPoint","urlTemplate":"https:\/\/www.related.dk\/active-tenerife-tradekit\/?s={search_term_string}"},"query-input":"required name=search_term_string"}],"inLanguage":"da-DK"}]}},"_links":{"self":[{"href":"https:\/\/www.related.dk\/active-tenerife-tradekit\/wp-json\/wp\/v2\/pages\/961"}],"collection":[{"href":"https:\/\/www.related.dk\/active-tenerife-tradekit\/wp-json\/wp\/v2\/pages"}],"about":[{"href":"https:\/\/www.related.dk\/active-tenerife-tradekit\/wp-json\/wp\/v2\/types\/page"}],"author":[{"embeddable":true,"href":"https:\/\/www.related.dk\/active-tenerife-tradekit\/wp-json\/wp\/v2\/users\/2"}],"replies":[{"embeddable":true,"href":"https:\/\/www.related.dk\/active-tenerife-tradekit\/wp-json\/wp\/v2\/comments?post=961"}],"version-history":[{"count":3,"href":"https:\/\/www.related.dk\/active-tenerife-tradekit\/wp-json\/wp\/v2\/pages\/961\/revisions"}],"predecessor-version":[{"id":1083,"href":"https:\/\/www.related.dk\/active-tenerife-tradekit\/wp-json\/wp\/v2\/pages\/961\/revisions\/1083"}],"up":[{"embeddable":true,"href":"https:\/\/www.related.dk\/active-tenerife-tradekit\/wp-json\/wp\/v2\/pages\/968"}],"wp:attachment":[{"href":"https:\/\/www.related.dk\/active-tenerife-tradekit\/wp-json\/wp\/v2\/media?parent=961"}],"curies":[{"name":"wp","href":"https:\/\/api.w.org\/{rel}","templated":true}]}}