{"id":84,"date":"2020-02-07T09:35:16","date_gmt":"2020-02-07T09:35:16","guid":{"rendered":"http:\/\/www.related.dk\/active-tenerife-tradekit\/?page_id=84"},"modified":"2020-02-10T10:48:17","modified_gmt":"2020-02-10T10:48:17","slug":"forside","status":"publish","type":"page","link":"https:\/\/www.related.dk\/active-tenerife-tradekit\/","title":{"rendered":"Forside"},"content":{"rendered":"<div class=\"vce-row-container\"><div class=\"vce-row vce-row--col-gap-30 vce-row-columns--top vce-row-content--top\" id=\"el-12e5db87\" data-vce-do-apply=\"all el-12e5db87\"><div class=\"vce-row-content\" data-vce-element-content=\"true\"><div class=\"vce-col\" id=\"el-3e11ace4\"><div class=\"vce-col-inner\" data-vce-do-apply=\"border margin background  el-3e11ace4\"><div class=\"vce-col-content\" data-vce-element-content=\"true\" data-vce-do-apply=\"padding el-3e11ace4\"><section class=\"vce-hero-section-container vce-hero-section-media--xs vce-hero-section-media--sm vce-hero-section-media--md vce-hero-section-media--lg\"><div class=\"vce vce-hero-section vce-hero-section--alignment-start\" id=\"el-0ec3bb9c\" data-vce-do-apply=\"margin background border  el-0ec3bb9c\"><div class=\"vce-hero-section--wrap-row vce-hero-section--background-position-center-top\" style=\"background-image: url('https:\/\/www.related.dk\/active-tenerife-tradekit\/wp-content\/uploads\/2020\/02\/forside24.jpg');\"><div class=\"vce-hero-section--wrap\"><div class=\"vce-hero-section--content\" data-vce-do-apply=\"padding el-0ec3bb9c\"><div class=\"vce-hero-section--content-container\"><h1><strong>ACTIVE TENERIFE <\/strong><span style=\"font-size: 16pt;\">TRADEKIT<\/span><\/h1><\/div><\/div><\/div><\/div><\/div><\/section><\/div><\/div><\/div><\/div><\/div><\/div><div class=\"vce-row-container\"><div class=\"vce-row vce-row--col-gap-30 vce-row-columns--top vce-row-content--top\" id=\"el-e2ea65d8\" data-vce-do-apply=\"all el-e2ea65d8\"><div class=\"vce-row-content\" data-vce-element-content=\"true\"><div class=\"vce-col\" id=\"el-7a0d6d01\"><div class=\"vce-col-inner\" data-vce-do-apply=\"border margin background  el-7a0d6d01\"><div class=\"vce-col-content\" data-vce-element-content=\"true\" data-vce-do-apply=\"padding el-7a0d6d01\"><div class=\"vce-text-block\"><div class=\"vce-text-block-wrapper vce\" id=\"el-8709eb6a\" data-vce-do-apply=\"all el-8709eb6a\"><p>Velkommen til Tenerife \u2013 herligt klima og aktiv ferie hele \u00e5ret rundt!<\/p><p>Uanset om du vil tilbringe din ferie med afslapning p\u00e5 stranden eller med at tr\u00e6ne op til et maraton er Tenerife et oplagt valg. Med en \u00e5rlig gennemsnitstemperatur p\u00e5 23 grader og en vandtemperatur p\u00e5 19-26 grader kan man udf\u00f8re de fleste sportsaktiviteter p\u00e5 alle tidspunkter af \u00e5ret.<\/p><p>\u00d8ens forskellige mikroklimaer skaber mulighed for mange forskellige oplevelser p\u00e5 samme ferie \u2013 tag p\u00e5 vandretur over skyerne, mountainbike igennem den frodige skov eller nyd en solrig omgang golf.<\/p><p>Foruden de mange aktiviteter byder \u00f8en ogs\u00e5 p\u00e5 restauranter i verdensklasse, flotte strande, billedsk\u00f8nne byer og UNESCO-verdensarv.<\/p><\/div><\/div><\/div><\/div><\/div><\/div><\/div><\/div><div class=\"vce-row-container\"><div class=\"vce-row vce-row--col-gap-30 vce-row-columns--top vce-row-content--top\" id=\"el-88c503a9\" data-vce-do-apply=\"all el-88c503a9\"><div class=\"vce-row-content\" data-vce-element-content=\"true\"><div class=\"vce-col\" id=\"el-eb157106\"><div class=\"vce-col-inner\" data-vce-do-apply=\"border margin background  el-eb157106\"><div class=\"vce-col-content\" data-vce-element-content=\"true\" data-vce-do-apply=\"padding el-eb157106\"><section class=\"vce-hero-section-container vce-hero-section-media--xs vce-hero-section-media--sm vce-hero-section-media--md vce-hero-section-media--lg\"><div class=\"vce vce-hero-section vce-hero-section--alignment-start\" id=\"el-c62b0ddf\" data-vce-do-apply=\"margin background border  el-c62b0ddf\"><div class=\"vce-hero-section--wrap-row vce-hero-section--background-position-center-center\" style=\"background-image: url('https:\/\/www.related.dk\/active-tenerife-tradekit\/wp-content\/uploads\/2020\/02\/golf-costa-adeje-01.jpg');\"><div class=\"vce-hero-section--wrap\"><div class=\"vce-hero-section--content\" data-vce-do-apply=\"padding el-c62b0ddf\"><div class=\"vce-hero-section--content-container\"><h1><strong>Perfekt klima til aktiv ferie<\/strong><\/h1>\n<p>P\u00e5 Tenerife er der for\u00e5r hele \u00e5ret. \u00d8en har en gennemsnitstemperatur p\u00e5 23 grader, omkring 300 dage med solskin og totalt 3.000 solskinstimer \u00e5rligt.<\/p>\n<p>\u00d8en er kendt for sine milde somre og relativt varme vintre samt den konstante sol \u2013 n\u00e6rmest hele \u00e5ret.<\/p><\/div><div class=\"vce-button--style-outline-container vce-button--style-outline-container--align-left\"><span class=\"vce-button--style-outline-wrapper vce\" id=\"el-19e213ba\" data-vce-do-apply=\"margin el-19e213ba\"><a class=\"vce-button--style-outline-animated vce-button--style-outline--border-rounded vce-button--style-outline--size-medium vce-button--style-outline-animated--color-e3e3e3--fff--3d3d3d vce-button--style-outline-animated--border-color-e3e3e3--3d3d3d vce-button--style-outline-animated--background-color-3d3d3d\" href=\"https:\/\/www.related.dk\/active-tenerife-tradekit\/om-tenerife\/klimaet\/\" title=\"\" data-vce-do-apply=\"padding border background  el-19e213ba\"><span class=\"vce-button--style-outline-text\">L\u00e6s mere<\/span><\/a><\/span><\/div><\/div><\/div><\/div><\/div><\/section><\/div><\/div><\/div><\/div><\/div><\/div><div class=\"vce-row-container\"><div class=\"vce-row vce-row--col-gap-30 vce-row-columns--top vce-row-content--top\" id=\"el-b5aee514\" data-vce-do-apply=\"all el-b5aee514\"><div class=\"vce-row-content\" data-vce-element-content=\"true\"><div class=\"vce-col\" id=\"el-f751a129\"><div class=\"vce-col-inner\" data-vce-do-apply=\"border margin background  el-f751a129\"><div class=\"vce-col-content\" data-vce-element-content=\"true\" data-vce-do-apply=\"padding el-f751a129\"><section class=\"vce-hero-section-container vce-hero-section-media--xs vce-hero-section-media--sm vce-hero-section-media--md vce-hero-section-media--lg\"><div class=\"vce vce-hero-section vce-hero-section--alignment-end\" id=\"el-98b062af\" data-vce-do-apply=\"margin background border  el-98b062af\"><div class=\"vce-hero-section--wrap-row vce-hero-section--background-position-center-center\" style=\"background-image: url('https:\/\/www.related.dk\/active-tenerife-tradekit\/wp-content\/uploads\/2020\/02\/Active-Experiences-Cycling-1.jpg');\"><div class=\"vce-hero-section--wrap\"><div class=\"vce-hero-section--content\" data-vce-do-apply=\"padding el-98b062af\"><div class=\"vce-hero-section--content-container\"><h1><strong>Cykling &amp; mountainbiking<\/strong><\/h1><p>Takket v\u00e6re Tenerifes behagelige temperaturer \u00e5ret rundt og store udbud af cykelruter, er \u00f8en et fantastisk tr\u00e6ningssted for b\u00e5de professionelle cyklister og amat\u00f8rer.<\/p><p>Og vil man k\u00f8re mountainbike, har \u00f8en mere end 200 km skovstier, der blot venter p\u00e5 at blive udforsket.<\/p><\/div><div class=\"vce-button--style-outline-container vce-button--style-outline-container--align-right\"><span class=\"vce-button--style-outline-wrapper vce\" id=\"el-c46f657b\" data-vce-do-apply=\"margin el-c46f657b\"><a class=\"vce-button--style-outline-animated vce-button--style-outline--border-rounded vce-button--style-outline--size-medium vce-button--style-outline-animated--color-e3e3e3--fff--3d3d3d vce-button--style-outline-animated--border-color-e3e3e3--3d3d3d vce-button--style-outline-animated--background-color-3d3d3d\" href=\"https:\/\/www.related.dk\/active-tenerife-tradekit\/aktive-oplevelser\/cykling-og-mountainbiking\/\" title=\"\" data-vce-do-apply=\"padding border background  el-c46f657b\"><span class=\"vce-button--style-outline-text\">L\u00e6s mere<\/span><\/a><\/span><\/div><\/div><\/div><\/div><\/div><\/section><\/div><\/div><\/div><\/div><\/div><\/div><div class=\"vce-row-container\"><div class=\"vce-row vce-row--col-gap-30 vce-row-columns--top vce-row-content--top\" id=\"el-18023e24\" data-vce-do-apply=\"all el-18023e24\"><div class=\"vce-row-content\" data-vce-element-content=\"true\"><div class=\"vce-col\" id=\"el-801efd65\"><div class=\"vce-col-inner\" data-vce-do-apply=\"border margin background  el-801efd65\"><div class=\"vce-col-content\" data-vce-element-content=\"true\" data-vce-do-apply=\"padding el-801efd65\"><section class=\"vce-hero-section-container vce-hero-section-media--xs vce-hero-section-media--sm vce-hero-section-media--md vce-hero-section-media--lg\"><div class=\"vce vce-hero-section vce-hero-section--alignment-start\" id=\"el-719e6d72\" data-vce-do-apply=\"margin background border  el-719e6d72\"><div class=\"vce-hero-section--wrap-row vce-hero-section--background-position-center-center\" style=\"background-image: url('https:\/\/www.related.dk\/active-tenerife-tradekit\/wp-content\/uploads\/2020\/02\/Running.jpg');\"><div class=\"vce-hero-section--wrap\"><div class=\"vce-hero-section--content\" data-vce-do-apply=\"padding el-719e6d72\"><div class=\"vce-hero-section--content-container\"><h1><strong>Vandring &amp; l\u00f8b<\/strong><\/h1><p>Tenerife har kilometer efter kilometer af natursk\u00f8nne og afm\u00e6rkede stier, hvor man kan opleve f\u00f8lelsen af komplet frihed i den friske luft.<\/p><p>Der er mange forskellige stier og ruter at v\u00e6lge imellem \u2013 med varierende l\u00e6ngde og sv\u00e6rhedsgrad.<\/p><\/div><div class=\"vce-button--style-outline-container vce-button--style-outline-container--align-left\"><span class=\"vce-button--style-outline-wrapper vce\" id=\"el-4f8a070c\" data-vce-do-apply=\"margin el-4f8a070c\"><a class=\"vce-button--style-outline-animated vce-button--style-outline--border-rounded vce-button--style-outline--size-medium vce-button--style-outline-animated--color-e3e3e3--fff--3d3d3d vce-button--style-outline-animated--border-color-e3e3e3--3d3d3d vce-button--style-outline-animated--background-color-3d3d3d\" href=\"https:\/\/www.related.dk\/active-tenerife-tradekit\/aktive-oplevelser\/vandring-og-loeb\/\" title=\"\" data-vce-do-apply=\"padding border background  el-4f8a070c\"><span class=\"vce-button--style-outline-text\">L\u00e6s mere<\/span><\/a><\/span><\/div><\/div><\/div><\/div><\/div><\/section><\/div><\/div><\/div><\/div><\/div><\/div><div class=\"vce-row-container\"><div class=\"vce-row vce-row--col-gap-30 vce-row-columns--top vce-row-content--top\" id=\"el-780a8db8\" data-vce-do-apply=\"all el-780a8db8\"><div class=\"vce-row-content\" data-vce-element-content=\"true\"><div class=\"vce-col\" id=\"el-5d4bd7e0\"><div class=\"vce-col-inner\" data-vce-do-apply=\"border margin background  el-5d4bd7e0\"><div class=\"vce-col-content\" data-vce-element-content=\"true\" data-vce-do-apply=\"padding el-5d4bd7e0\"><section class=\"vce-hero-section-container vce-hero-section-media--xs vce-hero-section-media--sm vce-hero-section-media--md vce-hero-section-media--lg\"><div class=\"vce vce-hero-section vce-hero-section--alignment-end\" id=\"el-005b1a00\" data-vce-do-apply=\"margin background border  el-005b1a00\"><div class=\"vce-hero-section--wrap-row vce-hero-section--background-position-center-center\" style=\"background-image: url('https:\/\/www.related.dk\/active-tenerife-tradekit\/wp-content\/uploads\/2020\/02\/Hiking-6-vid-vattnet-scaled.jpg');\"><div class=\"vce-hero-section--wrap\"><div class=\"vce-hero-section--content\" data-vce-do-apply=\"padding el-005b1a00\"><div class=\"vce-hero-section--content-container\"><h1><strong>Bjergtagende natur<\/strong><\/h1><p>Udforsk nationalparkerne, vandr over skyerne, opdag det fascinerende dyre- og planteliv og nyd naturlig sk\u00f8nhed i sin reneste form. Tenerife har mange forskellige landskaber p\u00e5 et meget begr\u00e6nset omr\u00e5de.<\/p><\/div><div class=\"vce-button--style-outline-container vce-button--style-outline-container--align-right\"><span class=\"vce-button--style-outline-wrapper vce\" id=\"el-f1037040\" data-vce-do-apply=\"margin el-f1037040\"><a class=\"vce-button--style-outline-animated vce-button--style-outline--border-rounded vce-button--style-outline--size-medium vce-button--style-outline-animated--color-e3e3e3--fff--3d3d3d vce-button--style-outline-animated--border-color-e3e3e3--3d3d3d vce-button--style-outline-animated--background-color-3d3d3d\" href=\"https:\/\/www.related.dk\/active-tenerife-tradekit\/naturoplevelser\/teide-nationalpark\/\" title=\"\" data-vce-do-apply=\"padding border background  el-f1037040\"><span class=\"vce-button--style-outline-text\">L\u00e6s mere<\/span><\/a><\/span><\/div><\/div><\/div><\/div><\/div><\/section><\/div><\/div><\/div><\/div><\/div><\/div><div class=\"vce-row-container\"><div class=\"vce-row vce-row--col-gap-30 vce-row-columns--top vce-row-content--top\" id=\"el-35df5d11\" data-vce-do-apply=\"all el-35df5d11\"><div class=\"vce-row-content\" data-vce-element-content=\"true\"><div class=\"vce-col\" id=\"el-07c183e1\"><div class=\"vce-col-inner\" data-vce-do-apply=\"border margin background  el-07c183e1\"><div class=\"vce-col-content\" data-vce-element-content=\"true\" data-vce-do-apply=\"padding el-07c183e1\"><section class=\"vce-hero-section-container vce-hero-section-media--xs vce-hero-section-media--sm vce-hero-section-media--md vce-hero-section-media--lg\"><div class=\"vce vce-hero-section vce-hero-section--alignment-start\" id=\"el-0ce1ab15\" data-vce-do-apply=\"margin background border  el-0ce1ab15\"><div class=\"vce-hero-section--wrap-row vce-hero-section--background-position-center-center\" style=\"background-image: url('https:\/\/www.related.dk\/active-tenerife-tradekit\/wp-content\/uploads\/2020\/02\/cetaceos.jpg');\"><div class=\"vce-hero-section--wrap\"><div class=\"vce-hero-section--content\" data-vce-do-apply=\"padding el-0ce1ab15\"><div class=\"vce-hero-section--content-container\"><h1><strong>Se hvaler og delfiner<\/strong><\/h1><p>Tager man p\u00e5 tur p\u00e5 Tenerife, er der n\u00e6sten 100 % sandsynlighed for at se hvaler eller delfiner i deres naturlige, frie habitat.<\/p><p>Havet ud for \u00f8en er hjemsted for \u00f8resvin og kortfinnede grindehvaler, der kan spottes langs kysten hele \u00e5ret.<\/p><\/div><div class=\"vce-button--style-outline-container vce-button--style-outline-container--align-left\"><span class=\"vce-button--style-outline-wrapper vce\" id=\"el-d8e610d5\" data-vce-do-apply=\"margin el-d8e610d5\"><a class=\"vce-button--style-outline-animated vce-button--style-outline--border-rounded vce-button--style-outline--size-medium vce-button--style-outline-animated--color-e3e3e3--fff--3d3d3d vce-button--style-outline-animated--border-color-e3e3e3--3d3d3d vce-button--style-outline-animated--background-color-3d3d3d\" href=\"https:\/\/www.related.dk\/active-tenerife-tradekit\/naturoplevelser\/oplev-hvaler-og-delfiner\/\" title=\"\" data-vce-do-apply=\"padding border background  el-d8e610d5\"><span class=\"vce-button--style-outline-text\">L\u00e6s mere<\/span><\/a><\/span><\/div><\/div><\/div><\/div><\/div><\/section><\/div><\/div><\/div><\/div><\/div><\/div><div class=\"vce-row-container\"><div class=\"vce-row vce-row--col-gap-30 vce-row-columns--top vce-row-content--top\" id=\"el-ad8eb842\" data-vce-do-apply=\"all el-ad8eb842\"><div class=\"vce-row-content\" data-vce-element-content=\"true\"><div class=\"vce-col\" id=\"el-d9e18eb8\"><div class=\"vce-col-inner\" data-vce-do-apply=\"border margin background  el-d9e18eb8\"><div class=\"vce-col-content\" data-vce-element-content=\"true\" data-vce-do-apply=\"padding el-d9e18eb8\"><section class=\"vce-hero-section-container vce-hero-section-media--xs vce-hero-section-media--sm vce-hero-section-media--md vce-hero-section-media--lg\"><div class=\"vce vce-hero-section vce-hero-section--alignment-end\" id=\"el-d0da6bdf\" data-vce-do-apply=\"margin background border  el-d0da6bdf\"><div class=\"vce-hero-section--wrap-row vce-hero-section--background-position-center-center\" style=\"background-image: url('https:\/\/www.related.dk\/active-tenerife-tradekit\/wp-content\/uploads\/2020\/02\/deporte_kayac_1A4227-alta-scaled.jpg');\"><div class=\"vce-hero-section--wrap\"><div class=\"vce-hero-section--content\" data-vce-do-apply=\"padding el-d0da6bdf\"><div class=\"vce-hero-section--content-container\"><h1><strong>Udforsk \u00f8en fra vandsiden<\/strong><\/h1><p>At sejle i kajak er den perfekte m\u00e5de at opleve nogle af kystens hemmelige perler, der kun kan n\u00e5s fra vandsiden.&nbsp;<\/p><\/div><div class=\"vce-button--style-outline-container vce-button--style-outline-container--align-right\"><span class=\"vce-button--style-outline-wrapper vce\" id=\"el-09c18b49\" data-vce-do-apply=\"margin el-09c18b49\"><a class=\"vce-button--style-outline-animated vce-button--style-outline--border-rounded vce-button--style-outline--size-medium vce-button--style-outline-animated--color-e3e3e3--fff--3d3d3d vce-button--style-outline-animated--border-color-e3e3e3--3d3d3d vce-button--style-outline-animated--background-color-3d3d3d\" href=\"https:\/\/www.related.dk\/active-tenerife-tradekit\/aktive-oplevelser\/kajak\/\" title=\"\" data-vce-do-apply=\"padding border background  el-09c18b49\"><span class=\"vce-button--style-outline-text\">L\u00e6s mere<\/span><\/a><\/span><\/div><\/div><\/div><\/div><\/div><\/section><\/div><\/div><\/div><\/div><\/div><\/div>\n","protected":false},"excerpt":{"rendered":"<p>ACTIVE TENERIFE TRADEKITVelkommen til Tenerife \u2013 herligt klima og aktiv ferie hele \u00e5ret rundt!Uanset om du vil tilbringe din ferie med afslapning p\u00e5 stranden eller med at tr\u00e6ne op til et maraton er Tenerife et oplagt valg. Med en \u00e5rlig gennemsnitstemperatur p\u00e5 23 grader og en vandtemperatur p\u00e5 19-26 grader kan man udf\u00f8re de fleste &hellip; <\/p>\n<p class=\"link-more\"><a href=\"https:\/\/www.related.dk\/active-tenerife-tradekit\/\" class=\"more-link\">L\u00e6s videre<span class=\"screen-reader-text\"> &#8220;Forside&#8221;<\/span><\/a><\/p>\n","protected":false},"author":2,"featured_media":0,"parent":0,"menu_order":0,"comment_status":"closed","ping_status":"closed","template":"","meta":[],"yoast_head":"<!-- This site is optimized with the Yoast SEO plugin v20.7 - https:\/\/yoast.com\/wordpress\/plugins\/seo\/ -->\n<title>Forside - Active Tenerife - Tradekit<\/title>\n<meta name=\"robots\" content=\"index, follow, max-snippet:-1, max-image-preview:large, max-video-preview:-1\" \/>\n<link rel=\"canonical\" href=\"https:\/\/www.related.dk\/active-tenerife-tradekit\/\" \/>\n<meta property=\"og:locale\" content=\"da_DK\" \/>\n<meta property=\"og:type\" content=\"article\" \/>\n<meta property=\"og:title\" content=\"Forside - Active Tenerife - Tradekit\" \/>\n<meta property=\"og:description\" content=\"ACTIVE TENERIFE TRADEKITVelkommen til Tenerife \u2013 herligt klima og aktiv ferie hele \u00e5ret rundt!Uanset om du vil tilbringe din ferie med afslapning p\u00e5 stranden eller med at tr\u00e6ne op til et maraton er Tenerife et oplagt valg. Med en \u00e5rlig gennemsnitstemperatur p\u00e5 23 grader og en vandtemperatur p\u00e5 19-26 grader kan man udf\u00f8re de fleste &hellip; L\u00e6s videre &quot;Forside&quot;\" \/>\n<meta property=\"og:url\" content=\"https:\/\/www.related.dk\/active-tenerife-tradekit\/\" \/>\n<meta property=\"og:site_name\" content=\"Active Tenerife - Tradekit\" \/>\n<meta property=\"article:modified_time\" content=\"2020-02-10T10:48:17+00:00\" \/>\n<meta name=\"twitter:card\" content=\"summary_large_image\" \/>\n<meta name=\"twitter:label1\" content=\"Estimeret l\u00e6setid\" \/>\n\t<meta name=\"twitter:data1\" content=\"2 minutter\" \/>\n<script type=\"application\/ld+json\" class=\"yoast-schema-graph\">{\"@context\":\"https:\/\/schema.org\",\"@graph\":[{\"@type\":\"WebPage\",\"@id\":\"https:\/\/www.related.dk\/active-tenerife-tradekit\/\",\"url\":\"https:\/\/www.related.dk\/active-tenerife-tradekit\/\",\"name\":\"Forside - Active Tenerife - Tradekit\",\"isPartOf\":{\"@id\":\"https:\/\/www.related.dk\/active-tenerife-tradekit\/#website\"},\"datePublished\":\"2020-02-07T09:35:16+00:00\",\"dateModified\":\"2020-02-10T10:48:17+00:00\",\"breadcrumb\":{\"@id\":\"https:\/\/www.related.dk\/active-tenerife-tradekit\/#breadcrumb\"},\"inLanguage\":\"da-DK\",\"potentialAction\":[{\"@type\":\"ReadAction\",\"target\":[\"https:\/\/www.related.dk\/active-tenerife-tradekit\/\"]}]},{\"@type\":\"BreadcrumbList\",\"@id\":\"https:\/\/www.related.dk\/active-tenerife-tradekit\/#breadcrumb\",\"itemListElement\":[{\"@type\":\"ListItem\",\"position\":1,\"name\":\"Home\",\"item\":\"https:\/\/www.related.dk\/active-tenerife-tradekit\/\"},{\"@type\":\"ListItem\",\"position\":2,\"name\":\"Forside\"}]},{\"@type\":\"WebSite\",\"@id\":\"https:\/\/www.related.dk\/active-tenerife-tradekit\/#website\",\"url\":\"https:\/\/www.related.dk\/active-tenerife-tradekit\/\",\"name\":\"Active Tenerife - Tradekit\",\"description\":\"\",\"potentialAction\":[{\"@type\":\"SearchAction\",\"target\":{\"@type\":\"EntryPoint\",\"urlTemplate\":\"https:\/\/www.related.dk\/active-tenerife-tradekit\/?s={search_term_string}\"},\"query-input\":\"required name=search_term_string\"}],\"inLanguage\":\"da-DK\"}]}<\/script>\n<!-- \/ Yoast SEO plugin. -->","yoast_head_json":{"title":"Forside - Active Tenerife - Tradekit","robots":{"index":"index","follow":"follow","max-snippet":"max-snippet:-1","max-image-preview":"max-image-preview:large","max-video-preview":"max-video-preview:-1"},"canonical":"https:\/\/www.related.dk\/active-tenerife-tradekit\/","og_locale":"da_DK","og_type":"article","og_title":"Forside - Active Tenerife - Tradekit","og_description":"ACTIVE TENERIFE TRADEKITVelkommen til Tenerife \u2013 herligt klima og aktiv ferie hele \u00e5ret rundt!Uanset om du vil tilbringe din ferie med afslapning p\u00e5 stranden eller med at tr\u00e6ne op til et maraton er Tenerife et oplagt valg. Med en \u00e5rlig gennemsnitstemperatur p\u00e5 23 grader og en vandtemperatur p\u00e5 19-26 grader kan man udf\u00f8re de fleste &hellip; L\u00e6s videre \"Forside\"","og_url":"https:\/\/www.related.dk\/active-tenerife-tradekit\/","og_site_name":"Active Tenerife - Tradekit","article_modified_time":"2020-02-10T10:48:17+00:00","twitter_card":"summary_large_image","twitter_misc":{"Estimeret l\u00e6setid":"2 minutter"},"schema":{"@context":"https:\/\/schema.org","@graph":[{"@type":"WebPage","@id":"https:\/\/www.related.dk\/active-tenerife-tradekit\/","url":"https:\/\/www.related.dk\/active-tenerife-tradekit\/","name":"Forside - Active Tenerife - Tradekit","isPartOf":{"@id":"https:\/\/www.related.dk\/active-tenerife-tradekit\/#website"},"datePublished":"2020-02-07T09:35:16+00:00","dateModified":"2020-02-10T10:48:17+00:00","breadcrumb":{"@id":"https:\/\/www.related.dk\/active-tenerife-tradekit\/#breadcrumb"},"inLanguage":"da-DK","potentialAction":[{"@type":"ReadAction","target":["https:\/\/www.related.dk\/active-tenerife-tradekit\/"]}]},{"@type":"BreadcrumbList","@id":"https:\/\/www.related.dk\/active-tenerife-tradekit\/#breadcrumb","itemListElement":[{"@type":"ListItem","position":1,"name":"Home","item":"https:\/\/www.related.dk\/active-tenerife-tradekit\/"},{"@type":"ListItem","position":2,"name":"Forside"}]},{"@type":"WebSite","@id":"https:\/\/www.related.dk\/active-tenerife-tradekit\/#website","url":"https:\/\/www.related.dk\/active-tenerife-tradekit\/","name":"Active Tenerife - Tradekit","description":"","potentialAction":[{"@type":"SearchAction","target":{"@type":"EntryPoint","urlTemplate":"https:\/\/www.related.dk\/active-tenerife-tradekit\/?s={search_term_string}"},"query-input":"required name=search_term_string"}],"inLanguage":"da-DK"}]}},"_links":{"self":[{"href":"https:\/\/www.related.dk\/active-tenerife-tradekit\/wp-json\/wp\/v2\/pages\/84"}],"collection":[{"href":"https:\/\/www.related.dk\/active-tenerife-tradekit\/wp-json\/wp\/v2\/pages"}],"about":[{"href":"https:\/\/www.related.dk\/active-tenerife-tradekit\/wp-json\/wp\/v2\/types\/page"}],"author":[{"embeddable":true,"href":"https:\/\/www.related.dk\/active-tenerife-tradekit\/wp-json\/wp\/v2\/users\/2"}],"replies":[{"embeddable":true,"href":"https:\/\/www.related.dk\/active-tenerife-tradekit\/wp-json\/wp\/v2\/comments?post=84"}],"version-history":[{"count":20,"href":"https:\/\/www.related.dk\/active-tenerife-tradekit\/wp-json\/wp\/v2\/pages\/84\/revisions"}],"predecessor-version":[{"id":579,"href":"https:\/\/www.related.dk\/active-tenerife-tradekit\/wp-json\/wp\/v2\/pages\/84\/revisions\/579"}],"wp:attachment":[{"href":"https:\/\/www.related.dk\/active-tenerife-tradekit\/wp-json\/wp\/v2\/media?parent=84"}],"curies":[{"name":"wp","href":"https:\/\/api.w.org\/{rel}","templated":true}]}}