{"id":68,"date":"2020-02-06T16:55:05","date_gmt":"2020-02-06T16:55:05","guid":{"rendered":"http:\/\/www.related.dk\/active-tenerife-tradekit\/?page_id=68"},"modified":"2020-02-11T11:50:09","modified_gmt":"2020-02-11T11:50:09","slug":"kontakt","status":"publish","type":"page","link":"https:\/\/www.related.dk\/active-tenerife-tradekit\/kontakt\/","title":{"rendered":"Kontakt"},"content":{"rendered":"<div class=\"vce-row-container\"><div class=\"vce-row vce-row--col-gap-30 vce-row-columns--top vce-row-content--top\" id=\"el-26df307c\" data-vce-do-apply=\"all el-26df307c\"><div class=\"vce-row-content\" data-vce-element-content=\"true\"><div class=\"vce-col\" id=\"el-b57da2e1\"><div class=\"vce-col-inner\" data-vce-do-apply=\"border margin background  el-b57da2e1\"><div class=\"vce-col-content\" data-vce-element-content=\"true\" data-vce-do-apply=\"padding el-b57da2e1\"><section class=\"vce-hero-section-container vce-hero-section-media--xs vce-hero-section-media--sm vce-hero-section-media--md vce-hero-section-media--lg\"><div class=\"vce vce-hero-section vce-hero-section--alignment-start\" id=\"el-46486a2b\" data-vce-do-apply=\"margin background border  el-46486a2b\"><div class=\"vce-hero-section--wrap-row vce-hero-section--background-position-center-center\" style=\"background-image: url('https:\/\/www.related.dk\/active-tenerife-tradekit\/wp-content\/uploads\/2020\/02\/Contact-vs3.jpg');\"><div class=\"vce-hero-section--wrap\"><div class=\"vce-hero-section--content\" data-vce-do-apply=\"padding el-46486a2b\"><div class=\"vce-hero-section--content-container\"><h1><strong>KONTAKT<\/strong><\/h1><\/div><\/div><\/div><\/div><\/div><\/section><\/div><\/div><\/div><\/div><\/div><\/div><div class=\"vce-row-container\"><div class=\"vce-row vce-row--col-gap-30 vce-row-columns--top vce-row-content--top\" id=\"el-d3cd2f46\" data-vce-do-apply=\"all el-d3cd2f46\"><div class=\"vce-row-content\" data-vce-element-content=\"true\"><div class=\"vce-col vce-col--md-66-66p vce-col--xs-1 vce-col--xs-last vce-col--xs-first vce-col--sm-last vce-col--sm-first vce-col--md-first vce-col--lg-first vce-col--xl-first\" id=\"el-1d3baf59\"><div class=\"vce-col-inner\" data-vce-do-apply=\"border margin background  el-1d3baf59\"><div class=\"vce-col-content\" data-vce-element-content=\"true\" data-vce-do-apply=\"padding el-1d3baf59\"><div class=\"vce-text-block\"><div class=\"vce-text-block-wrapper vce\" id=\"el-436e8e46\" data-vce-do-apply=\"all el-436e8e46\"><p><strong>Har du ideer til samarbejde, forslag til kampagner eller brug for yderligere information, venligst kontakt:<\/strong><\/p><p>Trade-ansvarlig for Tenerife i Norden, Paul Sikic <br>Mail: <a href=\"mailto:pas@related.dk\" target=\"_blank\" rel=\"noopener noreferrer\">pas@related.dk<\/a><br>Tlf.: +46 (0) 70 022 80 76<\/p><p><strong>For foresp\u00f8rgsler om PR- eller influencer-samarbejder, venligst kontakt:<\/strong><\/p><p>PR-ansvarlig for Tenerife i Norden, Vendela Carl\u00e9n <br>Mail: <a href=\"mailto:vec@related.dk\" target=\"_blank\" rel=\"noopener noreferrer\">vec@related.dk<\/a><br>Tlf.: +46 (0) 735 32 79 84<\/p><p>Find mere information p\u00e5:&nbsp;<a href=\"https:\/\/www.webtenerife.co.uk\/\" target=\"_blank\" rel=\"noopener noreferrer\">www.webtenerife.co.uk<\/a><\/p><\/div><div class=\"vce-text-block-wrapper vce\" id=\"\" data-vce-do-apply=\"all el-436e8e46\" style=\"height: 0px; width: 0px; overflow: hidden; position: fixed; bottom: 0px; right: 0px;\"><p><strong>Har du ideer til samarbejde, forslag til kampagner eller brug for yderligere information, venligst kontakt:<\/strong><\/p><p>Trade-ansvarlig for Tenerife i Norden, Paul Sikic <br>Mail: <a href=\"mailto:pas@related.dk\" target=\"_blank\" rel=\"noopener noreferrer\">pas@related.dk<\/a><br>Tlf.: +46 (0) 70 022 80 76<\/p><p><strong>For foresp\u00f8rgsler om PR- eller influencer-samarbejder, venligst kontakt:<\/strong><\/p><p>PR-ansvarlig for Tenerife i Norden, Vendela Carl\u00e9n <br>Mail: <a href=\"mailto:vec@related.dk\" target=\"_blank\" rel=\"noopener noreferrer\">vec@related.dk<\/a><br>Tlf.: +46 (0) 735 32 79 84<\/p><p>Find mere information p\u00e5:&nbsp;<a href=\"https:\/\/www.webtenerife.co.uk\/\" target=\"_blank\" rel=\"noopener noreferrer\">www.webtenerife.co.uk<\/a><\/p><\/div><div class=\"vce-text-block-wrapper vce\" id=\"\" data-vce-do-apply=\"all el-436e8e46\" style=\"height: 0px; width: 0px; overflow: hidden; position: fixed; bottom: 0px; right: 0px;\"><p><strong>Har du ideer til samarbejde, forslag til kampagner eller brug for yderligere information, venligst kontakt:<\/strong><\/p><p>Trade-ansvarlig for Tenerife i Norden, Paul Sikic <br>Mail: <a href=\"mailto:pas@related.dk\" target=\"_blank\" rel=\"noopener noreferrer\">pas@related.dk<\/a><br>Tlf.: +46 (0) 70 022 80 76<\/p><p><strong>For foresp\u00f8rgsler om PR- eller influencer-samarbejder, venligst kontakt:<\/strong><\/p><p>PR-ansvarlig for Tenerife i Norden, Vendela Carl\u00e9n <br>Mail: <a href=\"mailto:vec@related.dk\" target=\"_blank\" rel=\"noopener noreferrer\">vec@related.dk<\/a><br>Tlf.: +46 (0) 735 32 79 84<\/p><p>Find mere information p\u00e5:&nbsp;<a href=\"https:\/\/www.webtenerife.co.uk\/\" target=\"_blank\" rel=\"noopener noreferrer\">www.webtenerife.co.uk<\/a><\/p><\/div><\/div><\/div><\/div><\/div><div class=\"vce-col vce-col--md-33-34p vce-col--xs-1 vce-col--xs-last vce-col--xs-first vce-col--sm-last vce-col--sm-first vce-col--md-last vce-col--lg-last vce-col--xl-last\" id=\"el-334145c8\"><div class=\"vce-col-inner\" data-vce-do-apply=\"border margin background  el-334145c8\"><div class=\"vce-col-content\" data-vce-element-content=\"true\" data-vce-do-apply=\"padding el-334145c8\"><div class=\"vce-single-image-container vce-single-image--align-left\"><div class=\"vce vce-single-image-wrapper\" id=\"el-85fe3a2a\" data-vce-do-apply=\"all el-85fe3a2a\"><figure><div class=\"vce-single-image-inner vce-single-image--absolute\" style=\"padding-bottom: 66.6992%; width: 1024px;\"><img class=\"vce-single-image\" width=\"1024\" height=\"683\"src=\"https:\/\/www.related.dk\/active-tenerife-tradekit\/wp-content\/uploads\/2020\/02\/golf-costa-adeje-01-1024x683.jpg\" srcset=\"https:\/\/www.related.dk\/active-tenerife-tradekit\/wp-content\/uploads\/2020\/02\/golf-costa-adeje-01-320x213.jpg 320w,https:\/\/www.related.dk\/active-tenerife-tradekit\/wp-content\/uploads\/2020\/02\/golf-costa-adeje-01-480x320.jpg 480w,https:\/\/www.related.dk\/active-tenerife-tradekit\/wp-content\/uploads\/2020\/02\/golf-costa-adeje-01-800x534.jpg 800w,https:\/\/www.related.dk\/active-tenerife-tradekit\/wp-content\/uploads\/2020\/02\/golf-costa-adeje-01-1024x683.jpg 1024w\" data-img-src=\"https:\/\/www.related.dk\/active-tenerife-tradekit\/wp-content\/uploads\/2020\/02\/golf-costa-adeje-01.jpg\" alt=\"\" title=\"golf-costa-adeje-01\"\/><\/div><\/figure><\/div><\/div><\/div><\/div><\/div><\/div><\/div><\/div>\n","protected":false},"excerpt":{"rendered":"<p>KONTAKTHar du ideer til samarbejde, forslag til kampagner eller brug for yderligere information, venligst kontakt:Trade-ansvarlig for Tenerife i Norden, Paul Sikic Mail: pas@related.dkTlf.: +46 (0) 70 022 80 76For foresp\u00f8rgsler om PR- eller influencer-samarbejder, venligst kontakt:PR-ansvarlig for Tenerife i Norden, Vendela Carl\u00e9n Mail: vec@related.dkTlf.: +46 (0) 735 32 79 84Find mere information p\u00e5:&nbsp;www.webtenerife.co.ukHar du ideer &hellip; <\/p>\n<p class=\"link-more\"><a href=\"https:\/\/www.related.dk\/active-tenerife-tradekit\/kontakt\/\" class=\"more-link\">L\u00e6s videre<span class=\"screen-reader-text\"> &#8220;Kontakt&#8221;<\/span><\/a><\/p>\n","protected":false},"author":2,"featured_media":0,"parent":0,"menu_order":0,"comment_status":"closed","ping_status":"closed","template":"","meta":[],"yoast_head":"<!-- This site is optimized with the Yoast SEO plugin v20.7 - https:\/\/yoast.com\/wordpress\/plugins\/seo\/ -->\n<title>Kontakt - Active Tenerife - Tradekit<\/title>\n<meta name=\"robots\" content=\"index, follow, max-snippet:-1, max-image-preview:large, max-video-preview:-1\" \/>\n<link rel=\"canonical\" href=\"https:\/\/www.related.dk\/active-tenerife-tradekit\/kontakt\/\" \/>\n<meta property=\"og:locale\" content=\"da_DK\" \/>\n<meta property=\"og:type\" content=\"article\" \/>\n<meta property=\"og:title\" content=\"Kontakt - Active Tenerife - Tradekit\" \/>\n<meta property=\"og:description\" content=\"KONTAKTHar du ideer til samarbejde, forslag til kampagner eller brug for yderligere information, venligst kontakt:Trade-ansvarlig for Tenerife i Norden, Paul Sikic Mail: pas@related.dkTlf.: +46 (0) 70 022 80 76For foresp\u00f8rgsler om PR- eller influencer-samarbejder, venligst kontakt:PR-ansvarlig for Tenerife i Norden, Vendela Carl\u00e9n Mail: vec@related.dkTlf.: +46 (0) 735 32 79 84Find mere information p\u00e5:&nbsp;www.webtenerife.co.ukHar du ideer &hellip; L\u00e6s videre &quot;Kontakt&quot;\" \/>\n<meta property=\"og:url\" content=\"https:\/\/www.related.dk\/active-tenerife-tradekit\/kontakt\/\" \/>\n<meta property=\"og:site_name\" content=\"Active Tenerife - Tradekit\" \/>\n<meta property=\"article:modified_time\" content=\"2020-02-11T11:50:09+00:00\" \/>\n<meta name=\"twitter:card\" content=\"summary_large_image\" \/>\n<meta name=\"twitter:label1\" content=\"Estimeret l\u00e6setid\" \/>\n\t<meta name=\"twitter:data1\" content=\"1 minut\" \/>\n<script type=\"application\/ld+json\" class=\"yoast-schema-graph\">{\"@context\":\"https:\/\/schema.org\",\"@graph\":[{\"@type\":\"WebPage\",\"@id\":\"https:\/\/www.related.dk\/active-tenerife-tradekit\/kontakt\/\",\"url\":\"https:\/\/www.related.dk\/active-tenerife-tradekit\/kontakt\/\",\"name\":\"Kontakt - Active Tenerife - Tradekit\",\"isPartOf\":{\"@id\":\"https:\/\/www.related.dk\/active-tenerife-tradekit\/#website\"},\"datePublished\":\"2020-02-06T16:55:05+00:00\",\"dateModified\":\"2020-02-11T11:50:09+00:00\",\"breadcrumb\":{\"@id\":\"https:\/\/www.related.dk\/active-tenerife-tradekit\/kontakt\/#breadcrumb\"},\"inLanguage\":\"da-DK\",\"potentialAction\":[{\"@type\":\"ReadAction\",\"target\":[\"https:\/\/www.related.dk\/active-tenerife-tradekit\/kontakt\/\"]}]},{\"@type\":\"BreadcrumbList\",\"@id\":\"https:\/\/www.related.dk\/active-tenerife-tradekit\/kontakt\/#breadcrumb\",\"itemListElement\":[{\"@type\":\"ListItem\",\"position\":1,\"name\":\"Home\",\"item\":\"https:\/\/www.related.dk\/active-tenerife-tradekit\/\"},{\"@type\":\"ListItem\",\"position\":2,\"name\":\"Kontakt\"}]},{\"@type\":\"WebSite\",\"@id\":\"https:\/\/www.related.dk\/active-tenerife-tradekit\/#website\",\"url\":\"https:\/\/www.related.dk\/active-tenerife-tradekit\/\",\"name\":\"Active Tenerife - Tradekit\",\"description\":\"\",\"potentialAction\":[{\"@type\":\"SearchAction\",\"target\":{\"@type\":\"EntryPoint\",\"urlTemplate\":\"https:\/\/www.related.dk\/active-tenerife-tradekit\/?s={search_term_string}\"},\"query-input\":\"required name=search_term_string\"}],\"inLanguage\":\"da-DK\"}]}<\/script>\n<!-- \/ Yoast SEO plugin. -->","yoast_head_json":{"title":"Kontakt - Active Tenerife - Tradekit","robots":{"index":"index","follow":"follow","max-snippet":"max-snippet:-1","max-image-preview":"max-image-preview:large","max-video-preview":"max-video-preview:-1"},"canonical":"https:\/\/www.related.dk\/active-tenerife-tradekit\/kontakt\/","og_locale":"da_DK","og_type":"article","og_title":"Kontakt - Active Tenerife - Tradekit","og_description":"KONTAKTHar du ideer til samarbejde, forslag til kampagner eller brug for yderligere information, venligst kontakt:Trade-ansvarlig for Tenerife i Norden, Paul Sikic Mail: pas@related.dkTlf.: +46 (0) 70 022 80 76For foresp\u00f8rgsler om PR- eller influencer-samarbejder, venligst kontakt:PR-ansvarlig for Tenerife i Norden, Vendela Carl\u00e9n Mail: vec@related.dkTlf.: +46 (0) 735 32 79 84Find mere information p\u00e5:&nbsp;www.webtenerife.co.ukHar du ideer &hellip; L\u00e6s videre \"Kontakt\"","og_url":"https:\/\/www.related.dk\/active-tenerife-tradekit\/kontakt\/","og_site_name":"Active Tenerife - Tradekit","article_modified_time":"2020-02-11T11:50:09+00:00","twitter_card":"summary_large_image","twitter_misc":{"Estimeret l\u00e6setid":"1 minut"},"schema":{"@context":"https:\/\/schema.org","@graph":[{"@type":"WebPage","@id":"https:\/\/www.related.dk\/active-tenerife-tradekit\/kontakt\/","url":"https:\/\/www.related.dk\/active-tenerife-tradekit\/kontakt\/","name":"Kontakt - Active Tenerife - Tradekit","isPartOf":{"@id":"https:\/\/www.related.dk\/active-tenerife-tradekit\/#website"},"datePublished":"2020-02-06T16:55:05+00:00","dateModified":"2020-02-11T11:50:09+00:00","breadcrumb":{"@id":"https:\/\/www.related.dk\/active-tenerife-tradekit\/kontakt\/#breadcrumb"},"inLanguage":"da-DK","potentialAction":[{"@type":"ReadAction","target":["https:\/\/www.related.dk\/active-tenerife-tradekit\/kontakt\/"]}]},{"@type":"BreadcrumbList","@id":"https:\/\/www.related.dk\/active-tenerife-tradekit\/kontakt\/#breadcrumb","itemListElement":[{"@type":"ListItem","position":1,"name":"Home","item":"https:\/\/www.related.dk\/active-tenerife-tradekit\/"},{"@type":"ListItem","position":2,"name":"Kontakt"}]},{"@type":"WebSite","@id":"https:\/\/www.related.dk\/active-tenerife-tradekit\/#website","url":"https:\/\/www.related.dk\/active-tenerife-tradekit\/","name":"Active Tenerife - Tradekit","description":"","potentialAction":[{"@type":"SearchAction","target":{"@type":"EntryPoint","urlTemplate":"https:\/\/www.related.dk\/active-tenerife-tradekit\/?s={search_term_string}"},"query-input":"required name=search_term_string"}],"inLanguage":"da-DK"}]}},"_links":{"self":[{"href":"https:\/\/www.related.dk\/active-tenerife-tradekit\/wp-json\/wp\/v2\/pages\/68"}],"collection":[{"href":"https:\/\/www.related.dk\/active-tenerife-tradekit\/wp-json\/wp\/v2\/pages"}],"about":[{"href":"https:\/\/www.related.dk\/active-tenerife-tradekit\/wp-json\/wp\/v2\/types\/page"}],"author":[{"embeddable":true,"href":"https:\/\/www.related.dk\/active-tenerife-tradekit\/wp-json\/wp\/v2\/users\/2"}],"replies":[{"embeddable":true,"href":"https:\/\/www.related.dk\/active-tenerife-tradekit\/wp-json\/wp\/v2\/comments?post=68"}],"version-history":[{"count":11,"href":"https:\/\/www.related.dk\/active-tenerife-tradekit\/wp-json\/wp\/v2\/pages\/68\/revisions"}],"predecessor-version":[{"id":863,"href":"https:\/\/www.related.dk\/active-tenerife-tradekit\/wp-json\/wp\/v2\/pages\/68\/revisions\/863"}],"wp:attachment":[{"href":"https:\/\/www.related.dk\/active-tenerife-tradekit\/wp-json\/wp\/v2\/media?parent=68"}],"curies":[{"name":"wp","href":"https:\/\/api.w.org\/{rel}","templated":true}]}}