{"id":324,"date":"2020-02-10T07:30:08","date_gmt":"2020-02-10T07:30:08","guid":{"rendered":"http:\/\/www.related.dk\/active-tenerife-tradekit\/?page_id=324"},"modified":"2020-02-10T07:36:22","modified_gmt":"2020-02-10T07:36:22","slug":"surfing","status":"publish","type":"page","link":"https:\/\/www.related.dk\/active-tenerife-tradekit\/aktive-oplevelser\/surfing\/","title":{"rendered":"Surfing"},"content":{"rendered":"<div class=\"vce-row-container\"><div class=\"vce-row vce-row--col-gap-30 vce-row-columns--top vce-row-content--top\" id=\"el-2ab28041\" data-vce-do-apply=\"all el-2ab28041\"><div class=\"vce-row-content\" data-vce-element-content=\"true\"><div class=\"vce-col\" id=\"el-29fd1dae\"><div class=\"vce-col-inner\" data-vce-do-apply=\"border margin background  el-29fd1dae\"><div class=\"vce-col-content\" data-vce-element-content=\"true\" data-vce-do-apply=\"padding el-29fd1dae\"><section class=\"vce-hero-section-container vce-hero-section-media--xs vce-hero-section-media--sm vce-hero-section-media--md vce-hero-section-media--lg\"><div class=\"vce vce-hero-section vce-hero-section--alignment-start\" id=\"el-3f2fb3f2\" data-vce-do-apply=\"margin background border  el-3f2fb3f2\"><div class=\"vce-hero-section--wrap-row vce-hero-section--background-position-center-center\" style=\"background-image: url('https:\/\/www.related.dk\/active-tenerife-tradekit\/wp-content\/uploads\/2020\/02\/Active-Experiences-Surfing-4-vs2.jpg');\"><div class=\"vce-hero-section--wrap\"><div class=\"vce-hero-section--content\" data-vce-do-apply=\"padding el-3f2fb3f2\"><div class=\"vce-hero-section--content-container\"><h1><strong>SURFING<\/strong><\/h1><\/div><\/div><\/div><\/div><\/div><\/section><\/div><\/div><\/div><\/div><\/div><\/div><div class=\"vce-row-container\"><div class=\"vce-row vce-row--col-gap-30 vce-row-columns--top vce-row-content--top\" id=\"el-e79ff64b\" data-vce-do-apply=\"all el-e79ff64b\"><div class=\"vce-row-content\" data-vce-element-content=\"true\"><div class=\"vce-col vce-col--md-auto vce-col--xs-1 vce-col--xs-last vce-col--xs-first vce-col--sm-last vce-col--sm-first vce-col--md-first vce-col--lg-first vce-col--xl-first\" id=\"el-cc36d83c\"><div class=\"vce-col-inner\" data-vce-do-apply=\"border margin background  el-cc36d83c\"><div class=\"vce-col-content\" data-vce-element-content=\"true\" data-vce-do-apply=\"padding el-cc36d83c\"><div class=\"vce-text-block\"><div class=\"vce-text-block-wrapper vce\" id=\"el-a8135145\" data-vce-do-apply=\"all el-a8135145\"><h2>Surfing &amp; bodyboarding<\/h2><p>Tenerife er popul\u00e6r blandt surfere. Langs kysten finder man et nyt surf-spot hvert tiende minut, og man kan v\u00e6lge mellem forskellige underlag \u2013 fra sand, sten og vulkansk rev til en kombination. B\u00f8lger, der bryder over sand og sten, er ofte bedre til nybegyndere og lidt erfarne surfere. Vulkansk rev er sv\u00e6rere og er derfor for de meget \u00f8vede.<\/p><p><strong>Hvor?<\/strong><br>De st\u00e6rkeste b\u00f8lger finder man p\u00e5 den nordlige og nordvestlige del af \u00f8en, mens den sydlige og syd\u00f8stlige del har mindre intensive b\u00f8lger. Havets styrke varierer dog afh\u00e6ngig af \u00e5rstid.<\/p><p><a href=\"https:\/\/www.webtenerife.co.uk\/what-to-do\/sports\/water\/surfing-bodyboarding\/?tab=1\" target=\"_blank\" rel=\"noopener noreferrer\">L\u00e6s mere om stederne og mulighederne<\/a><\/p><p><strong>Hvorn\u00e5r?<\/strong><br>Mange steder kan man surfe \u00e5ret rundt. I oktober-april p\u00e5virker det atlantiske lavtryk b\u00f8lgerne, og i maj-september p\u00e5virkes de af passatvindene.<\/p><\/div><\/div><\/div><\/div><\/div><div class=\"vce-col vce-col--md-auto vce-col--xs-1 vce-col--xs-last vce-col--xs-first vce-col--sm-last vce-col--sm-first vce-col--md-last vce-col--lg-last vce-col--xl-last\" id=\"el-ddf0a5cd\"><div class=\"vce-col-inner\" data-vce-do-apply=\"border margin background  el-ddf0a5cd\"><div class=\"vce-col-content\" data-vce-element-content=\"true\" data-vce-do-apply=\"padding el-ddf0a5cd\"><div class=\"vce-single-image-container vce-single-image--align-left\"><div class=\"vce vce-single-image-wrapper\" id=\"el-0ec60382\" data-vce-do-apply=\"all el-0ec60382\"><figure><div class=\"vce-single-image-inner vce-single-image--absolute\" style=\"padding-bottom: 66.6992%; width: 1024px;\"><img class=\"vce-single-image\" width=\"1024\" height=\"683\"src=\"https:\/\/www.related.dk\/active-tenerife-tradekit\/wp-content\/uploads\/2020\/02\/Active-experiences-surfing-4-1024x683.jpg\" srcset=\"https:\/\/www.related.dk\/active-tenerife-tradekit\/wp-content\/uploads\/2020\/02\/Active-experiences-surfing-4-320x213.jpg 320w,https:\/\/www.related.dk\/active-tenerife-tradekit\/wp-content\/uploads\/2020\/02\/Active-experiences-surfing-4-480x320.jpg 480w,https:\/\/www.related.dk\/active-tenerife-tradekit\/wp-content\/uploads\/2020\/02\/Active-experiences-surfing-4-800x534.jpg 800w,https:\/\/www.related.dk\/active-tenerife-tradekit\/wp-content\/uploads\/2020\/02\/Active-experiences-surfing-4-1024x683.jpg 1024w\" data-img-src=\"https:\/\/www.related.dk\/active-tenerife-tradekit\/wp-content\/uploads\/2020\/02\/Active-experiences-surfing-4.jpg\" alt=\"\" title=\"Active experiences - surfing - 4\"\/><\/div><\/figure><\/div><\/div><\/div><\/div><\/div><\/div><\/div><\/div><div class=\"vce-row-container\"><div class=\"vce-row vce-row--col-gap-30 vce-row-columns--top vce-row-content--top\" id=\"el-d56be952\" data-vce-do-apply=\"all el-d56be952\"><div class=\"vce-row-content\" data-vce-element-content=\"true\"><div class=\"vce-col vce-col--md-auto vce-col--xs-1 vce-col--xs-last vce-col--xs-first vce-col--sm-last vce-col--sm-first vce-col--md-first vce-col--lg-first vce-col--xl-first\" id=\"el-d17056c9\"><div class=\"vce-col-inner\" data-vce-do-apply=\"border margin background  el-d17056c9\"><div class=\"vce-col-content\" data-vce-element-content=\"true\" data-vce-do-apply=\"padding el-d17056c9\"><div class=\"vce-text-block\"><div class=\"vce-text-block-wrapper vce\" id=\"el-c7e1c639\" data-vce-do-apply=\"all el-c7e1c639\"><h2>Windsurfing<\/h2><p>I El M\u00e9dano p\u00e5 den sydlige del af \u00f8en er der vind 300 dage om \u00e5ret \u2013 og vandet er varmt b\u00e5de sommer og vinter. Her m\u00f8des windsurfere fra hele verden, og her afholdes b\u00e5de nationale og internationale mesterskaber. Den f\u00e6lles passion for windsurfing giver desuden stedet en helt s\u00e6rlig, hyggelig stemning.<\/p><p><strong>Hvor?<\/strong><br>El M\u00e9dano er det mest kendte sted til windsurfing. Man kan dog ogs\u00e5 windsurfe p\u00e5 El Cabezo, La Tejita, Playa de Las Am\u00e9ricas (Conquistador og Las Palmeras) samt Playa de las Am\u00e9ricas (Fitenia).<\/p><p><a href=\"https:\/\/www.webtenerife.co.uk\/what-to-do\/sports\/water\/windsurfing\/?tab=1\" target=\"_blank\" rel=\"noopener noreferrer\">L\u00e6s mere om stederne og mulighederne<\/a><\/p><p><strong>Hvorn\u00e5r?<\/strong><br>Man kan windsurfe \u00e5ret rundt. Vindene er typisk \u00f8stlige eller nord\u00f8stlige. Afh\u00e6ngig af vindstyrken er der to s\u00e6soner for windsurfing: vinter (oktober-april) med omkring 10-25 knob og sommer (maj-september) med 15-30 knob.<\/p><\/div><\/div><\/div><\/div><\/div><div class=\"vce-col vce-col--md-auto vce-col--xs-1 vce-col--xs-last vce-col--xs-first vce-col--sm-last vce-col--sm-first vce-col--md-last vce-col--lg-last vce-col--xl-last\" id=\"el-269cb0a9\"><div class=\"vce-col-inner\" data-vce-do-apply=\"border margin background  el-269cb0a9\"><div class=\"vce-col-content\" data-vce-element-content=\"true\" data-vce-do-apply=\"padding el-269cb0a9\"><div class=\"vce-single-image-container vce-single-image--align-left\"><div class=\"vce vce-single-image-wrapper\" id=\"el-2af39e48\" data-vce-do-apply=\"all el-2af39e48\"><figure><div class=\"vce-single-image-inner vce-single-image--absolute\" style=\"padding-bottom: 66.6992%; width: 1024px;\"><img class=\"vce-single-image\" width=\"1024\" height=\"683\"src=\"https:\/\/www.related.dk\/active-tenerife-tradekit\/wp-content\/uploads\/2020\/02\/Active-experiences-surfing-4-2-1024x683.jpg\" srcset=\"https:\/\/www.related.dk\/active-tenerife-tradekit\/wp-content\/uploads\/2020\/02\/Active-experiences-surfing-4-2-320x213.jpg 320w,https:\/\/www.related.dk\/active-tenerife-tradekit\/wp-content\/uploads\/2020\/02\/Active-experiences-surfing-4-2-480x320.jpg 480w,https:\/\/www.related.dk\/active-tenerife-tradekit\/wp-content\/uploads\/2020\/02\/Active-experiences-surfing-4-2-800x534.jpg 800w,https:\/\/www.related.dk\/active-tenerife-tradekit\/wp-content\/uploads\/2020\/02\/Active-experiences-surfing-4-2-1024x683.jpg 1024w\" data-img-src=\"https:\/\/www.related.dk\/active-tenerife-tradekit\/wp-content\/uploads\/2020\/02\/Active-experiences-surfing-4-2.jpg\" alt=\"\" title=\"Active experiences - surfing - 4 (2)\"\/><\/div><\/figure><\/div><\/div><\/div><\/div><\/div><\/div><\/div><\/div><div class=\"vce-row-container\"><div class=\"vce-row vce-row--col-gap-30 vce-row-columns--top vce-row-content--top\" id=\"el-fbf7e4ea\" data-vce-do-apply=\"all el-fbf7e4ea\"><div class=\"vce-row-content\" data-vce-element-content=\"true\"><div class=\"vce-col vce-col--md-auto vce-col--xs-1 vce-col--xs-last vce-col--xs-first vce-col--sm-last vce-col--sm-first vce-col--md-first vce-col--lg-first vce-col--xl-first\" id=\"el-436da6ba\"><div class=\"vce-col-inner\" data-vce-do-apply=\"border margin background  el-436da6ba\"><div class=\"vce-col-content\" data-vce-element-content=\"true\" data-vce-do-apply=\"padding el-436da6ba\"><div class=\"vce-text-block\"><div class=\"vce-text-block-wrapper vce\" id=\"el-71566b13\" data-vce-do-apply=\"all el-71566b13\"><h2>Kitesurfing<\/h2><p>El M\u00e9dano-omr\u00e5det, der er kendt som windsurfing-hovedstad, er ogs\u00e5 popul\u00e6rt blandt kitesurfere.<\/p><p><strong>Hvor?<\/strong><br>El M\u00e9dano er det mest kendte sted til kitesurfing, og her afholdes flere mesterskaber. Andre strande er <br>El Cabezo, La Tejita, Playa de Las Am\u00e9ricas (Conquistador og Las Palmeras) samt Playa de las Am\u00e9ricas (Fitenia).<\/p><p><a href=\"https:\/\/www.webtenerife.co.uk\/what-to-do\/sports\/water\/kitesurfing\/?tab=1\" target=\"_blank\" rel=\"noopener noreferrer\">L\u00e6s mere om stederne og mulighederne<\/a><\/p><p><strong>Hvorn\u00e5r?<\/strong><br>\u00c5ret rundt, men der er to s\u00e6soner baseret p\u00e5 vindens intensitet: vinter (oktober-april) med omkring 10-25 knob og sommer (maj-september) med 15-30 knob.<\/p><\/div><\/div><\/div><\/div><\/div><div class=\"vce-col vce-col--md-auto vce-col--xs-1 vce-col--xs-last vce-col--xs-first vce-col--sm-last vce-col--sm-first vce-col--md-last vce-col--lg-last vce-col--xl-last\" id=\"el-c72dfee8\"><div class=\"vce-col-inner\" data-vce-do-apply=\"border margin background  el-c72dfee8\"><div class=\"vce-col-content\" data-vce-element-content=\"true\" data-vce-do-apply=\"padding el-c72dfee8\"><div class=\"vce-single-image-container vce-single-image--align-left\"><div class=\"vce vce-single-image-wrapper\" id=\"el-6461c0ff\" data-vce-do-apply=\"all el-6461c0ff\"><figure><div class=\"vce-single-image-inner vce-single-image--absolute\" style=\"padding-bottom: 58.3333%; width: 600px;\"><img class=\"vce-single-image\" width=\"600\" height=\"350\"src=\"https:\/\/www.related.dk\/active-tenerife-tradekit\/wp-content\/uploads\/2020\/02\/Active-experiences-Surfing-4-3-vs2-600x350.jpg\" srcset=\"https:\/\/www.related.dk\/active-tenerife-tradekit\/wp-content\/uploads\/2020\/02\/Active-experiences-Surfing-4-3-vs2-320x187.jpg 320w,https:\/\/www.related.dk\/active-tenerife-tradekit\/wp-content\/uploads\/2020\/02\/Active-experiences-Surfing-4-3-vs2-480x280.jpg 480w,https:\/\/www.related.dk\/active-tenerife-tradekit\/wp-content\/uploads\/2020\/02\/Active-experiences-Surfing-4-3-vs2-600x350.jpg 600w\" data-img-src=\"https:\/\/www.related.dk\/active-tenerife-tradekit\/wp-content\/uploads\/2020\/02\/Active-experiences-Surfing-4-3-vs2.jpg\" alt=\"\" title=\"Active experiences - Surfing - 4 (3) - vs2\"\/><\/div><\/figure><\/div><\/div><\/div><\/div><\/div><\/div><\/div><\/div>\n","protected":false},"excerpt":{"rendered":"<p>SURFINGSurfing &amp; bodyboardingTenerife er popul\u00e6r blandt surfere. Langs kysten finder man et nyt surf-spot hvert tiende minut, og man kan v\u00e6lge mellem forskellige underlag \u2013 fra sand, sten og vulkansk rev til en kombination. B\u00f8lger, der bryder over sand og sten, er ofte bedre til nybegyndere og lidt erfarne surfere. Vulkansk rev er sv\u00e6rere og &hellip; <\/p>\n<p class=\"link-more\"><a href=\"https:\/\/www.related.dk\/active-tenerife-tradekit\/aktive-oplevelser\/surfing\/\" class=\"more-link\">L\u00e6s videre<span class=\"screen-reader-text\"> &#8220;Surfing&#8221;<\/span><\/a><\/p>\n","protected":false},"author":2,"featured_media":0,"parent":224,"menu_order":0,"comment_status":"closed","ping_status":"closed","template":"","meta":[],"yoast_head":"<!-- This site is optimized with the Yoast SEO plugin v20.7 - https:\/\/yoast.com\/wordpress\/plugins\/seo\/ -->\n<title>Surfing - Active Tenerife - Tradekit<\/title>\n<meta name=\"robots\" content=\"index, follow, max-snippet:-1, max-image-preview:large, max-video-preview:-1\" \/>\n<link rel=\"canonical\" href=\"https:\/\/www.related.dk\/active-tenerife-tradekit\/aktive-oplevelser\/surfing\/\" \/>\n<meta property=\"og:locale\" content=\"da_DK\" \/>\n<meta property=\"og:type\" content=\"article\" \/>\n<meta property=\"og:title\" content=\"Surfing - Active Tenerife - Tradekit\" \/>\n<meta property=\"og:description\" content=\"SURFINGSurfing &amp; bodyboardingTenerife er popul\u00e6r blandt surfere. Langs kysten finder man et nyt surf-spot hvert tiende minut, og man kan v\u00e6lge mellem forskellige underlag \u2013 fra sand, sten og vulkansk rev til en kombination. B\u00f8lger, der bryder over sand og sten, er ofte bedre til nybegyndere og lidt erfarne surfere. Vulkansk rev er sv\u00e6rere og &hellip; L\u00e6s videre &quot;Surfing&quot;\" \/>\n<meta property=\"og:url\" content=\"https:\/\/www.related.dk\/active-tenerife-tradekit\/aktive-oplevelser\/surfing\/\" \/>\n<meta property=\"og:site_name\" content=\"Active Tenerife - Tradekit\" \/>\n<meta property=\"article:modified_time\" content=\"2020-02-10T07:36:22+00:00\" \/>\n<meta name=\"twitter:card\" content=\"summary_large_image\" \/>\n<meta name=\"twitter:label1\" content=\"Estimeret l\u00e6setid\" \/>\n\t<meta name=\"twitter:data1\" content=\"2 minutter\" \/>\n<script type=\"application\/ld+json\" class=\"yoast-schema-graph\">{\"@context\":\"https:\/\/schema.org\",\"@graph\":[{\"@type\":\"WebPage\",\"@id\":\"https:\/\/www.related.dk\/active-tenerife-tradekit\/aktive-oplevelser\/surfing\/\",\"url\":\"https:\/\/www.related.dk\/active-tenerife-tradekit\/aktive-oplevelser\/surfing\/\",\"name\":\"Surfing - Active Tenerife - Tradekit\",\"isPartOf\":{\"@id\":\"https:\/\/www.related.dk\/active-tenerife-tradekit\/#website\"},\"datePublished\":\"2020-02-10T07:30:08+00:00\",\"dateModified\":\"2020-02-10T07:36:22+00:00\",\"breadcrumb\":{\"@id\":\"https:\/\/www.related.dk\/active-tenerife-tradekit\/aktive-oplevelser\/surfing\/#breadcrumb\"},\"inLanguage\":\"da-DK\",\"potentialAction\":[{\"@type\":\"ReadAction\",\"target\":[\"https:\/\/www.related.dk\/active-tenerife-tradekit\/aktive-oplevelser\/surfing\/\"]}]},{\"@type\":\"BreadcrumbList\",\"@id\":\"https:\/\/www.related.dk\/active-tenerife-tradekit\/aktive-oplevelser\/surfing\/#breadcrumb\",\"itemListElement\":[{\"@type\":\"ListItem\",\"position\":1,\"name\":\"Home\",\"item\":\"https:\/\/www.related.dk\/active-tenerife-tradekit\/\"},{\"@type\":\"ListItem\",\"position\":2,\"name\":\"Aktive oplevelser\",\"item\":\"https:\/\/www.related.dk\/active-tenerife-tradekit\/aktive-oplevelser\/\"},{\"@type\":\"ListItem\",\"position\":3,\"name\":\"Surfing\"}]},{\"@type\":\"WebSite\",\"@id\":\"https:\/\/www.related.dk\/active-tenerife-tradekit\/#website\",\"url\":\"https:\/\/www.related.dk\/active-tenerife-tradekit\/\",\"name\":\"Active Tenerife - Tradekit\",\"description\":\"\",\"potentialAction\":[{\"@type\":\"SearchAction\",\"target\":{\"@type\":\"EntryPoint\",\"urlTemplate\":\"https:\/\/www.related.dk\/active-tenerife-tradekit\/?s={search_term_string}\"},\"query-input\":\"required name=search_term_string\"}],\"inLanguage\":\"da-DK\"}]}<\/script>\n<!-- \/ Yoast SEO plugin. -->","yoast_head_json":{"title":"Surfing - Active Tenerife - Tradekit","robots":{"index":"index","follow":"follow","max-snippet":"max-snippet:-1","max-image-preview":"max-image-preview:large","max-video-preview":"max-video-preview:-1"},"canonical":"https:\/\/www.related.dk\/active-tenerife-tradekit\/aktive-oplevelser\/surfing\/","og_locale":"da_DK","og_type":"article","og_title":"Surfing - Active Tenerife - Tradekit","og_description":"SURFINGSurfing &amp; bodyboardingTenerife er popul\u00e6r blandt surfere. Langs kysten finder man et nyt surf-spot hvert tiende minut, og man kan v\u00e6lge mellem forskellige underlag \u2013 fra sand, sten og vulkansk rev til en kombination. B\u00f8lger, der bryder over sand og sten, er ofte bedre til nybegyndere og lidt erfarne surfere. Vulkansk rev er sv\u00e6rere og &hellip; L\u00e6s videre \"Surfing\"","og_url":"https:\/\/www.related.dk\/active-tenerife-tradekit\/aktive-oplevelser\/surfing\/","og_site_name":"Active Tenerife - Tradekit","article_modified_time":"2020-02-10T07:36:22+00:00","twitter_card":"summary_large_image","twitter_misc":{"Estimeret l\u00e6setid":"2 minutter"},"schema":{"@context":"https:\/\/schema.org","@graph":[{"@type":"WebPage","@id":"https:\/\/www.related.dk\/active-tenerife-tradekit\/aktive-oplevelser\/surfing\/","url":"https:\/\/www.related.dk\/active-tenerife-tradekit\/aktive-oplevelser\/surfing\/","name":"Surfing - Active Tenerife - Tradekit","isPartOf":{"@id":"https:\/\/www.related.dk\/active-tenerife-tradekit\/#website"},"datePublished":"2020-02-10T07:30:08+00:00","dateModified":"2020-02-10T07:36:22+00:00","breadcrumb":{"@id":"https:\/\/www.related.dk\/active-tenerife-tradekit\/aktive-oplevelser\/surfing\/#breadcrumb"},"inLanguage":"da-DK","potentialAction":[{"@type":"ReadAction","target":["https:\/\/www.related.dk\/active-tenerife-tradekit\/aktive-oplevelser\/surfing\/"]}]},{"@type":"BreadcrumbList","@id":"https:\/\/www.related.dk\/active-tenerife-tradekit\/aktive-oplevelser\/surfing\/#breadcrumb","itemListElement":[{"@type":"ListItem","position":1,"name":"Home","item":"https:\/\/www.related.dk\/active-tenerife-tradekit\/"},{"@type":"ListItem","position":2,"name":"Aktive oplevelser","item":"https:\/\/www.related.dk\/active-tenerife-tradekit\/aktive-oplevelser\/"},{"@type":"ListItem","position":3,"name":"Surfing"}]},{"@type":"WebSite","@id":"https:\/\/www.related.dk\/active-tenerife-tradekit\/#website","url":"https:\/\/www.related.dk\/active-tenerife-tradekit\/","name":"Active Tenerife - Tradekit","description":"","potentialAction":[{"@type":"SearchAction","target":{"@type":"EntryPoint","urlTemplate":"https:\/\/www.related.dk\/active-tenerife-tradekit\/?s={search_term_string}"},"query-input":"required name=search_term_string"}],"inLanguage":"da-DK"}]}},"_links":{"self":[{"href":"https:\/\/www.related.dk\/active-tenerife-tradekit\/wp-json\/wp\/v2\/pages\/324"}],"collection":[{"href":"https:\/\/www.related.dk\/active-tenerife-tradekit\/wp-json\/wp\/v2\/pages"}],"about":[{"href":"https:\/\/www.related.dk\/active-tenerife-tradekit\/wp-json\/wp\/v2\/types\/page"}],"author":[{"embeddable":true,"href":"https:\/\/www.related.dk\/active-tenerife-tradekit\/wp-json\/wp\/v2\/users\/2"}],"replies":[{"embeddable":true,"href":"https:\/\/www.related.dk\/active-tenerife-tradekit\/wp-json\/wp\/v2\/comments?post=324"}],"version-history":[{"count":4,"href":"https:\/\/www.related.dk\/active-tenerife-tradekit\/wp-json\/wp\/v2\/pages\/324\/revisions"}],"predecessor-version":[{"id":344,"href":"https:\/\/www.related.dk\/active-tenerife-tradekit\/wp-json\/wp\/v2\/pages\/324\/revisions\/344"}],"up":[{"embeddable":true,"href":"https:\/\/www.related.dk\/active-tenerife-tradekit\/wp-json\/wp\/v2\/pages\/224"}],"wp:attachment":[{"href":"https:\/\/www.related.dk\/active-tenerife-tradekit\/wp-json\/wp\/v2\/media?parent=324"}],"curies":[{"name":"wp","href":"https:\/\/api.w.org\/{rel}","templated":true}]}}