{"id":271,"date":"2020-02-07T17:15:24","date_gmt":"2020-02-07T17:15:24","guid":{"rendered":"http:\/\/www.related.dk\/active-tenerife-tradekit\/?page_id=271"},"modified":"2020-02-12T16:04:32","modified_gmt":"2020-02-12T16:04:32","slug":"klatring-og-canyoning","status":"publish","type":"page","link":"https:\/\/www.related.dk\/active-tenerife-tradekit\/aktive-oplevelser\/klatring-og-canyoning\/","title":{"rendered":"Klatring &#038; \u201dcanyoning\u201d"},"content":{"rendered":"<div class=\"vce-row-container\"><div class=\"vce-row vce-row--col-gap-30 vce-row-columns--top vce-row-content--top\" id=\"el-c341dc47\" data-vce-do-apply=\"all el-c341dc47\"><div class=\"vce-row-content\" data-vce-element-content=\"true\"><div class=\"vce-col\" id=\"el-83bb1f04\"><div class=\"vce-col-inner\" data-vce-do-apply=\"border margin background  el-83bb1f04\"><div class=\"vce-col-content\" data-vce-element-content=\"true\" data-vce-do-apply=\"padding el-83bb1f04\"><section class=\"vce-hero-section-container vce-hero-section-media--xs vce-hero-section-media--sm vce-hero-section-media--md vce-hero-section-media--lg\"><div class=\"vce vce-hero-section vce-hero-section--alignment-start\" id=\"el-e925d697\" data-vce-do-apply=\"margin background border  el-e925d697\"><div class=\"vce-hero-section--wrap-row vce-hero-section--background-position-center-center\" style=\"background-image: url('https:\/\/www.related.dk\/active-tenerife-tradekit\/wp-content\/uploads\/2020\/02\/Active-experiences-HEADLINE.jpg');\"><div class=\"vce-hero-section--wrap\"><div class=\"vce-hero-section--content\" data-vce-do-apply=\"padding el-e925d697\"><div class=\"vce-hero-section--content-container\"><h1><strong>KLATRING &amp; \u201dCANYONING\u201d<\/strong><\/h1><\/div><\/div><\/div><\/div><\/div><\/section><\/div><\/div><\/div><\/div><\/div><\/div><div class=\"vce-row-container\"><div class=\"vce-row vce-row--col-gap-30 vce-row-columns--top vce-row-content--top\" id=\"el-dc7f6cf2\" data-vce-do-apply=\"all el-dc7f6cf2\"><div class=\"vce-row-content\" data-vce-element-content=\"true\"><div class=\"vce-col\" id=\"el-bffce895\"><div class=\"vce-col-inner\" data-vce-do-apply=\"border margin background  el-bffce895\"><div class=\"vce-col-content\" data-vce-element-content=\"true\" data-vce-do-apply=\"padding el-bffce895\"><div class=\"vce-text-block\"><div class=\"vce-text-block-wrapper vce\" id=\"el-ac09d331\" data-vce-do-apply=\"all el-ac09d331\"><h2>Klatring<\/h2><p>Med sine mange forskellige vulkanske stenv\u00e6gge er Tenerife ideel for klatre-entusiaster p\u00e5 alle niveauer \u2013 fra nybegynder til ekspert.<\/p><p><strong>Hvor?<\/strong><br>Der er adskillige steder, hvor man kan klatre. Det anbefales at kontakte en lokal virksomhed, der specialiserer sig i omr\u00e5det, for at f\u00e5 r\u00e5dgivning til de bedste steder p\u00e5 det givne tidspunkt.<\/p><p><a href=\"https:\/\/www.webtenerife.co.uk\/what-to-do\/sports\/land\/climbing\/\" target=\"_blank\" rel=\"noopener noreferrer\">L\u00e6s mere om, hvilke virksomheder, der kan hj\u00e6lpe<\/a><\/p><p><strong>Hvorn\u00e5r?<\/strong><br>Man kan klatre \u00e5ret rundt, men nogle omr\u00e5der kan v\u00e6re sp\u00e6rret af, fordi de er ynglesteder for fugle.<\/p><h2>Udforsk grotterne<\/h2><p>Der er ogs\u00e5 mulighed for at udforske en lavagrotte, der blev skabt for mere end 27.000 \u00e5r siden. Tunnelen Cueva del Viento er i alt 17 km lang og er dermed Europas l\u00e6ngste vulkantunnel. En tur i grotten varer omkring to timer.<\/p><p><strong>Hvor?<\/strong><br>P\u00e5 en underjordisk vandretur i Icod de los Vinos viser en guide rundt i grottens labyrinter, der ligger i tre forskellige niveauer.<\/p><p><a href=\"https:\/\/www.webtenerife.co.uk\/what-to-do\/sports\/land\/caving\/?tab=1\" target=\"_blank\" rel=\"noopener noreferrer\">L\u00e6s mere om oplevelsen og hvem, der kan hj\u00e6lpe med at arrangere det<\/a><\/p><h2>Canyoning<\/h2><p>Tenerife har flere kl\u00f8fter, der g\u00f8r \u00f8en ideel til den voksende sport canyoning \u2013 der handler om at udforske en kl\u00f8ft ved fx at rapelle eller rafte ned i den. Kl\u00f8fterne har forskellige dybder og vegetation, s\u00e5 der er muligheder for alle niveauer.<\/p><p><strong>Hvor?<\/strong><br>Det anbefales at kontakte en lokal virksomhed, der specialiserer sig i omr\u00e5det, for at f\u00e5 r\u00e5dgivning til de bedste steder p\u00e5 det givne tidspunkt.<\/p><p><strong>Hvorn\u00e5r?<\/strong><br>Man kan pr\u00f8ve canyoning \u00e5ret rundt, men efter regnvejr vil der v\u00e6re vand i kl\u00f8fterne, hvilket mange synes giver en bedre oplevelse. Den bedste s\u00e6son er derfor i perioden september-juni. Nogle omr\u00e5der er dog afsp\u00e6rret, hvis de er ynglesteder for fugle.<\/p><\/div><\/div><\/div><\/div><\/div><\/div><\/div><\/div><div class=\"vce-row-container\"><div class=\"vce-row vce-row--col-gap-30 vce-row-columns--top vce-row-content--top\" id=\"el-d32162a7\" data-vce-do-apply=\"all el-d32162a7\"><div class=\"vce-row-content\" data-vce-element-content=\"true\"><div class=\"vce-col vce-col--md-auto vce-col--xs-1 vce-col--xs-last vce-col--xs-first vce-col--sm-last vce-col--sm-first vce-col--md-first vce-col--lg-first vce-col--xl-first\" id=\"el-f447c096\"><div class=\"vce-col-inner\" data-vce-do-apply=\"border margin background  el-f447c096\"><div class=\"vce-col-content\" data-vce-element-content=\"true\" data-vce-do-apply=\"padding el-f447c096\"><div class=\"vce-single-image-container vce-single-image--align-left\"><div class=\"vce vce-single-image-wrapper\" id=\"el-6fb29754\" data-vce-do-apply=\"all el-6fb29754\"><figure><div class=\"vce-single-image-inner vce-single-image--absolute\" style=\"padding-bottom: 66.6992%; width: 1024px;\"><img class=\"vce-single-image\" width=\"1024\" height=\"683\"src=\"https:\/\/www.related.dk\/active-tenerife-tradekit\/wp-content\/uploads\/2020\/02\/Active-experiences-Climbing-Caving-Canyoning-3-2-1024x683.jpg\" srcset=\"https:\/\/www.related.dk\/active-tenerife-tradekit\/wp-content\/uploads\/2020\/02\/Active-experiences-Climbing-Caving-Canyoning-3-2-320x213.jpg 320w,https:\/\/www.related.dk\/active-tenerife-tradekit\/wp-content\/uploads\/2020\/02\/Active-experiences-Climbing-Caving-Canyoning-3-2-480x320.jpg 480w,https:\/\/www.related.dk\/active-tenerife-tradekit\/wp-content\/uploads\/2020\/02\/Active-experiences-Climbing-Caving-Canyoning-3-2-800x534.jpg 800w,https:\/\/www.related.dk\/active-tenerife-tradekit\/wp-content\/uploads\/2020\/02\/Active-experiences-Climbing-Caving-Canyoning-3-2-1024x683.jpg 1024w\" data-img-src=\"https:\/\/www.related.dk\/active-tenerife-tradekit\/wp-content\/uploads\/2020\/02\/Active-experiences-Climbing-Caving-Canyoning-3-2.jpg\" alt=\"\" title=\"Active experiences - Climbing, Caving &amp; Canyoning - 3 (2)\"\/><\/div><\/figure><\/div><\/div><\/div><\/div><\/div><div class=\"vce-col vce-col--md-auto vce-col--xs-1 vce-col--xs-last vce-col--xs-first vce-col--sm-last vce-col--sm-first vce-col--md-last vce-col--lg-last vce-col--xl-last\" id=\"el-0af5e98a\"><div class=\"vce-col-inner\" data-vce-do-apply=\"border margin background  el-0af5e98a\"><div class=\"vce-col-content\" data-vce-element-content=\"true\" data-vce-do-apply=\"padding el-0af5e98a\"><div class=\"vce-single-image-container vce-single-image--align-left\"><div class=\"vce vce-single-image-wrapper\" id=\"el-9dba0693\" data-vce-do-apply=\"all el-9dba0693\"><figure><div class=\"vce-single-image-inner vce-single-image--absolute\" style=\"padding-bottom: 66.6992%; width: 1024px;\"><img class=\"vce-single-image\" width=\"1024\" height=\"683\"src=\"https:\/\/www.related.dk\/active-tenerife-tradekit\/wp-content\/uploads\/2020\/02\/Active-experiences-Climbing-Caving-Canyoning-3-1-1024x683.jpg\" srcset=\"https:\/\/www.related.dk\/active-tenerife-tradekit\/wp-content\/uploads\/2020\/02\/Active-experiences-Climbing-Caving-Canyoning-3-1-320x213.jpg 320w,https:\/\/www.related.dk\/active-tenerife-tradekit\/wp-content\/uploads\/2020\/02\/Active-experiences-Climbing-Caving-Canyoning-3-1-480x320.jpg 480w,https:\/\/www.related.dk\/active-tenerife-tradekit\/wp-content\/uploads\/2020\/02\/Active-experiences-Climbing-Caving-Canyoning-3-1-800x534.jpg 800w,https:\/\/www.related.dk\/active-tenerife-tradekit\/wp-content\/uploads\/2020\/02\/Active-experiences-Climbing-Caving-Canyoning-3-1-1024x683.jpg 1024w\" data-img-src=\"https:\/\/www.related.dk\/active-tenerife-tradekit\/wp-content\/uploads\/2020\/02\/Active-experiences-Climbing-Caving-Canyoning-3-1.jpg\" alt=\"\" title=\"Active experiences - Climbing, Caving &amp; Canyoning - 3\"\/><\/div><\/figure><\/div><\/div><\/div><\/div><\/div><\/div><\/div><\/div>\n","protected":false},"excerpt":{"rendered":"<p>KLATRING &amp; \u201dCANYONING\u201dKlatringMed sine mange forskellige vulkanske stenv\u00e6gge er Tenerife ideel for klatre-entusiaster p\u00e5 alle niveauer \u2013 fra nybegynder til ekspert.Hvor?Der er adskillige steder, hvor man kan klatre. Det anbefales at kontakte en lokal virksomhed, der specialiserer sig i omr\u00e5det, for at f\u00e5 r\u00e5dgivning til de bedste steder p\u00e5 det givne tidspunkt.L\u00e6s mere om, hvilke &hellip; <\/p>\n<p class=\"link-more\"><a href=\"https:\/\/www.related.dk\/active-tenerife-tradekit\/aktive-oplevelser\/klatring-og-canyoning\/\" class=\"more-link\">L\u00e6s videre<span class=\"screen-reader-text\"> &#8220;Klatring &#038; \u201dcanyoning\u201d&#8221;<\/span><\/a><\/p>\n","protected":false},"author":2,"featured_media":0,"parent":224,"menu_order":0,"comment_status":"closed","ping_status":"closed","template":"","meta":[],"yoast_head":"<!-- This site is optimized with the Yoast SEO plugin v20.7 - https:\/\/yoast.com\/wordpress\/plugins\/seo\/ -->\n<title>Klatring &amp; \u201dcanyoning\u201d - Active Tenerife - Tradekit<\/title>\n<meta name=\"robots\" content=\"index, follow, max-snippet:-1, max-image-preview:large, max-video-preview:-1\" \/>\n<link rel=\"canonical\" href=\"https:\/\/www.related.dk\/active-tenerife-tradekit\/aktive-oplevelser\/klatring-og-canyoning\/\" \/>\n<meta property=\"og:locale\" content=\"da_DK\" \/>\n<meta property=\"og:type\" content=\"article\" \/>\n<meta property=\"og:title\" content=\"Klatring &amp; \u201dcanyoning\u201d - Active Tenerife - Tradekit\" \/>\n<meta property=\"og:description\" content=\"KLATRING &amp; \u201dCANYONING\u201dKlatringMed sine mange forskellige vulkanske stenv\u00e6gge er Tenerife ideel for klatre-entusiaster p\u00e5 alle niveauer \u2013 fra nybegynder til ekspert.Hvor?Der er adskillige steder, hvor man kan klatre. Det anbefales at kontakte en lokal virksomhed, der specialiserer sig i omr\u00e5det, for at f\u00e5 r\u00e5dgivning til de bedste steder p\u00e5 det givne tidspunkt.L\u00e6s mere om, hvilke &hellip; L\u00e6s videre &quot;Klatring &#038; \u201dcanyoning\u201d&quot;\" \/>\n<meta property=\"og:url\" content=\"https:\/\/www.related.dk\/active-tenerife-tradekit\/aktive-oplevelser\/klatring-og-canyoning\/\" \/>\n<meta property=\"og:site_name\" content=\"Active Tenerife - Tradekit\" \/>\n<meta property=\"article:modified_time\" content=\"2020-02-12T16:04:32+00:00\" \/>\n<meta name=\"twitter:card\" content=\"summary_large_image\" \/>\n<meta name=\"twitter:label1\" content=\"Estimeret l\u00e6setid\" \/>\n\t<meta name=\"twitter:data1\" content=\"1 minut\" \/>\n<script type=\"application\/ld+json\" class=\"yoast-schema-graph\">{\"@context\":\"https:\/\/schema.org\",\"@graph\":[{\"@type\":\"WebPage\",\"@id\":\"https:\/\/www.related.dk\/active-tenerife-tradekit\/aktive-oplevelser\/klatring-og-canyoning\/\",\"url\":\"https:\/\/www.related.dk\/active-tenerife-tradekit\/aktive-oplevelser\/klatring-og-canyoning\/\",\"name\":\"Klatring & \u201dcanyoning\u201d - Active Tenerife - Tradekit\",\"isPartOf\":{\"@id\":\"https:\/\/www.related.dk\/active-tenerife-tradekit\/#website\"},\"datePublished\":\"2020-02-07T17:15:24+00:00\",\"dateModified\":\"2020-02-12T16:04:32+00:00\",\"breadcrumb\":{\"@id\":\"https:\/\/www.related.dk\/active-tenerife-tradekit\/aktive-oplevelser\/klatring-og-canyoning\/#breadcrumb\"},\"inLanguage\":\"da-DK\",\"potentialAction\":[{\"@type\":\"ReadAction\",\"target\":[\"https:\/\/www.related.dk\/active-tenerife-tradekit\/aktive-oplevelser\/klatring-og-canyoning\/\"]}]},{\"@type\":\"BreadcrumbList\",\"@id\":\"https:\/\/www.related.dk\/active-tenerife-tradekit\/aktive-oplevelser\/klatring-og-canyoning\/#breadcrumb\",\"itemListElement\":[{\"@type\":\"ListItem\",\"position\":1,\"name\":\"Home\",\"item\":\"https:\/\/www.related.dk\/active-tenerife-tradekit\/\"},{\"@type\":\"ListItem\",\"position\":2,\"name\":\"Aktive oplevelser\",\"item\":\"https:\/\/www.related.dk\/active-tenerife-tradekit\/aktive-oplevelser\/\"},{\"@type\":\"ListItem\",\"position\":3,\"name\":\"Klatring &#038; \u201dcanyoning\u201d\"}]},{\"@type\":\"WebSite\",\"@id\":\"https:\/\/www.related.dk\/active-tenerife-tradekit\/#website\",\"url\":\"https:\/\/www.related.dk\/active-tenerife-tradekit\/\",\"name\":\"Active Tenerife - Tradekit\",\"description\":\"\",\"potentialAction\":[{\"@type\":\"SearchAction\",\"target\":{\"@type\":\"EntryPoint\",\"urlTemplate\":\"https:\/\/www.related.dk\/active-tenerife-tradekit\/?s={search_term_string}\"},\"query-input\":\"required name=search_term_string\"}],\"inLanguage\":\"da-DK\"}]}<\/script>\n<!-- \/ Yoast SEO plugin. -->","yoast_head_json":{"title":"Klatring & \u201dcanyoning\u201d - Active Tenerife - Tradekit","robots":{"index":"index","follow":"follow","max-snippet":"max-snippet:-1","max-image-preview":"max-image-preview:large","max-video-preview":"max-video-preview:-1"},"canonical":"https:\/\/www.related.dk\/active-tenerife-tradekit\/aktive-oplevelser\/klatring-og-canyoning\/","og_locale":"da_DK","og_type":"article","og_title":"Klatring & \u201dcanyoning\u201d - Active Tenerife - Tradekit","og_description":"KLATRING &amp; \u201dCANYONING\u201dKlatringMed sine mange forskellige vulkanske stenv\u00e6gge er Tenerife ideel for klatre-entusiaster p\u00e5 alle niveauer \u2013 fra nybegynder til ekspert.Hvor?Der er adskillige steder, hvor man kan klatre. Det anbefales at kontakte en lokal virksomhed, der specialiserer sig i omr\u00e5det, for at f\u00e5 r\u00e5dgivning til de bedste steder p\u00e5 det givne tidspunkt.L\u00e6s mere om, hvilke &hellip; L\u00e6s videre \"Klatring &#038; \u201dcanyoning\u201d\"","og_url":"https:\/\/www.related.dk\/active-tenerife-tradekit\/aktive-oplevelser\/klatring-og-canyoning\/","og_site_name":"Active Tenerife - Tradekit","article_modified_time":"2020-02-12T16:04:32+00:00","twitter_card":"summary_large_image","twitter_misc":{"Estimeret l\u00e6setid":"1 minut"},"schema":{"@context":"https:\/\/schema.org","@graph":[{"@type":"WebPage","@id":"https:\/\/www.related.dk\/active-tenerife-tradekit\/aktive-oplevelser\/klatring-og-canyoning\/","url":"https:\/\/www.related.dk\/active-tenerife-tradekit\/aktive-oplevelser\/klatring-og-canyoning\/","name":"Klatring & \u201dcanyoning\u201d - Active Tenerife - Tradekit","isPartOf":{"@id":"https:\/\/www.related.dk\/active-tenerife-tradekit\/#website"},"datePublished":"2020-02-07T17:15:24+00:00","dateModified":"2020-02-12T16:04:32+00:00","breadcrumb":{"@id":"https:\/\/www.related.dk\/active-tenerife-tradekit\/aktive-oplevelser\/klatring-og-canyoning\/#breadcrumb"},"inLanguage":"da-DK","potentialAction":[{"@type":"ReadAction","target":["https:\/\/www.related.dk\/active-tenerife-tradekit\/aktive-oplevelser\/klatring-og-canyoning\/"]}]},{"@type":"BreadcrumbList","@id":"https:\/\/www.related.dk\/active-tenerife-tradekit\/aktive-oplevelser\/klatring-og-canyoning\/#breadcrumb","itemListElement":[{"@type":"ListItem","position":1,"name":"Home","item":"https:\/\/www.related.dk\/active-tenerife-tradekit\/"},{"@type":"ListItem","position":2,"name":"Aktive oplevelser","item":"https:\/\/www.related.dk\/active-tenerife-tradekit\/aktive-oplevelser\/"},{"@type":"ListItem","position":3,"name":"Klatring &#038; \u201dcanyoning\u201d"}]},{"@type":"WebSite","@id":"https:\/\/www.related.dk\/active-tenerife-tradekit\/#website","url":"https:\/\/www.related.dk\/active-tenerife-tradekit\/","name":"Active Tenerife - Tradekit","description":"","potentialAction":[{"@type":"SearchAction","target":{"@type":"EntryPoint","urlTemplate":"https:\/\/www.related.dk\/active-tenerife-tradekit\/?s={search_term_string}"},"query-input":"required name=search_term_string"}],"inLanguage":"da-DK"}]}},"_links":{"self":[{"href":"https:\/\/www.related.dk\/active-tenerife-tradekit\/wp-json\/wp\/v2\/pages\/271"}],"collection":[{"href":"https:\/\/www.related.dk\/active-tenerife-tradekit\/wp-json\/wp\/v2\/pages"}],"about":[{"href":"https:\/\/www.related.dk\/active-tenerife-tradekit\/wp-json\/wp\/v2\/types\/page"}],"author":[{"embeddable":true,"href":"https:\/\/www.related.dk\/active-tenerife-tradekit\/wp-json\/wp\/v2\/users\/2"}],"replies":[{"embeddable":true,"href":"https:\/\/www.related.dk\/active-tenerife-tradekit\/wp-json\/wp\/v2\/comments?post=271"}],"version-history":[{"count":8,"href":"https:\/\/www.related.dk\/active-tenerife-tradekit\/wp-json\/wp\/v2\/pages\/271\/revisions"}],"predecessor-version":[{"id":1108,"href":"https:\/\/www.related.dk\/active-tenerife-tradekit\/wp-json\/wp\/v2\/pages\/271\/revisions\/1108"}],"up":[{"embeddable":true,"href":"https:\/\/www.related.dk\/active-tenerife-tradekit\/wp-json\/wp\/v2\/pages\/224"}],"wp:attachment":[{"href":"https:\/\/www.related.dk\/active-tenerife-tradekit\/wp-json\/wp\/v2\/media?parent=271"}],"curies":[{"name":"wp","href":"https:\/\/api.w.org\/{rel}","templated":true}]}}