{"id":1059,"date":"2020-02-12T12:54:56","date_gmt":"2020-02-12T12:54:56","guid":{"rendered":"http:\/\/www.related.dk\/active-tenerife-tradekit\/?page_id=1059"},"modified":"2020-02-12T12:56:45","modified_gmt":"2020-02-12T12:56:45","slug":"profesjonell-trening","status":"publish","type":"page","link":"https:\/\/www.related.dk\/active-tenerife-tradekit\/aktive-opplevelser\/profesjonell-trening\/","title":{"rendered":"Profesjonell trening"},"content":{"rendered":"<div class=\"vce-row-container\"><div class=\"vce-row vce-row--col-gap-30 vce-row-columns--top vce-row-content--top\" id=\"el-58f0e776\" data-vce-do-apply=\"all el-58f0e776\"><div class=\"vce-row-content\" data-vce-element-content=\"true\"><div class=\"vce-col\" id=\"el-9a4604c0\"><div class=\"vce-col-inner\" data-vce-do-apply=\"border margin background  el-9a4604c0\"><div class=\"vce-col-content\" data-vce-element-content=\"true\" data-vce-do-apply=\"padding el-9a4604c0\"><section class=\"vce-hero-section-container vce-hero-section-media--xs vce-hero-section-media--sm vce-hero-section-media--md vce-hero-section-media--lg\"><div class=\"vce vce-hero-section vce-hero-section--alignment-start\" id=\"el-25613d63\" data-vce-do-apply=\"margin background border  el-25613d63\"><div class=\"vce-hero-section--wrap-row vce-hero-section--background-position-center-center\" style=\"background-image: url('https:\/\/www.related.dk\/active-tenerife-tradekit\/wp-content\/uploads\/2020\/02\/Active-experiences-professional-training-page-2-vs3.jpg');\"><div class=\"vce-hero-section--wrap\"><div class=\"vce-hero-section--content\" data-vce-do-apply=\"padding el-25613d63\"><div class=\"vce-hero-section--content-container\"><h1><strong>PROFESJONELL TRENING<\/strong><\/h1><\/div><\/div><\/div><\/div><\/div><\/section><\/div><\/div><\/div><\/div><\/div><\/div><div class=\"vce-row-container\"><div class=\"vce-row vce-row--col-gap-30 vce-row-columns--top vce-row-content--top\" id=\"el-22b6f494\" data-vce-do-apply=\"all el-22b6f494\"><div class=\"vce-row-content\" data-vce-element-content=\"true\"><div class=\"vce-col\" id=\"el-fb0ee496\"><div class=\"vce-col-inner\" data-vce-do-apply=\"border margin background  el-fb0ee496\"><div class=\"vce-col-content\" data-vce-element-content=\"true\" data-vce-do-apply=\"padding el-fb0ee496\"><div class=\"vce-text-block\"><div class=\"vce-text-block-wrapper vce\" id=\"el-9e2d3453\" data-vce-do-apply=\"all el-9e2d3453\"><p>Takket v\u00e6re en \u00e5rlig gjennomsnittstemperatur p\u00e5 23 grader er Tenerife et fantastisk reisem\u00e5l for profesjonelle idrettsut\u00f8vere \u00e5ret rundt.<\/p><p>\u00d8ya har to spesielle sportssentre:<\/p><p><strong>T3 Tenerife Top Training<\/strong><br>T3 Tenerife Top Training er et sportssenter som ligger i Caleta de Adeje s\u00f8r p\u00e5 Tenerife. Her finner du noen av de mest moderne fasilitetene i Europa. Tenerife Top Training har et team med kvalifiserte fagpersoner i ulike idrettsgrener som gir r\u00e5d til klienter om hvordan de kan n\u00e5 sine m\u00e5l. Senteret har fotballbaner, sv\u00f8mmebassenger, verdens mest hydrodynamiske basseng, tennisbaner, padeltennisbaner, squashbaner, volleyballbaner, treningsstudio, spa og fysioterapi.<\/p><p><a href=\"https:\/\/www.webtenerife.co.uk\/need-know\/tourist-service-companies\/sports-facilities\/sports-centres\/t3+tenerife+top+training.htm\" target=\"_blank\" rel=\"noopener noreferrer\">Les mer her<\/a><\/p><p><strong>Activate Sports Club<\/strong><br>Activate er en av de mest originale sportsklubbene p\u00e5 Tenerife. Her finner du ikke bare utrolige fasiliteter, men ogs\u00e5 et variert utvalg av idretter og en filosofi som g\u00e5r ut p\u00e5 \u00e5 oppmuntre folk til \u00e5 trene mer og f\u00e5 en sunnere livsstil \u2013 samtidig som de har det g\u00f8y. Klubben er ogs\u00e5 et flott sted \u00e5 tilbringe tid med familie og venner p\u00e5. Barna kan for eksempel leke i sanden mens foreldrene koser seg med en sunn matbit, ferskpresset juice eller en kald \u00f8l. Sportsklubbens tilbud omfatter yoga, pilates, et sv\u00f8mmebasseng, padeltennisbane, treningsstudio, fysioterapi og strandvolleyball.<\/p><p><a href=\"https:\/\/www.webtenerife.co.uk\/need-know\/tourist-service-companies\/sports-facilities\/sports-centres\/activate.htm\" target=\"_blank\" rel=\"noopener noreferrer\">Les mer her<\/a><\/p><\/div><\/div><\/div><\/div><\/div><\/div><\/div><\/div><div class=\"vce-row-container\"><div class=\"vce-row vce-row--col-gap-30 vce-row-columns--top vce-row-content--top\" id=\"el-682224c8\" data-vce-do-apply=\"all el-682224c8\"><div class=\"vce-row-content\" data-vce-element-content=\"true\"><div class=\"vce-col vce-col--md-auto vce-col--xs-1 vce-col--xs-last vce-col--xs-first vce-col--sm-last vce-col--sm-first vce-col--md-first vce-col--lg-first vce-col--xl-first\" id=\"el-77834d5f\"><div class=\"vce-col-inner\" data-vce-do-apply=\"border margin background  el-77834d5f\"><div class=\"vce-col-content\" data-vce-element-content=\"true\" data-vce-do-apply=\"padding el-77834d5f\"><div class=\"vce-single-image-container vce-single-image--align-left\"><div class=\"vce vce-single-image-wrapper\" id=\"el-f7ee7b10\" data-vce-do-apply=\"all el-f7ee7b10\"><figure><div class=\"vce-single-image-inner vce-single-image--absolute\" style=\"padding-bottom: 66.6016%; width: 1024px;\"><img class=\"vce-single-image\" width=\"1024\" height=\"682\"src=\"https:\/\/www.related.dk\/active-tenerife-tradekit\/wp-content\/uploads\/2020\/02\/Active-experiences-professional-training-page-1024x682.jpg\" srcset=\"https:\/\/www.related.dk\/active-tenerife-tradekit\/wp-content\/uploads\/2020\/02\/Active-experiences-professional-training-page-320x213.jpg 320w,https:\/\/www.related.dk\/active-tenerife-tradekit\/wp-content\/uploads\/2020\/02\/Active-experiences-professional-training-page-480x320.jpg 480w,https:\/\/www.related.dk\/active-tenerife-tradekit\/wp-content\/uploads\/2020\/02\/Active-experiences-professional-training-page-800x533.jpg 800w,https:\/\/www.related.dk\/active-tenerife-tradekit\/wp-content\/uploads\/2020\/02\/Active-experiences-professional-training-page-1024x682.jpg 1024w\" data-img-src=\"https:\/\/www.related.dk\/active-tenerife-tradekit\/wp-content\/uploads\/2020\/02\/Active-experiences-professional-training-page.jpg\" alt=\"\" title=\"Active experiences - professional training - page\"\/><\/div><\/figure><\/div><\/div><\/div><\/div><\/div><div class=\"vce-col vce-col--md-auto vce-col--xs-1 vce-col--xs-last vce-col--xs-first vce-col--sm-last vce-col--sm-first vce-col--md-last vce-col--lg-last vce-col--xl-last\" id=\"el-dc0d2dce\"><div class=\"vce-col-inner\" data-vce-do-apply=\"border margin background  el-dc0d2dce\"><div class=\"vce-col-content\" data-vce-element-content=\"true\" data-vce-do-apply=\"padding el-dc0d2dce\"><div class=\"vce-single-image-container vce-single-image--align-left\"><div class=\"vce vce-single-image-wrapper\" id=\"el-e4306d74\" data-vce-do-apply=\"all el-e4306d74\"><figure><div class=\"vce-single-image-inner vce-single-image--absolute\" style=\"padding-bottom: 66.8945%; width: 1024px;\"><img class=\"vce-single-image\" width=\"1024\" height=\"685\"src=\"https:\/\/www.related.dk\/active-tenerife-tradekit\/wp-content\/uploads\/2020\/02\/Active-experiences-professional-training-page-2-1024x685.jpg\" srcset=\"https:\/\/www.related.dk\/active-tenerife-tradekit\/wp-content\/uploads\/2020\/02\/Active-experiences-professional-training-page-2-320x214.jpg 320w,https:\/\/www.related.dk\/active-tenerife-tradekit\/wp-content\/uploads\/2020\/02\/Active-experiences-professional-training-page-2-480x321.jpg 480w,https:\/\/www.related.dk\/active-tenerife-tradekit\/wp-content\/uploads\/2020\/02\/Active-experiences-professional-training-page-2-800x535.jpg 800w,https:\/\/www.related.dk\/active-tenerife-tradekit\/wp-content\/uploads\/2020\/02\/Active-experiences-professional-training-page-2-1024x685.jpg 1024w\" data-img-src=\"https:\/\/www.related.dk\/active-tenerife-tradekit\/wp-content\/uploads\/2020\/02\/Active-experiences-professional-training-page-2.jpg\" alt=\"\" title=\"Active experiences - professional training - page 2\"\/><\/div><\/figure><\/div><\/div><\/div><\/div><\/div><\/div><\/div><\/div>\n","protected":false},"excerpt":{"rendered":"<p>PROFESJONELL TRENINGTakket v\u00e6re en \u00e5rlig gjennomsnittstemperatur p\u00e5 23 grader er Tenerife et fantastisk reisem\u00e5l for profesjonelle idrettsut\u00f8vere \u00e5ret rundt.\u00d8ya har to spesielle sportssentre:T3 Tenerife Top TrainingT3 Tenerife Top Training er et sportssenter som ligger i Caleta de Adeje s\u00f8r p\u00e5 Tenerife. Her finner du noen av de mest moderne fasilitetene i Europa. Tenerife Top Training &hellip; <\/p>\n<p class=\"link-more\"><a href=\"https:\/\/www.related.dk\/active-tenerife-tradekit\/aktive-opplevelser\/profesjonell-trening\/\" class=\"more-link\">L\u00e6s videre<span class=\"screen-reader-text\"> &#8220;Profesjonell trening&#8221;<\/span><\/a><\/p>\n","protected":false},"author":2,"featured_media":0,"parent":1018,"menu_order":0,"comment_status":"closed","ping_status":"closed","template":"","meta":[],"yoast_head":"<!-- This site is optimized with the Yoast SEO plugin v20.7 - https:\/\/yoast.com\/wordpress\/plugins\/seo\/ -->\n<title>Profesjonell trening - Active Tenerife - Tradekit<\/title>\n<meta name=\"robots\" content=\"index, follow, max-snippet:-1, max-image-preview:large, max-video-preview:-1\" \/>\n<link rel=\"canonical\" href=\"https:\/\/www.related.dk\/active-tenerife-tradekit\/aktive-opplevelser\/profesjonell-trening\/\" \/>\n<meta property=\"og:locale\" content=\"da_DK\" \/>\n<meta property=\"og:type\" content=\"article\" \/>\n<meta property=\"og:title\" content=\"Profesjonell trening - Active Tenerife - Tradekit\" \/>\n<meta property=\"og:description\" content=\"PROFESJONELL TRENINGTakket v\u00e6re en \u00e5rlig gjennomsnittstemperatur p\u00e5 23 grader er Tenerife et fantastisk reisem\u00e5l for profesjonelle idrettsut\u00f8vere \u00e5ret rundt.\u00d8ya har to spesielle sportssentre:T3 Tenerife Top TrainingT3 Tenerife Top Training er et sportssenter som ligger i Caleta de Adeje s\u00f8r p\u00e5 Tenerife. Her finner du noen av de mest moderne fasilitetene i Europa. Tenerife Top Training &hellip; L\u00e6s videre &quot;Profesjonell trening&quot;\" \/>\n<meta property=\"og:url\" content=\"https:\/\/www.related.dk\/active-tenerife-tradekit\/aktive-opplevelser\/profesjonell-trening\/\" \/>\n<meta property=\"og:site_name\" content=\"Active Tenerife - Tradekit\" \/>\n<meta property=\"article:modified_time\" content=\"2020-02-12T12:56:45+00:00\" \/>\n<meta name=\"twitter:card\" content=\"summary_large_image\" \/>\n<meta name=\"twitter:label1\" content=\"Estimeret l\u00e6setid\" \/>\n\t<meta name=\"twitter:data1\" content=\"1 minut\" \/>\n<script type=\"application\/ld+json\" class=\"yoast-schema-graph\">{\"@context\":\"https:\/\/schema.org\",\"@graph\":[{\"@type\":\"WebPage\",\"@id\":\"https:\/\/www.related.dk\/active-tenerife-tradekit\/aktive-opplevelser\/profesjonell-trening\/\",\"url\":\"https:\/\/www.related.dk\/active-tenerife-tradekit\/aktive-opplevelser\/profesjonell-trening\/\",\"name\":\"Profesjonell trening - Active Tenerife - Tradekit\",\"isPartOf\":{\"@id\":\"https:\/\/www.related.dk\/active-tenerife-tradekit\/#website\"},\"datePublished\":\"2020-02-12T12:54:56+00:00\",\"dateModified\":\"2020-02-12T12:56:45+00:00\",\"breadcrumb\":{\"@id\":\"https:\/\/www.related.dk\/active-tenerife-tradekit\/aktive-opplevelser\/profesjonell-trening\/#breadcrumb\"},\"inLanguage\":\"da-DK\",\"potentialAction\":[{\"@type\":\"ReadAction\",\"target\":[\"https:\/\/www.related.dk\/active-tenerife-tradekit\/aktive-opplevelser\/profesjonell-trening\/\"]}]},{\"@type\":\"BreadcrumbList\",\"@id\":\"https:\/\/www.related.dk\/active-tenerife-tradekit\/aktive-opplevelser\/profesjonell-trening\/#breadcrumb\",\"itemListElement\":[{\"@type\":\"ListItem\",\"position\":1,\"name\":\"Home\",\"item\":\"https:\/\/www.related.dk\/active-tenerife-tradekit\/\"},{\"@type\":\"ListItem\",\"position\":2,\"name\":\"Aktive opplevelser\",\"item\":\"https:\/\/www.related.dk\/active-tenerife-tradekit\/aktive-opplevelser\/\"},{\"@type\":\"ListItem\",\"position\":3,\"name\":\"Profesjonell trening\"}]},{\"@type\":\"WebSite\",\"@id\":\"https:\/\/www.related.dk\/active-tenerife-tradekit\/#website\",\"url\":\"https:\/\/www.related.dk\/active-tenerife-tradekit\/\",\"name\":\"Active Tenerife - Tradekit\",\"description\":\"\",\"potentialAction\":[{\"@type\":\"SearchAction\",\"target\":{\"@type\":\"EntryPoint\",\"urlTemplate\":\"https:\/\/www.related.dk\/active-tenerife-tradekit\/?s={search_term_string}\"},\"query-input\":\"required name=search_term_string\"}],\"inLanguage\":\"da-DK\"}]}<\/script>\n<!-- \/ Yoast SEO plugin. -->","yoast_head_json":{"title":"Profesjonell trening - Active Tenerife - Tradekit","robots":{"index":"index","follow":"follow","max-snippet":"max-snippet:-1","max-image-preview":"max-image-preview:large","max-video-preview":"max-video-preview:-1"},"canonical":"https:\/\/www.related.dk\/active-tenerife-tradekit\/aktive-opplevelser\/profesjonell-trening\/","og_locale":"da_DK","og_type":"article","og_title":"Profesjonell trening - Active Tenerife - Tradekit","og_description":"PROFESJONELL TRENINGTakket v\u00e6re en \u00e5rlig gjennomsnittstemperatur p\u00e5 23 grader er Tenerife et fantastisk reisem\u00e5l for profesjonelle idrettsut\u00f8vere \u00e5ret rundt.\u00d8ya har to spesielle sportssentre:T3 Tenerife Top TrainingT3 Tenerife Top Training er et sportssenter som ligger i Caleta de Adeje s\u00f8r p\u00e5 Tenerife. Her finner du noen av de mest moderne fasilitetene i Europa. Tenerife Top Training &hellip; L\u00e6s videre \"Profesjonell trening\"","og_url":"https:\/\/www.related.dk\/active-tenerife-tradekit\/aktive-opplevelser\/profesjonell-trening\/","og_site_name":"Active Tenerife - Tradekit","article_modified_time":"2020-02-12T12:56:45+00:00","twitter_card":"summary_large_image","twitter_misc":{"Estimeret l\u00e6setid":"1 minut"},"schema":{"@context":"https:\/\/schema.org","@graph":[{"@type":"WebPage","@id":"https:\/\/www.related.dk\/active-tenerife-tradekit\/aktive-opplevelser\/profesjonell-trening\/","url":"https:\/\/www.related.dk\/active-tenerife-tradekit\/aktive-opplevelser\/profesjonell-trening\/","name":"Profesjonell trening - Active Tenerife - Tradekit","isPartOf":{"@id":"https:\/\/www.related.dk\/active-tenerife-tradekit\/#website"},"datePublished":"2020-02-12T12:54:56+00:00","dateModified":"2020-02-12T12:56:45+00:00","breadcrumb":{"@id":"https:\/\/www.related.dk\/active-tenerife-tradekit\/aktive-opplevelser\/profesjonell-trening\/#breadcrumb"},"inLanguage":"da-DK","potentialAction":[{"@type":"ReadAction","target":["https:\/\/www.related.dk\/active-tenerife-tradekit\/aktive-opplevelser\/profesjonell-trening\/"]}]},{"@type":"BreadcrumbList","@id":"https:\/\/www.related.dk\/active-tenerife-tradekit\/aktive-opplevelser\/profesjonell-trening\/#breadcrumb","itemListElement":[{"@type":"ListItem","position":1,"name":"Home","item":"https:\/\/www.related.dk\/active-tenerife-tradekit\/"},{"@type":"ListItem","position":2,"name":"Aktive opplevelser","item":"https:\/\/www.related.dk\/active-tenerife-tradekit\/aktive-opplevelser\/"},{"@type":"ListItem","position":3,"name":"Profesjonell trening"}]},{"@type":"WebSite","@id":"https:\/\/www.related.dk\/active-tenerife-tradekit\/#website","url":"https:\/\/www.related.dk\/active-tenerife-tradekit\/","name":"Active Tenerife - Tradekit","description":"","potentialAction":[{"@type":"SearchAction","target":{"@type":"EntryPoint","urlTemplate":"https:\/\/www.related.dk\/active-tenerife-tradekit\/?s={search_term_string}"},"query-input":"required name=search_term_string"}],"inLanguage":"da-DK"}]}},"_links":{"self":[{"href":"https:\/\/www.related.dk\/active-tenerife-tradekit\/wp-json\/wp\/v2\/pages\/1059"}],"collection":[{"href":"https:\/\/www.related.dk\/active-tenerife-tradekit\/wp-json\/wp\/v2\/pages"}],"about":[{"href":"https:\/\/www.related.dk\/active-tenerife-tradekit\/wp-json\/wp\/v2\/types\/page"}],"author":[{"embeddable":true,"href":"https:\/\/www.related.dk\/active-tenerife-tradekit\/wp-json\/wp\/v2\/users\/2"}],"replies":[{"embeddable":true,"href":"https:\/\/www.related.dk\/active-tenerife-tradekit\/wp-json\/wp\/v2\/comments?post=1059"}],"version-history":[{"count":3,"href":"https:\/\/www.related.dk\/active-tenerife-tradekit\/wp-json\/wp\/v2\/pages\/1059\/revisions"}],"predecessor-version":[{"id":1062,"href":"https:\/\/www.related.dk\/active-tenerife-tradekit\/wp-json\/wp\/v2\/pages\/1059\/revisions\/1062"}],"up":[{"embeddable":true,"href":"https:\/\/www.related.dk\/active-tenerife-tradekit\/wp-json\/wp\/v2\/pages\/1018"}],"wp:attachment":[{"href":"https:\/\/www.related.dk\/active-tenerife-tradekit\/wp-json\/wp\/v2\/media?parent=1059"}],"curies":[{"name":"wp","href":"https:\/\/api.w.org\/{rel}","templated":true}]}}